216.73.216.183 - - [21/Mar/2026:09:40:13 -0400] "GET /goodscode/3657394579 HTTP/1.1" 404 17308 "-" "Mozilla/5.0 AppleWebKit/537.36 (KHTML, like Gecko; compatible; ClaudeBot/1.0; +claudebot@anthropic.com)"
216.73.216.221 - - [21/Mar/2026:09:40:15 -0400] "GET /market/2594397061 HTTP/1.1" 404 17308 "-" "Mozilla/5.0 AppleWebKit/537.36 (KHTML, like Gecko; compatible; ClaudeBot/1.0; +claudebot@anthropic.com)"
216.73.216.183 - - [21/Mar/2026:09:40:16 -0400] "GET /goodscode/2731639165 HTTP/1.1" 404 17308 "-" "Mozilla/5.0 AppleWebKit/537.36 (KHTML, like Gecko; compatible; ClaudeBot/1.0; +claudebot@anthropic.com)"
216.73.216.183 - - [21/Mar/2026:09:40:19 -0400] "GET /goodscode/2604408369 HTTP/1.1" 404 17308 "-" "Mozilla/5.0 AppleWebKit/537.36 (KHTML, like Gecko; compatible; ClaudeBot/1.0; +claudebot@anthropic.com)"
216.73.216.183 - - [21/Mar/2026:09:40:22 -0400] "GET /goodscode/814277701 HTTP/1.1" 404 17305 "-" "Mozilla/5.0 AppleWebKit/537.36 (KHTML, like Gecko; compatible; ClaudeBot/1.0; +claudebot@anthropic.com)"
216.73.216.183 - - [21/Mar/2026:09:40:25 -0400] "GET /goodscode/3997160792 HTTP/1.1" 404 17308 "-" "Mozilla/5.0 AppleWebKit/537.36 (KHTML, like Gecko; compatible; ClaudeBot/1.0; +claudebot@anthropic.com)"
216.73.216.221 - - [21/Mar/2026:09:40:25 -0400] "GET /market/817243821 HTTP/1.1" 404 17305 "-" "Mozilla/5.0 AppleWebKit/537.36 (KHTML, like Gecko; compatible; ClaudeBot/1.0; +claudebot@anthropic.com)"
216.73.216.183 - - [21/Mar/2026:09:40:28 -0400] "GET /goodscode/2809742654 HTTP/1.1" 404 17308 "-" "Mozilla/5.0 AppleWebKit/537.36 (KHTML, like Gecko; compatible; ClaudeBot/1.0; +claudebot@anthropic.com)"
216.73.216.221 - - [21/Mar/2026:09:40:30 -0400] "GET /market/2309882370 HTTP/1.1" 404 17308 "-" "Mozilla/5.0 AppleWebKit/537.36 (KHTML, like Gecko; compatible; ClaudeBot/1.0; +claudebot@anthropic.com)"
216.73.216.183 - - [21/Mar/2026:09:40:31 -0400] "GET /goodscode/1567350883 HTTP/1.1" 404 17308 "-" "Mozilla/5.0 AppleWebKit/537.36 (KHTML, like Gecko; compatible; ClaudeBot/1.0; +claudebot@anthropic.com)"
216.73.216.221 - - [21/Mar/2026:09:40:31 -0400] "GET /market/617701881 HTTP/1.1" 404 17305 "-" "Mozilla/5.0 AppleWebKit/537.36 (KHTML, like Gecko; compatible; ClaudeBot/1.0; +claudebot@anthropic.com)"
216.73.216.183 - - [21/Mar/2026:09:40:34 -0400] "GET /goodscode/1564926701 HTTP/1.1" 404 17308 "-" "Mozilla/5.0 AppleWebKit/537.36 (KHTML, like Gecko; compatible; ClaudeBot/1.0; +claudebot@anthropic.com)"
216.73.216.183 - - [21/Mar/2026:09:40:41 -0400] "GET /goodscode/1813919244 HTTP/1.1" 404 17308 "-" "Mozilla/5.0 AppleWebKit/537.36 (KHTML, like Gecko; compatible; ClaudeBot/1.0; +claudebot@anthropic.com)"
216.73.216.183 - - [21/Mar/2026:09:41:21 -0400] "GET /goodscode/2480318509 HTTP/1.1" 404 17308 "-" "Mozilla/5.0 AppleWebKit/537.36 (KHTML, like Gecko; compatible; ClaudeBot/1.0; +claudebot@anthropic.com)"
216.73.216.221 - - [21/Mar/2026:09:41:22 -0400] "GET /market/3646171188 HTTP/1.1" 404 17308 "-" "Mozilla/5.0 AppleWebKit/537.36 (KHTML, like Gecko; compatible; ClaudeBot/1.0; +claudebot@anthropic.com)"
216.73.216.183 - - [21/Mar/2026:09:41:24 -0400] "GET /goodscode/1347293631 HTTP/1.1" 404 17308 "-" "Mozilla/5.0 AppleWebKit/537.36 (KHTML, like Gecko; compatible; ClaudeBot/1.0; +claudebot@anthropic.com)"
216.73.216.221 - - [21/Mar/2026:09:41:25 -0400] "GET /market/1852104321 HTTP/1.1" 404 17308 "-" "Mozilla/5.0 AppleWebKit/537.36 (KHTML, like Gecko; compatible; ClaudeBot/1.0; +claudebot@anthropic.com)"
216.73.216.183 - - [21/Mar/2026:09:41:27 -0400] "GET /goodscode/2143435434 HTTP/1.1" 404 17308 "-" "Mozilla/5.0 AppleWebKit/537.36 (KHTML, like Gecko; compatible; ClaudeBot/1.0; +claudebot@anthropic.com)"
216.73.216.221 - - [21/Mar/2026:09:41:28 -0400] "GET /market/3162745561 HTTP/1.1" 404 17308 "-" "Mozilla/5.0 AppleWebKit/537.36 (KHTML, like Gecko; compatible; ClaudeBot/1.0; +claudebot@anthropic.com)"
216.73.216.183 - - [21/Mar/2026:09:41:30 -0400] "GET /goodscode/1510142660 HTTP/1.1" 404 17308 "-" "Mozilla/5.0 AppleWebKit/537.36 (KHTML, like Gecko; compatible; ClaudeBot/1.0; +claudebot@anthropic.com)"
216.73.216.183 - - [21/Mar/2026:09:41:33 -0400] "GET /goodscode/2488888920 HTTP/1.1" 404 17308 "-" "Mozilla/5.0 AppleWebKit/537.36 (KHTML, like Gecko; compatible; ClaudeBot/1.0; +claudebot@anthropic.com)"
216.73.216.221 - - [21/Mar/2026:09:41:36 -0400] "GET /market/3592826489 HTTP/1.1" 404 17308 "-" "Mozilla/5.0 AppleWebKit/537.36 (KHTML, like Gecko; compatible; ClaudeBot/1.0; +claudebot@anthropic.com)"
216.73.216.183 - - [21/Mar/2026:09:41:36 -0400] "GET /goodscode/3256526079 HTTP/1.1" 404 17308 "-" "Mozilla/5.0 AppleWebKit/537.36 (KHTML, like Gecko; compatible; ClaudeBot/1.0; +claudebot@anthropic.com)"
216.73.216.221 - - [21/Mar/2026:09:41:39 -0400] "GET /market/3956308185 HTTP/1.1" 404 17308 "-" "Mozilla/5.0 AppleWebKit/537.36 (KHTML, like Gecko; compatible; ClaudeBot/1.0; +claudebot@anthropic.com)"
216.73.216.183 - - [21/Mar/2026:09:41:39 -0400] "GET /goodscode/715931519 HTTP/1.1" 404 17305 "-" "Mozilla/5.0 AppleWebKit/537.36 (KHTML, like Gecko; compatible; ClaudeBot/1.0; +claudebot@anthropic.com)"
216.73.216.221 - - [21/Mar/2026:09:41:42 -0400] "GET /market/439063749 HTTP/1.1" 404 17305 "-" "Mozilla/5.0 AppleWebKit/537.36 (KHTML, like Gecko; compatible; ClaudeBot/1.0; +claudebot@anthropic.com)"
216.73.216.183 - - [21/Mar/2026:09:41:42 -0400] "GET /goodscode/3560605838 HTTP/1.1" 404 17308 "-" "Mozilla/5.0 AppleWebKit/537.36 (KHTML, like Gecko; compatible; ClaudeBot/1.0; +claudebot@anthropic.com)"
216.73.216.221 - - [21/Mar/2026:09:41:45 -0400] "GET /market/1260436341 HTTP/1.1" 404 17308 "-" "Mozilla/5.0 AppleWebKit/537.36 (KHTML, like Gecko; compatible; ClaudeBot/1.0; +claudebot@anthropic.com)"
216.73.216.183 - - [21/Mar/2026:09:41:45 -0400] "GET /goodscode/1227003575 HTTP/1.1" 404 17308 "-" "Mozilla/5.0 AppleWebKit/537.36 (KHTML, like Gecko; compatible; ClaudeBot/1.0; +claudebot@anthropic.com)"
216.73.216.183 - - [21/Mar/2026:09:41:48 -0400] "GET /goodscode/4139114587 HTTP/1.1" 404 17308 "-" "Mozilla/5.0 AppleWebKit/537.36 (KHTML, like Gecko; compatible; ClaudeBot/1.0; +claudebot@anthropic.com)"
216.73.216.183 - - [21/Mar/2026:09:41:51 -0400] "GET /goodscode/3508427814 HTTP/1.1" 404 17308 "-" "Mozilla/5.0 AppleWebKit/537.36 (KHTML, like Gecko; compatible; ClaudeBot/1.0; +claudebot@anthropic.com)"
216.73.216.221 - - [21/Mar/2026:09:41:51 -0400] "GET /market/1364583442 HTTP/1.1" 404 17308 "-" "Mozilla/5.0 AppleWebKit/537.36 (KHTML, like Gecko; compatible; ClaudeBot/1.0; +claudebot@anthropic.com)"
216.73.216.183 - - [21/Mar/2026:09:41:54 -0400] "GET /goodscode/3177509180 HTTP/1.1" 404 17308 "-" "Mozilla/5.0 AppleWebKit/537.36 (KHTML, like Gecko; compatible; ClaudeBot/1.0; +claudebot@anthropic.com)"
216.73.216.221 - - [21/Mar/2026:09:41:54 -0400] "GET /market/3042292014 HTTP/1.1" 404 17308 "-" "Mozilla/5.0 AppleWebKit/537.36 (KHTML, like Gecko; compatible; ClaudeBot/1.0; +claudebot@anthropic.com)"
216.73.216.183 - - [21/Mar/2026:09:41:57 -0400] "GET /goodscode/2487676821 HTTP/1.1" 404 17308 "-" "Mozilla/5.0 AppleWebKit/537.36 (KHTML, like Gecko; compatible; ClaudeBot/1.0; +claudebot@anthropic.com)"
216.73.216.221 - - [21/Mar/2026:09:41:58 -0400] "GET /market/4006062011 HTTP/1.1" 404 17308 "-" "Mozilla/5.0 AppleWebKit/537.36 (KHTML, like Gecko; compatible; ClaudeBot/1.0; +claudebot@anthropic.com)"
114.119.131.189 - - [21/Mar/2026:09:41:59 -0400] "GET /connect-to-the-internet-with-power-flexibility-and-ease HTTP/1.1" 301 - "https://reachconnects.com/tech-tips/page/8" "Mozilla/5.0 (Linux; Android 7.0;) AppleWebKit/537.36 (KHTML, like Gecko) Mobile Safari/537.36 (compatible; PetalBot;+https://webmaster.petalsearch.com/site/petalbot)"
115.45.42.169 - - [21/Mar/2026:09:42:00 -0400] "GET /robots.txt HTTP/1.1" 200 82 "-" "Mozilla/5.0 (Windows NT 10.0; WOW64) AppleWebKit/537.36 (KHTML, like Gecko) Chrome/72.0.3113.150 UBrowser/6.2.3964.2 Safari/537.36"
216.73.216.221 - - [21/Mar/2026:09:42:00 -0400] "GET /market/3376750876 HTTP/1.1" 404 17308 "-" "Mozilla/5.0 AppleWebKit/537.36 (KHTML, like Gecko; compatible; ClaudeBot/1.0; +claudebot@anthropic.com)"
216.73.216.183 - - [21/Mar/2026:09:42:01 -0400] "GET /goodscode/1738025737 HTTP/1.1" 404 17308 "-" "Mozilla/5.0 AppleWebKit/537.36 (KHTML, like Gecko; compatible; ClaudeBot/1.0; +claudebot@anthropic.com)"
216.73.216.183 - - [21/Mar/2026:09:42:03 -0400] "GET /goodscode/1157352414 HTTP/1.1" 404 17308 "-" "Mozilla/5.0 AppleWebKit/537.36 (KHTML, like Gecko; compatible; ClaudeBot/1.0; +claudebot@anthropic.com)"
216.73.216.183 - - [21/Mar/2026:09:42:06 -0400] "GET /goodscode/1512566858 HTTP/1.1" 404 17308 "-" "Mozilla/5.0 AppleWebKit/537.36 (KHTML, like Gecko; compatible; ClaudeBot/1.0; +claudebot@anthropic.com)"
114.119.131.189 - - [21/Mar/2026:09:42:09 -0400] "GET /connect-to-the-internet-with-power-flexibility-and-ease/ HTTP/1.1" 200 22615 "https://reachconnects.com/tech-tips/page/8" "Mozilla/5.0 (Linux; Android 7.0;) AppleWebKit/537.36 (KHTML, like Gecko) Mobile Safari/537.36 (compatible; PetalBot;+https://webmaster.petalsearch.com/site/petalbot)"
216.73.216.183 - - [21/Mar/2026:09:42:09 -0400] "GET /goodscode/1819883638 HTTP/1.1" 404 17308 "-" "Mozilla/5.0 AppleWebKit/537.36 (KHTML, like Gecko; compatible; ClaudeBot/1.0; +claudebot@anthropic.com)"
216.73.216.183 - - [21/Mar/2026:09:42:12 -0400] "GET /goodscode/2437923011 HTTP/1.1" 404 17308 "-" "Mozilla/5.0 AppleWebKit/537.36 (KHTML, like Gecko; compatible; ClaudeBot/1.0; +claudebot@anthropic.com)"
216.73.216.183 - - [21/Mar/2026:09:42:15 -0400] "GET /goodscode/1547226305 HTTP/1.1" 404 17308 "-" "Mozilla/5.0 AppleWebKit/537.36 (KHTML, like Gecko; compatible; ClaudeBot/1.0; +claudebot@anthropic.com)"
216.73.216.183 - - [21/Mar/2026:09:42:22 -0400] "GET /goodscode/2082127473 HTTP/1.1" 404 17308 "-" "Mozilla/5.0 AppleWebKit/537.36 (KHTML, like Gecko; compatible; ClaudeBot/1.0; +claudebot@anthropic.com)"
216.73.216.183 - - [21/Mar/2026:09:42:25 -0400] "GET /goodscode/1641451196 HTTP/1.1" 404 17308 "-" "Mozilla/5.0 AppleWebKit/537.36 (KHTML, like Gecko; compatible; ClaudeBot/1.0; +claudebot@anthropic.com)"
216.73.216.221 - - [21/Mar/2026:09:42:26 -0400] "GET /market/1072356539 HTTP/1.1" 404 17308 "-" "Mozilla/5.0 AppleWebKit/537.36 (KHTML, like Gecko; compatible; ClaudeBot/1.0; +claudebot@anthropic.com)"
216.73.216.221 - - [21/Mar/2026:09:42:28 -0400] "GET /market/3859519428 HTTP/1.1" 404 17308 "-" "Mozilla/5.0 AppleWebKit/537.36 (KHTML, like Gecko; compatible; ClaudeBot/1.0; +claudebot@anthropic.com)"
216.73.216.183 - - [21/Mar/2026:09:42:28 -0400] "GET /goodscode/1692253582 HTTP/1.1" 404 17308 "-" "Mozilla/5.0 AppleWebKit/537.36 (KHTML, like Gecko; compatible; ClaudeBot/1.0; +claudebot@anthropic.com)"
216.73.216.221 - - [21/Mar/2026:09:42:31 -0400] "GET /market/1112518152 HTTP/1.1" 404 17308 "-" "Mozilla/5.0 AppleWebKit/537.36 (KHTML, like Gecko; compatible; ClaudeBot/1.0; +claudebot@anthropic.com)"
216.73.216.183 - - [21/Mar/2026:09:42:31 -0400] "GET /goodscode/2833621660 HTTP/1.1" 404 17308 "-" "Mozilla/5.0 AppleWebKit/537.36 (KHTML, like Gecko; compatible; ClaudeBot/1.0; +claudebot@anthropic.com)"
216.73.216.221 - - [21/Mar/2026:09:42:34 -0400] "GET /market/1557339591 HTTP/1.1" 404 17308 "-" "Mozilla/5.0 AppleWebKit/537.36 (KHTML, like Gecko; compatible; ClaudeBot/1.0; +claudebot@anthropic.com)"
216.73.216.183 - - [21/Mar/2026:09:42:34 -0400] "GET /goodscode/3630256999 HTTP/1.1" 404 17308 "-" "Mozilla/5.0 AppleWebKit/537.36 (KHTML, like Gecko; compatible; ClaudeBot/1.0; +claudebot@anthropic.com)"
216.73.216.183 - - [21/Mar/2026:09:42:37 -0400] "GET /goodscode/1388476998 HTTP/1.1" 404 17308 "-" "Mozilla/5.0 AppleWebKit/537.36 (KHTML, like Gecko; compatible; ClaudeBot/1.0; +claudebot@anthropic.com)"
216.73.216.183 - - [21/Mar/2026:09:42:40 -0400] "GET /goodscode/3380961281 HTTP/1.1" 404 17308 "-" "Mozilla/5.0 AppleWebKit/537.36 (KHTML, like Gecko; compatible; ClaudeBot/1.0; +claudebot@anthropic.com)"
216.73.216.183 - - [21/Mar/2026:09:42:43 -0400] "GET /goodscode/1343916942 HTTP/1.1" 404 17308 "-" "Mozilla/5.0 AppleWebKit/537.36 (KHTML, like Gecko; compatible; ClaudeBot/1.0; +claudebot@anthropic.com)"
216.73.216.183 - - [21/Mar/2026:09:42:46 -0400] "GET /goodscode/1339113954 HTTP/1.1" 404 17308 "-" "Mozilla/5.0 AppleWebKit/537.36 (KHTML, like Gecko; compatible; ClaudeBot/1.0; +claudebot@anthropic.com)"
216.73.216.183 - - [21/Mar/2026:09:42:49 -0400] "GET /goodscode/4119171796 HTTP/1.1" 404 17308 "-" "Mozilla/5.0 AppleWebKit/537.36 (KHTML, like Gecko; compatible; ClaudeBot/1.0; +claudebot@anthropic.com)"
104.210.140.141 - - [21/Mar/2026:09:42:53 -0400] "GET /robots.txt HTTP/1.1" 200 82 "-" "Mozilla/5.0 (Macintosh; Intel Mac OS X 10_15_7) AppleWebKit/537.36 (KHTML, like Gecko) Chrome/131.0.0.0 Safari/537.36; compatible; OAI-SearchBot/1.0; +https://openai.com/searchbot"
216.73.216.183 - - [21/Mar/2026:09:42:52 -0400] "GET /goodscode/1932978873 HTTP/1.1" 404 17308 "-" "Mozilla/5.0 AppleWebKit/537.36 (KHTML, like Gecko; compatible; ClaudeBot/1.0; +claudebot@anthropic.com)"
216.73.216.183 - - [21/Mar/2026:09:42:55 -0400] "GET /goodscode/966621155 HTTP/1.1" 404 17305 "-" "Mozilla/5.0 AppleWebKit/537.36 (KHTML, like Gecko; compatible; ClaudeBot/1.0; +claudebot@anthropic.com)"
216.73.216.183 - - [21/Mar/2026:09:42:58 -0400] "GET /goodscode/1855102611 HTTP/1.1" 404 17308 "-" "Mozilla/5.0 AppleWebKit/537.36 (KHTML, like Gecko; compatible; ClaudeBot/1.0; +claudebot@anthropic.com)"
216.73.216.183 - - [21/Mar/2026:09:43:01 -0400] "GET /goodscode/2726886838 HTTP/1.1" 404 17308 "-" "Mozilla/5.0 AppleWebKit/537.36 (KHTML, like Gecko; compatible; ClaudeBot/1.0; +claudebot@anthropic.com)"
216.73.216.183 - - [21/Mar/2026:09:43:04 -0400] "GET /goodscode/3942722125 HTTP/1.1" 404 17308 "-" "Mozilla/5.0 AppleWebKit/537.36 (KHTML, like Gecko; compatible; ClaudeBot/1.0; +claudebot@anthropic.com)"
66.249.66.194 - - [21/Mar/2026:09:43:08 -0400] "GET /policy/90010.php?bep/m/prom90?id=915722289 HTTP/1.1" 200 385052 "-" "Mozilla/5.0 (Linux; Android 6.0.1; Nexus 5X Build/MMB29P) AppleWebKit/537.36 (KHTML, like Gecko) Chrome/145.0.7632.159 Mobile Safari/537.36 (compatible; GoogleOther)"
216.73.216.221 - - [21/Mar/2026:09:43:21 -0400] "GET /market/1996318759 HTTP/1.1" 404 17308 "-" "Mozilla/5.0 AppleWebKit/537.36 (KHTML, like Gecko; compatible; ClaudeBot/1.0; +claudebot@anthropic.com)"
216.73.216.221 - - [21/Mar/2026:09:43:23 -0400] "GET /market/1612363886 HTTP/1.1" 404 17308 "-" "Mozilla/5.0 AppleWebKit/537.36 (KHTML, like Gecko; compatible; ClaudeBot/1.0; +claudebot@anthropic.com)"
216.73.216.221 - - [21/Mar/2026:09:43:26 -0400] "GET /market/1522680176 HTTP/1.1" 404 17308 "-" "Mozilla/5.0 AppleWebKit/537.36 (KHTML, like Gecko; compatible; ClaudeBot/1.0; +claudebot@anthropic.com)"
216.73.216.221 - - [21/Mar/2026:09:43:29 -0400] "GET /market/981141442 HTTP/1.1" 404 17305 "-" "Mozilla/5.0 AppleWebKit/537.36 (KHTML, like Gecko; compatible; ClaudeBot/1.0; +claudebot@anthropic.com)"
216.73.216.221 - - [21/Mar/2026:09:43:36 -0400] "GET /market/1837009926 HTTP/1.1" 404 17308 "-" "Mozilla/5.0 AppleWebKit/537.36 (KHTML, like Gecko; compatible; ClaudeBot/1.0; +claudebot@anthropic.com)"
216.73.216.221 - - [21/Mar/2026:09:43:39 -0400] "GET /market/1112681691 HTTP/1.1" 404 17308 "-" "Mozilla/5.0 AppleWebKit/537.36 (KHTML, like Gecko; compatible; ClaudeBot/1.0; +claudebot@anthropic.com)"
216.73.216.221 - - [21/Mar/2026:09:43:42 -0400] "GET /market/2243771405 HTTP/1.1" 404 17308 "-" "Mozilla/5.0 AppleWebKit/537.36 (KHTML, like Gecko; compatible; ClaudeBot/1.0; +claudebot@anthropic.com)"
216.73.216.183 - - [21/Mar/2026:09:43:44 -0400] "GET /goodscode/1841220347 HTTP/1.1" 404 17308 "-" "Mozilla/5.0 AppleWebKit/537.36 (KHTML, like Gecko; compatible; ClaudeBot/1.0; +claudebot@anthropic.com)"
216.73.216.183 - - [21/Mar/2026:09:43:47 -0400] "GET /goodscode/1769081252 HTTP/1.1" 404 17308 "-" "Mozilla/5.0 AppleWebKit/537.36 (KHTML, like Gecko; compatible; ClaudeBot/1.0; +claudebot@anthropic.com)"
216.73.216.183 - - [21/Mar/2026:09:43:50 -0400] "GET /goodscode/2440510748 HTTP/1.1" 404 17308 "-" "Mozilla/5.0 AppleWebKit/537.36 (KHTML, like Gecko; compatible; ClaudeBot/1.0; +claudebot@anthropic.com)"
216.73.216.183 - - [21/Mar/2026:09:43:53 -0400] "GET /goodscode/3145273947 HTTP/1.1" 404 17308 "-" "Mozilla/5.0 AppleWebKit/537.36 (KHTML, like Gecko; compatible; ClaudeBot/1.0; +claudebot@anthropic.com)"
216.73.216.183 - - [21/Mar/2026:09:43:56 -0400] "GET /goodscode/2956499421 HTTP/1.1" 404 17308 "-" "Mozilla/5.0 AppleWebKit/537.36 (KHTML, like Gecko; compatible; ClaudeBot/1.0; +claudebot@anthropic.com)"
216.73.216.183 - - [21/Mar/2026:09:44:00 -0400] "GET /goodscode/2032537186 HTTP/1.1" 404 17308 "-" "Mozilla/5.0 AppleWebKit/537.36 (KHTML, like Gecko; compatible; ClaudeBot/1.0; +claudebot@anthropic.com)"
216.73.216.183 - - [21/Mar/2026:09:44:02 -0400] "GET /goodscode/4191247171 HTTP/1.1" 404 17308 "-" "Mozilla/5.0 AppleWebKit/537.36 (KHTML, like Gecko; compatible; ClaudeBot/1.0; +claudebot@anthropic.com)"
114.119.157.50 - - [21/Mar/2026:09:44:05 -0400] "GET /category/mobility-solutions/page/7 HTTP/1.1" 301 - "https://reachconnects.com/category/mobility-solutions/page/6" "Mozilla/5.0 (Linux; Android 7.0;) AppleWebKit/537.36 (KHTML, like Gecko) Mobile Safari/537.36 (compatible; PetalBot;+https://webmaster.petalsearch.com/site/petalbot)"
216.73.216.183 - - [21/Mar/2026:09:44:06 -0400] "GET /goodscode/3832051088 HTTP/1.1" 404 17308 "-" "Mozilla/5.0 AppleWebKit/537.36 (KHTML, like Gecko; compatible; ClaudeBot/1.0; +claudebot@anthropic.com)"
114.119.157.50 - - [21/Mar/2026:09:44:08 -0400] "GET /category/mobility-solutions/page/7/ HTTP/1.1" 200 28700 "https://reachconnects.com/category/mobility-solutions/page/6" "Mozilla/5.0 (Linux; Android 7.0;) AppleWebKit/537.36 (KHTML, like Gecko) Mobile Safari/537.36 (compatible; PetalBot;+https://webmaster.petalsearch.com/site/petalbot)"
216.73.216.221 - - [21/Mar/2026:09:44:45 -0400] "GET /market/2522321686 HTTP/1.1" 404 17308 "-" "Mozilla/5.0 AppleWebKit/537.36 (KHTML, like Gecko; compatible; ClaudeBot/1.0; +claudebot@anthropic.com)"
216.73.216.221 - - [21/Mar/2026:09:44:46 -0400] "GET /market/1030124564 HTTP/1.1" 404 17308 "-" "Mozilla/5.0 AppleWebKit/537.36 (KHTML, like Gecko; compatible; ClaudeBot/1.0; +claudebot@anthropic.com)"
216.73.216.221 - - [21/Mar/2026:09:44:50 -0400] "GET /market/4233250380 HTTP/1.1" 404 17308 "-" "Mozilla/5.0 AppleWebKit/537.36 (KHTML, like Gecko; compatible; ClaudeBot/1.0; +claudebot@anthropic.com)"
216.73.216.221 - - [21/Mar/2026:09:45:00 -0400] "GET /market/1142588811 HTTP/1.1" 404 17308 "-" "Mozilla/5.0 AppleWebKit/537.36 (KHTML, like Gecko; compatible; ClaudeBot/1.0; +claudebot@anthropic.com)"
216.73.216.221 - - [21/Mar/2026:09:45:02 -0400] "GET /market/3169758547 HTTP/1.1" 404 17308 "-" "Mozilla/5.0 AppleWebKit/537.36 (KHTML, like Gecko; compatible; ClaudeBot/1.0; +claudebot@anthropic.com)"
216.73.216.221 - - [21/Mar/2026:09:45:05 -0400] "GET /market/1261648440 HTTP/1.1" 404 17308 "-" "Mozilla/5.0 AppleWebKit/537.36 (KHTML, like Gecko; compatible; ClaudeBot/1.0; +claudebot@anthropic.com)"
66.249.66.4 - - [21/Mar/2026:09:45:17 -0400] "GET /policy/90010.php?bep/m/kqy5?eid=403874756 HTTP/1.1" 200 384701 "-" "Mozilla/5.0 (Linux; Android 6.0.1; Nexus 5X Build/MMB29P) AppleWebKit/537.36 (KHTML, like Gecko) Chrome/145.0.7632.159 Mobile Safari/537.36 (compatible; GoogleOther)"
114.119.131.189 - - [21/Mar/2026:09:45:20 -0400] "GET /category/mobility-solutions/page/6 HTTP/1.1" 301 - "https://reachconnects.com/category/mobility-solutions/page/4" "Mozilla/5.0 (Linux; Android 7.0;) AppleWebKit/537.36 (KHTML, like Gecko) Mobile Safari/537.36 (compatible; PetalBot;+https://webmaster.petalsearch.com/site/petalbot)"
114.119.131.189 - - [21/Mar/2026:09:45:22 -0400] "GET /category/mobility-solutions/page/6/ HTTP/1.1" 200 30536 "https://reachconnects.com/category/mobility-solutions/page/4" "Mozilla/5.0 (Linux; Android 7.0;) AppleWebKit/537.36 (KHTML, like Gecko) Mobile Safari/537.36 (compatible; PetalBot;+https://webmaster.petalsearch.com/site/petalbot)"
216.73.216.221 - - [21/Mar/2026:09:45:30 -0400] "GET /market/957821962 HTTP/1.1" 404 17305 "-" "Mozilla/5.0 AppleWebKit/537.36 (KHTML, like Gecko; compatible; ClaudeBot/1.0; +claudebot@anthropic.com)"
216.73.216.221 - - [21/Mar/2026:09:45:33 -0400] "GET /market/3471160843 HTTP/1.1" 404 17308 "-" "Mozilla/5.0 AppleWebKit/537.36 (KHTML, like Gecko; compatible; ClaudeBot/1.0; +claudebot@anthropic.com)"
216.73.216.221 - - [21/Mar/2026:09:45:37 -0400] "GET /market/1051019830 HTTP/1.1" 404 17308 "-" "Mozilla/5.0 AppleWebKit/537.36 (KHTML, like Gecko; compatible; ClaudeBot/1.0; +claudebot@anthropic.com)"
216.73.216.221 - - [21/Mar/2026:09:46:01 -0400] "GET /market/3611738984 HTTP/1.1" 404 17308 "-" "Mozilla/5.0 AppleWebKit/537.36 (KHTML, like Gecko; compatible; ClaudeBot/1.0; +claudebot@anthropic.com)"
216.73.216.221 - - [21/Mar/2026:09:46:03 -0400] "GET /market/3272440268 HTTP/1.1" 404 17308 "-" "Mozilla/5.0 AppleWebKit/537.36 (KHTML, like Gecko; compatible; ClaudeBot/1.0; +claudebot@anthropic.com)"
216.73.216.221 - - [21/Mar/2026:09:46:06 -0400] "GET /market/3041079915 HTTP/1.1" 404 17308 "-" "Mozilla/5.0 AppleWebKit/537.36 (KHTML, like Gecko; compatible; ClaudeBot/1.0; +claudebot@anthropic.com)"
216.73.216.221 - - [21/Mar/2026:09:46:09 -0400] "GET /market/3814517929 HTTP/1.1" 404 17308 "-" "Mozilla/5.0 AppleWebKit/537.36 (KHTML, like Gecko; compatible; ClaudeBot/1.0; +claudebot@anthropic.com)"
216.73.216.221 - - [21/Mar/2026:09:46:48 -0400] "GET /market/3591614390 HTTP/1.1" 404 17308 "-" "Mozilla/5.0 AppleWebKit/537.36 (KHTML, like Gecko; compatible; ClaudeBot/1.0; +claudebot@anthropic.com)"
216.73.216.221 - - [21/Mar/2026:09:46:50 -0400] "GET /market/3891572842 HTTP/1.1" 404 17308 "-" "Mozilla/5.0 AppleWebKit/537.36 (KHTML, like Gecko; compatible; ClaudeBot/1.0; +claudebot@anthropic.com)"
216.73.216.221 - - [21/Mar/2026:09:46:53 -0400] "GET /market/2780048179 HTTP/1.1" 404 17308 "-" "Mozilla/5.0 AppleWebKit/537.36 (KHTML, like Gecko; compatible; ClaudeBot/1.0; +claudebot@anthropic.com)"
216.73.216.221 - - [21/Mar/2026:09:47:04 -0400] "GET /market/3136311231 HTTP/1.1" 404 17308 "-" "Mozilla/5.0 AppleWebKit/537.36 (KHTML, like Gecko; compatible; ClaudeBot/1.0; +claudebot@anthropic.com)"
66.249.66.66 - - [21/Mar/2026:09:47:09 -0400] "GET /policy/90010.php?tutorial/privacy.html HTTP/1.1" 200 390503 "-" "Mozilla/5.0 (Linux; Android 6.0.1; Nexus 5X Build/MMB29P) AppleWebKit/537.36 (KHTML, like Gecko) Chrome/145.0.7632.159 Mobile Safari/537.36 (compatible; GoogleOther)"
66.249.66.67 - - [21/Mar/2026:09:48:44 -0400] "GET /policy/90010.php?user_guide/webaccessibility HTTP/1.1" 200 396975 "-" "Mozilla/5.0 (Linux; Android 6.0.1; Nexus 5X Build/MMB29P) AppleWebKit/537.36 (KHTML, like Gecko) Chrome/145.0.7632.159 Mobile Safari/537.36 (compatible; GoogleOther)"
43.154.164.8 - - [21/Mar/2026:09:49:11 -0400] "GET /category/mobility-solutions/page/2 HTTP/1.1" 301 - "https://reachconnects.com/category/mobility-solutions/page/2" "Mozilla/5.0 (Macintosh; Intel Mac OS X 10_15_7) AppleWebKit/537.36 (KHTML, like Gecko) Chrome/131.0.0.0 Safari/537.36"
43.154.164.8 - - [21/Mar/2026:09:49:12 -0400] "GET /category/mobility-solutions/page/2/ HTTP/1.1" 200 31271 "https://reachconnects.com/category/mobility-solutions/page/2/" "Mozilla/5.0 (Macintosh; Intel Mac OS X 10_15_7) AppleWebKit/537.36 (KHTML, like Gecko) Chrome/131.0.0.0 Safari/537.36"
216.73.216.183 - - [21/Mar/2026:09:49:35 -0400] "GET /sitemap.xml HTTP/1.1" 200 164076 "-" "Mozilla/5.0 AppleWebKit/537.36 (KHTML, like Gecko; compatible; ClaudeBot/1.0; +claudebot@anthropic.com)"
66.249.66.3 - - [21/Mar/2026:09:50:06 -0400] "GET /goodscode/3492505901 HTTP/1.1" 200 407352 "-" "Mozilla/5.0 (Linux; Android 6.0.1; Nexus 5X Build/MMB29P) AppleWebKit/537.36 (KHTML, like Gecko) Chrome/145.0.7632.159 Mobile Safari/537.36 (compatible; GoogleOther)"
216.73.216.221 - - [21/Mar/2026:09:50:09 -0400] "GET /market/3717261707 HTTP/1.1" 404 17308 "-" "Mozilla/5.0 AppleWebKit/537.36 (KHTML, like Gecko; compatible; ClaudeBot/1.0; +claudebot@anthropic.com)"
216.73.216.221 - - [21/Mar/2026:09:50:33 -0400] "GET /market/3813305830 HTTP/1.1" 404 17308 "-" "Mozilla/5.0 AppleWebKit/537.36 (KHTML, like Gecko; compatible; ClaudeBot/1.0; +claudebot@anthropic.com)"
216.73.216.221 - - [21/Mar/2026:09:50:36 -0400] "GET /market/1637240775 HTTP/1.1" 404 17308 "-" "Mozilla/5.0 AppleWebKit/537.36 (KHTML, like Gecko; compatible; ClaudeBot/1.0; +claudebot@anthropic.com)"
216.73.216.221 - - [21/Mar/2026:09:50:39 -0400] "GET /market/3063187280 HTTP/1.1" 404 17308 "-" "Mozilla/5.0 AppleWebKit/537.36 (KHTML, like Gecko; compatible; ClaudeBot/1.0; +claudebot@anthropic.com)"
45.146.54.182 - - [21/Mar/2026:09:51:02 -0400] "POST /wp-login.php HTTP/1.1" 200 7509 "-" "Mozilla/5.0"
14.239.102.168 - - [21/Mar/2026:09:51:20 -0400] "GET /it-services/ HTTP/1.1" 200 19533 "-" "Mozilla/5.0 (Windows NT 6.2; pap-CW; rv:1.9.1.20) Gecko/3112-10-06 23:02:19.666336 Firefox/3.6.10"
5.135.142.134 - - [21/Mar/2026:09:51:32 -0400] "HEAD /feed/?a264=1774101092 HTTP/1.1" 200 - "-" "FeedPress/1.0 (https://feedpress.com)"
5.135.142.134 - - [21/Mar/2026:09:51:33 -0400] "GET /feed/?a264=1774101092 HTTP/1.1" 200 50057 "-" "FeedPress/1.0 (https://feedpress.com; FeedBurner compatible)"
66.249.66.4 - - [21/Mar/2026:09:52:38 -0400] "GET /user/43085033/plus/?spe_id=mm_official_shop_2 HTTP/1.1" 200 386757 "-" "Mozilla/5.0 (Linux; Android 6.0.1; Nexus 5X Build/MMB29P) AppleWebKit/537.36 (KHTML, like Gecko) Chrome/145.0.7632.159 Mobile Safari/537.36 (compatible; GoogleOther)"
216.73.216.221 - - [21/Mar/2026:09:53:24 -0400] "GET /market/2871643214 HTTP/1.1" 404 17308 "-" "Mozilla/5.0 AppleWebKit/537.36 (KHTML, like Gecko; compatible; ClaudeBot/1.0; +claudebot@anthropic.com)"
216.73.216.221 - - [21/Mar/2026:09:53:27 -0400] "GET /market/741791757 HTTP/1.1" 404 17305 "-" "Mozilla/5.0 AppleWebKit/537.36 (KHTML, like Gecko; compatible; ClaudeBot/1.0; +claudebot@anthropic.com)"
66.249.66.194 - - [21/Mar/2026:09:53:47 -0400] "GET /policy/90010.php?bep/m/prom90?id=915744516 HTTP/1.1" 200 385052 "-" "Mozilla/5.0 (Linux; Android 6.0.1; Nexus 5X Build/MMB29P) AppleWebKit/537.36 (KHTML, like Gecko) Chrome/145.0.7632.159 Mobile Safari/537.36 (compatible; GoogleOther)"
216.73.216.221 - - [21/Mar/2026:09:53:51 -0400] "GET /market/2436300327 HTTP/1.1" 404 17308 "-" "Mozilla/5.0 AppleWebKit/537.36 (KHTML, like Gecko; compatible; ClaudeBot/1.0; +claudebot@anthropic.com)"
66.249.66.66 - - [21/Mar/2026:09:54:47 -0400] "GET /goodscode/3739721892 HTTP/1.1" 200 402272 "-" "Mozilla/5.0 (Linux; Android 6.0.1; Nexus 5X Build/MMB29P) AppleWebKit/537.36 (KHTML, like Gecko) Chrome/145.0.7632.159 Mobile Safari/537.36 (compatible; GoogleOther)"
216.73.216.221 - - [21/Mar/2026:09:55:02 -0400] "GET /market/569160170 HTTP/1.1" 404 17305 "-" "Mozilla/5.0 AppleWebKit/537.36 (KHTML, like Gecko; compatible; ClaudeBot/1.0; +claudebot@anthropic.com)"
216.73.216.221 - - [21/Mar/2026:09:55:15 -0400] "GET /market/2593021455 HTTP/1.1" 404 17308 "-" "Mozilla/5.0 AppleWebKit/537.36 (KHTML, like Gecko; compatible; ClaudeBot/1.0; +claudebot@anthropic.com)"
216.73.216.221 - - [21/Mar/2026:09:55:28 -0400] "GET /market/812491494 HTTP/1.1" 404 17305 "-" "Mozilla/5.0 AppleWebKit/537.36 (KHTML, like Gecko; compatible; ClaudeBot/1.0; +claudebot@anthropic.com)"
69.164.215.177 - - [21/Mar/2026:09:55:37 -0400] "GET / HTTP/1.1" 200 26095 "-" "Mozilla/5.0 (Windows NT 10.0; Win64; x64; rv:145.0) Gecko/20100101 Firefox/145.0"
69.164.215.177 - - [21/Mar/2026:09:55:37 -0400] "GET /amplification HTTP/1.1" 301 - "-" "Mozilla/5.0 (Windows NT 10.0; Win64; x64; rv:145.0) Gecko/20100101 Firefox/145.0"
69.164.215.177 - - [21/Mar/2026:09:55:38 -0400] "GET /amplification/ HTTP/1.1" 200 21185 "-" "Mozilla/5.0 (Windows NT 10.0; Win64; x64; rv:145.0) Gecko/20100101 Firefox/145.0"
45.33.76.66 - - [21/Mar/2026:09:55:43 -0400] "GET / HTTP/1.1" 200 26095 "-" "Mozilla/5.0 (Macintosh; Intel Mac OS X 10_15_7) AppleWebKit/537.36 (KHTML, like Gecko) Chrome/143.0.0.0 Safari/537.36"
45.33.76.66 - - [21/Mar/2026:09:55:43 -0400] "GET /amplification HTTP/1.1" 301 - "-" "Mozilla/5.0 (Macintosh; Intel Mac OS X 10_15_7) AppleWebKit/537.36 (KHTML, like Gecko) Chrome/143.0.0.0 Safari/537.36"
45.33.76.66 - - [21/Mar/2026:09:55:44 -0400] "GET /amplification/ HTTP/1.1" 200 21185 "-" "Mozilla/5.0 (Macintosh; Intel Mac OS X 10_15_7) AppleWebKit/537.36 (KHTML, like Gecko) Chrome/143.0.0.0 Safari/537.36"
23.239.11.118 - - [21/Mar/2026:09:55:49 -0400] "GET / HTTP/1.1" 200 26095 "-" "Mozilla/5.0 (Macintosh; Intel Mac OS X 10_15_7) AppleWebKit/605.1.15 (KHTML, like Gecko) Version/25.0 Safari/605.1.15"
23.239.11.118 - - [21/Mar/2026:09:55:49 -0400] "GET /amplification HTTP/1.1" 301 - "-" "Mozilla/5.0 (Macintosh; Intel Mac OS X 10_15_7) AppleWebKit/605.1.15 (KHTML, like Gecko) Version/25.0 Safari/605.1.15"
23.239.11.118 - - [21/Mar/2026:09:55:50 -0400] "GET /amplification/ HTTP/1.1" 200 21185 "-" "Mozilla/5.0 (Macintosh; Intel Mac OS X 10_15_7) AppleWebKit/605.1.15 (KHTML, like Gecko) Version/25.0 Safari/605.1.15"
114.119.135.35 - - [21/Mar/2026:09:55:59 -0400] "GET /happy-thanksgiving/ HTTP/1.1" 200 20781 "https://reachconnects.com/tech-tips/page/4" "Mozilla/5.0 (Linux; Android 7.0;) AppleWebKit/537.36 (KHTML, like Gecko) Mobile Safari/537.36 (compatible; PetalBot;+https://webmaster.petalsearch.com/site/petalbot)"
216.73.216.221 - - [21/Mar/2026:09:56:07 -0400] "GET /market/1167465700 HTTP/1.1" 404 17308 "-" "Mozilla/5.0 AppleWebKit/537.36 (KHTML, like Gecko; compatible; ClaudeBot/1.0; +claudebot@anthropic.com)"
216.73.216.221 - - [21/Mar/2026:09:56:57 -0400] "GET /market/317398087 HTTP/1.1" 404 17305 "-" "Mozilla/5.0 AppleWebKit/537.36 (KHTML, like Gecko; compatible; ClaudeBot/1.0; +claudebot@anthropic.com)"
66.249.92.169 - - [21/Mar/2026:09:56:57 -0400] "GET /feed/ HTTP/1.1" 200 50041 "-" "FeedFetcher-Google; (+http://www.google.com/feedfetcher.html)"
216.73.216.221 - - [21/Mar/2026:09:56:59 -0400] "GET /market/224427446 HTTP/1.1" 404 17305 "-" "Mozilla/5.0 AppleWebKit/537.36 (KHTML, like Gecko; compatible; ClaudeBot/1.0; +claudebot@anthropic.com)"
216.73.216.221 - - [21/Mar/2026:09:57:04 -0400] "GET /market/2922609107 HTTP/1.1" 404 17308 "-" "Mozilla/5.0 AppleWebKit/537.36 (KHTML, like Gecko; compatible; ClaudeBot/1.0; +claudebot@anthropic.com)"
75.119.148.223 - - [21/Mar/2026:09:58:03 -0400] "GET /wp-admin/css/ HTTP/1.1" 404 17254 "binance.com" "Mozilla/5.0 (Windows NT 10.0; Win64; x64) AppleWebKit/537.36 (KHTML, like Gecko) Chrome/90.0.4430.85 Safari/537.36"
75.119.148.223 - - [21/Mar/2026:09:58:16 -0400] "GET /.well-known/ HTTP/1.1" 404 17254 "binance.com" "Mozilla/5.0 (Windows NT 10.0; Win64; x64) AppleWebKit/537.36 (KHTML, like Gecko) Chrome/90.0.4430.85 Safari/537.36"
75.119.148.223 - - [21/Mar/2026:09:58:31 -0400] "GET /sites/default/files/ HTTP/1.1" 404 17357 "binance.com" "Mozilla/5.0 (Windows NT 10.0; Win64; x64) AppleWebKit/537.36 (KHTML, like Gecko) Chrome/90.0.4430.85 Safari/537.36"
75.119.148.223 - - [21/Mar/2026:09:58:54 -0400] "GET /admin/controller/extension/extension/ HTTP/1.1" 404 17357 "binance.com" "Mozilla/5.0 (Windows NT 10.0; Win64; x64) AppleWebKit/537.36 (KHTML, like Gecko) Chrome/90.0.4430.85 Safari/537.36"
75.119.148.223 - - [21/Mar/2026:09:59:04 -0400] "GET /uploads/ HTTP/1.1" 404 17254 "binance.com" "Mozilla/5.0 (Windows NT 10.0; Win64; x64) AppleWebKit/537.36 (KHTML, like Gecko) Chrome/90.0.4430.85 Safari/537.36"
75.119.148.223 - - [21/Mar/2026:09:59:17 -0400] "GET /images/ HTTP/1.1" 404 17254 "binance.com" "Mozilla/5.0 (Windows NT 10.0; Win64; x64) AppleWebKit/537.36 (KHTML, like Gecko) Chrome/90.0.4430.85 Safari/537.36"
75.119.148.223 - - [21/Mar/2026:09:59:28 -0400] "GET /files/ HTTP/1.1" 404 17254 "binance.com" "Mozilla/5.0 (Windows NT 10.0; Win64; x64) AppleWebKit/537.36 (KHTML, like Gecko) Chrome/90.0.4430.85 Safari/537.36"
66.249.66.3 - - [21/Mar/2026:10:01:39 -0400] "GET /goodscode/2125907602 HTTP/1.1" 200 395001 "-" "Mozilla/5.0 (Linux; Android 6.0.1; Nexus 5X Build/MMB29P) AppleWebKit/537.36 (KHTML, like Gecko) Chrome/145.0.7632.159 Mobile Safari/537.36 (compatible; GoogleOther)"
66.220.149.34 - - [21/Mar/2026:10:02:04 -0400] "GET / HTTP/1.1" 200 26095 "-" "meta-externalagent/1.1 (+https://developers.facebook.com/docs/sharing/webmasters/crawler)"
92.222.104.201 - - [21/Mar/2026:10:02:34 -0400] "GET /category/telecom-management-services/page/10/ HTTP/1.1" 200 25067 "-" "Mozilla/5.0 (compatible; AhrefsBot/7.0; +http://ahrefs.com/robot/)"
66.249.66.168 - - [21/Mar/2026:10:03:37 -0400] "GET /bep/m/kevl10?user=6863034&spe_id=item_shop_review_2 HTTP/1.1" 200 400230 "-" "Mozilla/5.0 (Linux; Android 6.0.1; Nexus 5X Build/MMB29P) AppleWebKit/537.36 (KHTML, like Gecko) Chrome/145.0.7632.159 Mobile Safari/537.36 (compatible; GoogleOther)"
34.143.162.62 - - [21/Mar/2026:10:04:45 -0400] "GET /wp-content/uploads/REACH-signal-amplfication-scaled-1.jpg HTTP/1.1" 200 276432 "-" "Mozilla/5.0 (Macintosh; Intel Mac OS X 10_12_6) AppleWebKit/537.36 (KHTML, like Gecko) Chrome/85.0.4183.16 Safari/537.36"
173.231.245.203 - - [21/Mar/2026:10:07:50 -0400] "POST /wp-cron.php?doing_wp_cron=1774102070.7236030101776123046875 HTTP/1.1" 200 - "-" "WordPress/6.9.4; https://reachconnects.com"
94.23.188.202 - - [21/Mar/2026:10:07:50 -0400] "GET /category/telecom-management-services/page/10/ HTTP/1.1" 200 25067 "-" "Mozilla/5.0 (compatible; AhrefsBot/7.0; +http://ahrefs.com/robot/)"
66.249.66.194 - - [21/Mar/2026:10:10:18 -0400] "GET /terms/index.html HTTP/1.1" 200 369861 "-" "Mozilla/5.0 (Linux; Android 6.0.1; Nexus 5X Build/MMB29P) AppleWebKit/537.36 (KHTML, like Gecko) Chrome/145.0.7632.159 Mobile Safari/537.36 (compatible; GoogleOther)"
173.249.30.252 - - [21/Mar/2026:10:10:35 -0400] "GET /wp-admin/css/ HTTP/1.1" 404 17254 "binance.com" "Mozilla/5.0 (Windows NT 10.0; Win64; x64) AppleWebKit/537.36 (KHTML, like Gecko) Chrome/90.0.4430.85 Safari/537.36"
173.249.30.252 - - [21/Mar/2026:10:10:44 -0400] "GET /.well-known/ HTTP/1.1" 404 17254 "binance.com" "Mozilla/5.0 (Windows NT 10.0; Win64; x64) AppleWebKit/537.36 (KHTML, like Gecko) Chrome/90.0.4430.85 Safari/537.36"
173.249.30.252 - - [21/Mar/2026:10:10:52 -0400] "GET /sites/default/files/ HTTP/1.1" 404 17357 "binance.com" "Mozilla/5.0 (Windows NT 10.0; Win64; x64) AppleWebKit/537.36 (KHTML, like Gecko) Chrome/90.0.4430.85 Safari/537.36"
173.249.30.252 - - [21/Mar/2026:10:11:00 -0400] "GET /admin/controller/extension/extension/ HTTP/1.1" 404 17357 "binance.com" "Mozilla/5.0 (Windows NT 10.0; Win64; x64) AppleWebKit/537.36 (KHTML, like Gecko) Chrome/90.0.4430.85 Safari/537.36"
173.249.30.252 - - [21/Mar/2026:10:11:11 -0400] "GET /uploads/ HTTP/1.1" 404 17254 "binance.com" "Mozilla/5.0 (Windows NT 10.0; Win64; x64) AppleWebKit/537.36 (KHTML, like Gecko) Chrome/90.0.4430.85 Safari/537.36"
173.249.30.252 - - [21/Mar/2026:10:11:14 -0400] "GET /images/ HTTP/1.1" 404 17254 "binance.com" "Mozilla/5.0 (Windows NT 10.0; Win64; x64) AppleWebKit/537.36 (KHTML, like Gecko) Chrome/90.0.4430.85 Safari/537.36"
173.249.30.252 - - [21/Mar/2026:10:11:21 -0400] "GET /files/ HTTP/1.1" 404 17254 "binance.com" "Mozilla/5.0 (Windows NT 10.0; Win64; x64) AppleWebKit/537.36 (KHTML, like Gecko) Chrome/90.0.4430.85 Safari/537.36"
5.135.142.134 - - [21/Mar/2026:10:11:40 -0400] "HEAD /feed/?a71c=1774102300 HTTP/1.1" 304 - "-" "FeedPress/1.0 (https://feedpress.com)"
45.131.194.84 - - [21/Mar/2026:10:15:41 -0400] "POST /wp-login.php HTTP/1.1" 200 7509 "-" "Mozilla/5.0"
93.183.89.12 - - [21/Mar/2026:10:15:52 -0400] "GET /firstnet-extended-primary-are-you-eligible/ HTTP/1.0" 200 24100 "https://reachconnects.com/firstnet-extended-primary-are-you-eligible/" "Mozilla/5.0 (Windows NT 10.0; Win64; x64) AppleWebKit/537.36 (KHTML, like Gecko) Chrome/131.0.0.0 Safari/537.36"
93.183.89.12 - - [21/Mar/2026:10:15:53 -0400] "POST /firstnet-extended-primary-are-you-eligible/ HTTP/1.0" 200 24100 "https://reachconnects.com/firstnet-extended-primary-are-you-eligible/" "Mozilla/5.0 (Windows NT 10.0; Win64; x64) AppleWebKit/537.36 (KHTML, like Gecko) Chrome/131.0.0.0 Safari/537.36"
66.249.66.195 - - [21/Mar/2026:10:17:53 -0400] "GET /policy/90010.php?bep/m/prom90?id=915722288 HTTP/1.1" 200 385052 "-" "Mozilla/5.0 (Linux; Android 6.0.1; Nexus 5X Build/MMB29P) AppleWebKit/537.36 (KHTML, like Gecko) Chrome/145.0.7632.159 Mobile Safari/537.36 (compatible; GoogleOther)"
66.249.66.65 - - [21/Mar/2026:10:17:54 -0400] "GET /policy/90010.php?bep/m/prom90?id=915722291 HTTP/1.1" 200 385052 "-" "Mozilla/5.0 (Linux; Android 6.0.1; Nexus 5X Build/MMB29P) AppleWebKit/537.36 (KHTML, like Gecko) Chrome/145.0.7632.159 Mobile Safari/537.36 (compatible; GoogleOther)"
66.249.66.168 - - [21/Mar/2026:10:17:55 -0400] "GET /policy/90010.php?bep/m/prom90?id=915855097 HTTP/1.1" 200 385052 "-" "Mozilla/5.0 (Linux; Android 6.0.1; Nexus 5X Build/MMB29P) AppleWebKit/537.36 (KHTML, like Gecko) Chrome/145.0.7632.159 Mobile Safari/537.36 (compatible; GoogleOther)"
14.233.155.209 - - [21/Mar/2026:10:19:10 -0400] "GET /ready-to-switch-reach-can-make-it-easy/ HTTP/1.1" 200 22792 "-" "Mozilla/5.0 (Macintosh; U; PPC Mac OS X 10_5_8; rv:1.9.5.20) Gecko/4270-12-10 04:56:21.837677 Firefox/3.8"
94.247.172.129 - - [21/Mar/2026:10:20:53 -0400] "GET / HTTP/1.1" 301 - "-" "Mozilla/5.0 (Macintosh; Intel Mac OS X 10_9_2)"
94.247.172.129 - - [21/Mar/2026:10:20:54 -0400] "GET / HTTP/1.1" 200 26095 "-" "Mozilla/5.0 (Macintosh; Intel Mac OS X 10_9_2)"
66.249.66.2 - - [21/Mar/2026:10:21:27 -0400] "GET /goodscode/2777908051 HTTP/1.1" 200 383392 "-" "Mozilla/5.0 (Linux; Android 6.0.1; Nexus 5X Build/MMB29P) AppleWebKit/537.36 (KHTML, like Gecko) Chrome/145.0.7632.159 Mobile Safari/537.36 (compatible; GoogleOther)"
66.249.92.6 - - [21/Mar/2026:10:23:31 -0400] "GET /feed/ HTTP/1.1" 200 50041 "-" "FeedFetcher-Google; (+http://www.google.com/feedfetcher.html)"
15.204.34.10 - - [21/Mar/2026:10:23:55 -0400] "GET /ss.php?c_c HTTP/1.1" 404 17254 "-" "Mozilla/5.0 (Windows NT 10.0; Win64; x64) AppleWebKit/537.36 (KHTML, like Gecko) Chrome/127.0.0.0 Safari/537.36"
15.204.34.10 - - [21/Mar/2026:10:27:24 -0400] "GET /?check_plugin HTTP/1.1" 301 - "-" "Mozilla/5.0 (Windows NT 10.0; Win64; x64) AppleWebKit/537.36 (KHTML, like Gecko) Chrome/127.0.0.0 Safari/537.36"
15.204.34.10 - - [21/Mar/2026:10:27:25 -0400] "GET /?check_plugin HTTP/1.1" 200 26095 "-" "Mozilla/5.0 (Windows NT 10.0; Win64; x64) AppleWebKit/537.36 (KHTML, like Gecko) Chrome/127.0.0.0 Safari/537.36"
216.73.216.183 - - [21/Mar/2026:10:28:49 -0400] "GET /robots.txt HTTP/1.1" 200 82 "-" "Mozilla/5.0 AppleWebKit/537.36 (KHTML, like Gecko; compatible; ClaudeBot/1.0; +claudebot@anthropic.com)"
216.73.216.183 - - [21/Mar/2026:10:28:49 -0400] "GET /sitemap.xml HTTP/1.1" 200 164078 "-" "Mozilla/5.0 AppleWebKit/537.36 (KHTML, like Gecko; compatible; ClaudeBot/1.0; +claudebot@anthropic.com)"
66.249.66.168 - - [21/Mar/2026:10:28:58 -0400] "GET /policy/90010.php?bep/m/prom90?id=915722293 HTTP/1.1" 200 385052 "-" "Mozilla/5.0 (Linux; Android 6.0.1; Nexus 5X Build/MMB29P) AppleWebKit/537.36 (KHTML, like Gecko) Chrome/145.0.7632.159 Mobile Safari/537.36 (compatible; GoogleOther)"
38.183.44.200 - - [21/Mar/2026:10:29:21 -0400] "GET /xmlrpc.php HTTP/1.1" 405 42 "-" "Mozilla/5.0 (X11; Linux x86_64) AppleWebKit/533.2 (KHTML, like Gecko) Chrome/60.0.882.0 Safari/533.2"
5.135.142.134 - - [21/Mar/2026:10:31:42 -0400] "HEAD /feed/?abce=1774103502 HTTP/1.1" 304 - "-" "FeedPress/1.0 (https://feedpress.com)"
66.249.92.168 - - [21/Mar/2026:10:32:42 -0400] "GET /feed/ HTTP/1.1" 200 50041 "-" "FeedFetcher-Google; (+http://www.google.com/feedfetcher.html)"
51.68.247.194 - - [21/Mar/2026:10:32:54 -0400] "GET /category/telecom-management-services/page/7/ HTTP/1.1" 200 28540 "-" "Mozilla/5.0 (compatible; AhrefsBot/7.0; +http://ahrefs.com/robot/)"
37.59.204.148 - - [21/Mar/2026:10:33:32 -0400] "GET /category/telecom-management-services/page/7/ HTTP/1.1" 200 28540 "-" "Mozilla/5.0 (compatible; AhrefsBot/7.0; +http://ahrefs.com/robot/)"
66.249.66.67 - - [21/Mar/2026:10:34:20 -0400] "GET /policy/90010.php?bep/m/prom90?id=915722292 HTTP/1.1" 200 385052 "-" "Mozilla/5.0 (Linux; Android 6.0.1; Nexus 5X Build/MMB29P) AppleWebKit/537.36 (KHTML, like Gecko) Chrome/145.0.7632.159 Mobile Safari/537.36 (compatible; GoogleOther)"
66.249.66.35 - - [21/Mar/2026:10:34:23 -0400] "GET /goodscode/992441296 HTTP/1.1" 200 392418 "-" "Mozilla/5.0 (Linux; Android 6.0.1; Nexus 5X Build/MMB29P) AppleWebKit/537.36 (KHTML, like Gecko) Chrome/145.0.7632.159 Mobile Safari/537.36 (compatible; GoogleOther)"
66.249.66.67 - - [21/Mar/2026:10:35:18 -0400] "GET /goodscode/4069080341 HTTP/1.1" 200 407913 "-" "Mozilla/5.0 (Linux; Android 6.0.1; Nexus 5X Build/MMB29P) AppleWebKit/537.36 (KHTML, like Gecko) Chrome/145.0.7632.159 Mobile Safari/537.36 (compatible; GoogleOther)"
216.73.216.183 - - [21/Mar/2026:10:38:54 -0400] "GET /goodscode/3886654895 HTTP/1.1" 404 17308 "-" "Mozilla/5.0 AppleWebKit/537.36 (KHTML, like Gecko; compatible; ClaudeBot/1.0; +claudebot@anthropic.com)"
216.73.216.183 - - [21/Mar/2026:10:38:56 -0400] "GET /goodscode/2157373264 HTTP/1.1" 404 17308 "-" "Mozilla/5.0 AppleWebKit/537.36 (KHTML, like Gecko; compatible; ClaudeBot/1.0; +claudebot@anthropic.com)"
216.73.216.183 - - [21/Mar/2026:10:38:59 -0400] "GET /goodscode/3089324832 HTTP/1.1" 404 17308 "-" "Mozilla/5.0 AppleWebKit/537.36 (KHTML, like Gecko; compatible; ClaudeBot/1.0; +claudebot@anthropic.com)"
216.73.216.183 - - [21/Mar/2026:10:39:02 -0400] "GET /goodscode/847544831 HTTP/1.1" 404 17305 "-" "Mozilla/5.0 AppleWebKit/537.36 (KHTML, like Gecko; compatible; ClaudeBot/1.0; +claudebot@anthropic.com)"
216.73.216.183 - - [21/Mar/2026:10:39:05 -0400] "GET /goodscode/3373044996 HTTP/1.1" 404 17308 "-" "Mozilla/5.0 AppleWebKit/537.36 (KHTML, like Gecko; compatible; ClaudeBot/1.0; +claudebot@anthropic.com)"
216.73.216.183 - - [21/Mar/2026:10:39:08 -0400] "GET /goodscode/3132768874 HTTP/1.1" 404 17308 "-" "Mozilla/5.0 AppleWebKit/537.36 (KHTML, like Gecko; compatible; ClaudeBot/1.0; +claudebot@anthropic.com)"
216.73.216.183 - - [21/Mar/2026:10:39:11 -0400] "GET /goodscode/2065804300 HTTP/1.1" 404 17308 "-" "Mozilla/5.0 AppleWebKit/537.36 (KHTML, like Gecko; compatible; ClaudeBot/1.0; +claudebot@anthropic.com)"
216.73.216.183 - - [21/Mar/2026:10:39:14 -0400] "GET /goodscode/3325664707 HTTP/1.1" 404 17308 "-" "Mozilla/5.0 AppleWebKit/537.36 (KHTML, like Gecko; compatible; ClaudeBot/1.0; +claudebot@anthropic.com)"
216.73.216.183 - - [21/Mar/2026:10:39:17 -0400] "GET /goodscode/568994518 HTTP/1.1" 404 17305 "-" "Mozilla/5.0 AppleWebKit/537.36 (KHTML, like Gecko; compatible; ClaudeBot/1.0; +claudebot@anthropic.com)"
216.73.216.183 - - [21/Mar/2026:10:39:22 -0400] "GET /goodscode/4200849479 HTTP/1.1" 404 17308 "-" "Mozilla/5.0 AppleWebKit/537.36 (KHTML, like Gecko; compatible; ClaudeBot/1.0; +claudebot@anthropic.com)"
216.73.216.183 - - [21/Mar/2026:10:39:25 -0400] "GET /goodscode/913869677 HTTP/1.1" 404 17305 "-" "Mozilla/5.0 AppleWebKit/537.36 (KHTML, like Gecko; compatible; ClaudeBot/1.0; +claudebot@anthropic.com)"
216.73.216.183 - - [21/Mar/2026:10:39:28 -0400] "GET /goodscode/4196097184 HTTP/1.1" 404 17308 "-" "Mozilla/5.0 AppleWebKit/537.36 (KHTML, like Gecko; compatible; ClaudeBot/1.0; +claudebot@anthropic.com)"
216.73.216.183 - - [21/Mar/2026:10:39:31 -0400] "GET /goodscode/10385903 HTTP/1.1" 404 17302 "-" "Mozilla/5.0 AppleWebKit/537.36 (KHTML, like Gecko; compatible; ClaudeBot/1.0; +claudebot@anthropic.com)"
216.73.216.183 - - [21/Mar/2026:10:39:34 -0400] "GET /goodscode/3417864676 HTTP/1.1" 404 17308 "-" "Mozilla/5.0 AppleWebKit/537.36 (KHTML, like Gecko; compatible; ClaudeBot/1.0; +claudebot@anthropic.com)"
216.73.216.183 - - [21/Mar/2026:10:39:37 -0400] "GET /goodscode/593646947 HTTP/1.1" 404 17305 "-" "Mozilla/5.0 AppleWebKit/537.36 (KHTML, like Gecko; compatible; ClaudeBot/1.0; +claudebot@anthropic.com)"
216.73.216.183 - - [21/Mar/2026:10:40:36 -0400] "GET /goodscode/1524938722 HTTP/1.1" 404 17308 "-" "Mozilla/5.0 AppleWebKit/537.36 (KHTML, like Gecko; compatible; ClaudeBot/1.0; +claudebot@anthropic.com)"
216.73.216.183 - - [21/Mar/2026:10:40:39 -0400] "GET /goodscode/2263505871 HTTP/1.1" 404 17308 "-" "Mozilla/5.0 AppleWebKit/537.36 (KHTML, like Gecko; compatible; ClaudeBot/1.0; +claudebot@anthropic.com)"
216.73.216.183 - - [21/Mar/2026:10:40:42 -0400] "GET /goodscode/3851393265 HTTP/1.1" 404 17308 "-" "Mozilla/5.0 AppleWebKit/537.36 (KHTML, like Gecko; compatible; ClaudeBot/1.0; +claudebot@anthropic.com)"
216.73.216.183 - - [21/Mar/2026:10:40:45 -0400] "GET /goodscode/63347913 HTTP/1.1" 404 17302 "-" "Mozilla/5.0 AppleWebKit/537.36 (KHTML, like Gecko; compatible; ClaudeBot/1.0; +claudebot@anthropic.com)"
216.73.216.183 - - [21/Mar/2026:10:40:48 -0400] "GET /goodscode/854557801 HTTP/1.1" 404 17305 "-" "Mozilla/5.0 AppleWebKit/537.36 (KHTML, like Gecko; compatible; ClaudeBot/1.0; +claudebot@anthropic.com)"
45.131.194.71 - - [21/Mar/2026:10:40:49 -0400] "POST /wp-login.php HTTP/1.1" 200 7509 "-" "Mozilla/5.0"
216.73.216.183 - - [21/Mar/2026:10:40:51 -0400] "GET /goodscode/572146747 HTTP/1.1" 404 17305 "-" "Mozilla/5.0 AppleWebKit/537.36 (KHTML, like Gecko; compatible; ClaudeBot/1.0; +claudebot@anthropic.com)"
216.73.216.183 - - [21/Mar/2026:10:40:54 -0400] "GET /goodscode/2480748191 HTTP/1.1" 404 17308 "-" "Mozilla/5.0 AppleWebKit/537.36 (KHTML, like Gecko; compatible; ClaudeBot/1.0; +claudebot@anthropic.com)"
216.73.216.183 - - [21/Mar/2026:10:40:57 -0400] "GET /goodscode/2020032129 HTTP/1.1" 404 17308 "-" "Mozilla/5.0 AppleWebKit/537.36 (KHTML, like Gecko; compatible; ClaudeBot/1.0; +claudebot@anthropic.com)"
216.73.216.183 - - [21/Mar/2026:10:41:00 -0400] "GET /goodscode/3973222450 HTTP/1.1" 404 17308 "-" "Mozilla/5.0 AppleWebKit/537.36 (KHTML, like Gecko; compatible; ClaudeBot/1.0; +claudebot@anthropic.com)"
216.73.216.183 - - [21/Mar/2026:10:41:03 -0400] "GET /goodscode/2691048987 HTTP/1.1" 404 17308 "-" "Mozilla/5.0 AppleWebKit/537.36 (KHTML, like Gecko; compatible; ClaudeBot/1.0; +claudebot@anthropic.com)"
216.73.216.183 - - [21/Mar/2026:10:41:07 -0400] "GET /goodscode/2937815738 HTTP/1.1" 404 17308 "-" "Mozilla/5.0 AppleWebKit/537.36 (KHTML, like Gecko; compatible; ClaudeBot/1.0; +claudebot@anthropic.com)"
216.73.216.183 - - [21/Mar/2026:10:41:11 -0400] "GET /goodscode/528901095 HTTP/1.1" 404 17305 "-" "Mozilla/5.0 AppleWebKit/537.36 (KHTML, like Gecko; compatible; ClaudeBot/1.0; +claudebot@anthropic.com)"
216.73.216.183 - - [21/Mar/2026:10:41:13 -0400] "GET /goodscode/2875071202 HTTP/1.1" 404 17308 "-" "Mozilla/5.0 AppleWebKit/537.36 (KHTML, like Gecko; compatible; ClaudeBot/1.0; +claudebot@anthropic.com)"
216.73.216.183 - - [21/Mar/2026:10:41:16 -0400] "GET /goodscode/3967300681 HTTP/1.1" 404 17308 "-" "Mozilla/5.0 AppleWebKit/537.36 (KHTML, like Gecko; compatible; ClaudeBot/1.0; +claudebot@anthropic.com)"
216.73.216.183 - - [21/Mar/2026:10:41:19 -0400] "GET /goodscode/2672292257 HTTP/1.1" 404 17308 "-" "Mozilla/5.0 AppleWebKit/537.36 (KHTML, like Gecko; compatible; ClaudeBot/1.0; +claudebot@anthropic.com)"
216.73.216.183 - - [21/Mar/2026:10:41:22 -0400] "GET /goodscode/585300996 HTTP/1.1" 404 17305 "-" "Mozilla/5.0 AppleWebKit/537.36 (KHTML, like Gecko; compatible; ClaudeBot/1.0; +claudebot@anthropic.com)"
216.73.216.183 - - [21/Mar/2026:10:41:25 -0400] "GET /goodscode/598235735 HTTP/1.1" 404 17305 "-" "Mozilla/5.0 AppleWebKit/537.36 (KHTML, like Gecko; compatible; ClaudeBot/1.0; +claudebot@anthropic.com)"
216.73.216.183 - - [21/Mar/2026:10:41:28 -0400] "GET /goodscode/1679748525 HTTP/1.1" 404 17308 "-" "Mozilla/5.0 AppleWebKit/537.36 (KHTML, like Gecko; compatible; ClaudeBot/1.0; +claudebot@anthropic.com)"
216.73.216.183 - - [21/Mar/2026:10:41:31 -0400] "GET /goodscode/2831627128 HTTP/1.1" 404 17308 "-" "Mozilla/5.0 AppleWebKit/537.36 (KHTML, like Gecko; compatible; ClaudeBot/1.0; +claudebot@anthropic.com)"
216.73.216.183 - - [21/Mar/2026:10:41:34 -0400] "GET /goodscode/1953921164 HTTP/1.1" 404 17308 "-" "Mozilla/5.0 AppleWebKit/537.36 (KHTML, like Gecko; compatible; ClaudeBot/1.0; +claudebot@anthropic.com)"
216.73.216.183 - - [21/Mar/2026:10:41:37 -0400] "GET /goodscode/2796025482 HTTP/1.1" 404 17308 "-" "Mozilla/5.0 AppleWebKit/537.36 (KHTML, like Gecko; compatible; ClaudeBot/1.0; +claudebot@anthropic.com)"
216.73.216.183 - - [21/Mar/2026:10:41:41 -0400] "GET /goodscode/3326834149 HTTP/1.1" 404 17308 "-" "Mozilla/5.0 AppleWebKit/537.36 (KHTML, like Gecko; compatible; ClaudeBot/1.0; +claudebot@anthropic.com)"
216.73.216.183 - - [21/Mar/2026:10:41:43 -0400] "GET /goodscode/2603789459 HTTP/1.1" 404 17308 "-" "Mozilla/5.0 AppleWebKit/537.36 (KHTML, like Gecko; compatible; ClaudeBot/1.0; +claudebot@anthropic.com)"
216.73.216.183 - - [21/Mar/2026:10:41:46 -0400] "GET /goodscode/3960124188 HTTP/1.1" 404 17308 "-" "Mozilla/5.0 AppleWebKit/537.36 (KHTML, like Gecko; compatible; ClaudeBot/1.0; +claudebot@anthropic.com)"
216.73.216.183 - - [21/Mar/2026:10:41:49 -0400] "GET /goodscode/2043533396 HTTP/1.1" 404 17308 "-" "Mozilla/5.0 AppleWebKit/537.36 (KHTML, like Gecko; compatible; ClaudeBot/1.0; +claudebot@anthropic.com)"
216.73.216.183 - - [21/Mar/2026:10:41:52 -0400] "GET /goodscode/2108646159 HTTP/1.1" 404 17308 "-" "Mozilla/5.0 AppleWebKit/537.36 (KHTML, like Gecko; compatible; ClaudeBot/1.0; +claudebot@anthropic.com)"
216.73.216.183 - - [21/Mar/2026:10:41:55 -0400] "GET /goodscode/292960496 HTTP/1.1" 404 17305 "-" "Mozilla/5.0 AppleWebKit/537.36 (KHTML, like Gecko; compatible; ClaudeBot/1.0; +claudebot@anthropic.com)"
216.73.216.183 - - [21/Mar/2026:10:41:58 -0400] "GET /goodscode/1947956754 HTTP/1.1" 404 17308 "-" "Mozilla/5.0 AppleWebKit/537.36 (KHTML, like Gecko; compatible; ClaudeBot/1.0; +claudebot@anthropic.com)"
216.73.216.183 - - [21/Mar/2026:10:42:01 -0400] "GET /goodscode/16350297 HTTP/1.1" 404 17302 "-" "Mozilla/5.0 AppleWebKit/537.36 (KHTML, like Gecko; compatible; ClaudeBot/1.0; +claudebot@anthropic.com)"
