216.73.216.183 - - [21/Mar/2026:10:42:04 -0400] "GET /goodscode/1482543224 HTTP/1.1" 404 17308 "-" "Mozilla/5.0 AppleWebKit/537.36 (KHTML, like Gecko; compatible; ClaudeBot/1.0; +claudebot@anthropic.com)"
216.73.216.183 - - [21/Mar/2026:10:42:07 -0400] "GET /goodscode/281018314 HTTP/1.1" 404 17305 "-" "Mozilla/5.0 AppleWebKit/537.36 (KHTML, like Gecko; compatible; ClaudeBot/1.0; +claudebot@anthropic.com)"
216.73.216.183 - - [21/Mar/2026:10:42:10 -0400] "GET /goodscode/3362478452 HTTP/1.1" 404 17308 "-" "Mozilla/5.0 AppleWebKit/537.36 (KHTML, like Gecko; compatible; ClaudeBot/1.0; +claudebot@anthropic.com)"
216.73.216.183 - - [21/Mar/2026:10:42:13 -0400] "GET /goodscode/1140865702 HTTP/1.1" 404 17308 "-" "Mozilla/5.0 AppleWebKit/537.36 (KHTML, like Gecko; compatible; ClaudeBot/1.0; +claudebot@anthropic.com)"
216.73.216.183 - - [21/Mar/2026:10:42:16 -0400] "GET /goodscode/343762882 HTTP/1.1" 404 17305 "-" "Mozilla/5.0 AppleWebKit/537.36 (KHTML, like Gecko; compatible; ClaudeBot/1.0; +claudebot@anthropic.com)"
216.73.216.183 - - [21/Mar/2026:10:42:19 -0400] "GET /goodscode/2235476753 HTTP/1.1" 404 17308 "-" "Mozilla/5.0 AppleWebKit/537.36 (KHTML, like Gecko; compatible; ClaudeBot/1.0; +claudebot@anthropic.com)"
216.73.216.183 - - [21/Mar/2026:10:42:22 -0400] "GET /goodscode/2004499074 HTTP/1.1" 404 17308 "-" "Mozilla/5.0 AppleWebKit/537.36 (KHTML, like Gecko; compatible; ClaudeBot/1.0; +claudebot@anthropic.com)"
216.73.216.183 - - [21/Mar/2026:10:42:27 -0400] "GET /goodscode/2173848199 HTTP/1.1" 404 17308 "-" "Mozilla/5.0 AppleWebKit/537.36 (KHTML, like Gecko; compatible; ClaudeBot/1.0; +claudebot@anthropic.com)"
216.73.216.183 - - [21/Mar/2026:10:42:30 -0400] "GET /goodscode/3465030781 HTTP/1.1" 404 17308 "-" "Mozilla/5.0 AppleWebKit/537.36 (KHTML, like Gecko; compatible; ClaudeBot/1.0; +claudebot@anthropic.com)"
216.73.216.183 - - [21/Mar/2026:10:42:33 -0400] "GET /goodscode/1832255502 HTTP/1.1" 404 17308 "-" "Mozilla/5.0 AppleWebKit/537.36 (KHTML, like Gecko; compatible; ClaudeBot/1.0; +claudebot@anthropic.com)"
216.73.216.183 - - [21/Mar/2026:10:42:36 -0400] "GET /goodscode/882204246 HTTP/1.1" 404 17305 "-" "Mozilla/5.0 AppleWebKit/537.36 (KHTML, like Gecko; compatible; ClaudeBot/1.0; +claudebot@anthropic.com)"
216.73.216.183 - - [21/Mar/2026:10:42:39 -0400] "GET /goodscode/2247362900 HTTP/1.1" 404 17308 "-" "Mozilla/5.0 AppleWebKit/537.36 (KHTML, like Gecko; compatible; ClaudeBot/1.0; +claudebot@anthropic.com)"
216.73.216.183 - - [21/Mar/2026:10:42:42 -0400] "GET /goodscode/3987425291 HTTP/1.1" 404 17308 "-" "Mozilla/5.0 AppleWebKit/537.36 (KHTML, like Gecko; compatible; ClaudeBot/1.0; +claudebot@anthropic.com)"
216.73.216.183 - - [21/Mar/2026:10:42:45 -0400] "GET /goodscode/1362253200 HTTP/1.1" 404 17308 "-" "Mozilla/5.0 AppleWebKit/537.36 (KHTML, like Gecko; compatible; ClaudeBot/1.0; +claudebot@anthropic.com)"
216.73.216.183 - - [21/Mar/2026:10:42:48 -0400] "GET /goodscode/1811742909 HTTP/1.1" 404 17308 "-" "Mozilla/5.0 AppleWebKit/537.36 (KHTML, like Gecko; compatible; ClaudeBot/1.0; +claudebot@anthropic.com)"
216.73.216.183 - - [21/Mar/2026:10:42:51 -0400] "GET /goodscode/826649565 HTTP/1.1" 404 17305 "-" "Mozilla/5.0 AppleWebKit/537.36 (KHTML, like Gecko; compatible; ClaudeBot/1.0; +claudebot@anthropic.com)"
216.73.216.183 - - [21/Mar/2026:10:42:54 -0400] "GET /goodscode/516958945 HTTP/1.1" 404 17305 "-" "Mozilla/5.0 AppleWebKit/537.36 (KHTML, like Gecko; compatible; ClaudeBot/1.0; +claudebot@anthropic.com)"
15.204.34.10 - - [21/Mar/2026:10:42:55 -0400] "GET /ss.php?c_c HTTP/1.1" 404 17254 "-" "Mozilla/5.0 (Windows NT 10.0; Win64; x64) AppleWebKit/537.36 (KHTML, like Gecko) Chrome/127.0.0.0 Safari/537.36"
216.73.216.183 - - [21/Mar/2026:10:42:57 -0400] "GET /goodscode/1796220449 HTTP/1.1" 404 17308 "-" "Mozilla/5.0 AppleWebKit/537.36 (KHTML, like Gecko; compatible; ClaudeBot/1.0; +claudebot@anthropic.com)"
216.73.216.183 - - [21/Mar/2026:10:43:00 -0400] "GET /goodscode/278594116 HTTP/1.1" 404 17305 "-" "Mozilla/5.0 AppleWebKit/537.36 (KHTML, like Gecko; compatible; ClaudeBot/1.0; +claudebot@anthropic.com)"
216.73.216.183 - - [21/Mar/2026:10:43:04 -0400] "GET /goodscode/779269276 HTTP/1.1" 404 17305 "-" "Mozilla/5.0 AppleWebKit/537.36 (KHTML, like Gecko; compatible; ClaudeBot/1.0; +claudebot@anthropic.com)"
216.73.216.183 - - [21/Mar/2026:10:43:07 -0400] "GET /goodscode/903540955 HTTP/1.1" 404 17305 "-" "Mozilla/5.0 AppleWebKit/537.36 (KHTML, like Gecko; compatible; ClaudeBot/1.0; +claudebot@anthropic.com)"
216.73.216.183 - - [21/Mar/2026:10:43:10 -0400] "GET /goodscode/1990188697 HTTP/1.1" 404 17308 "-" "Mozilla/5.0 AppleWebKit/537.36 (KHTML, like Gecko; compatible; ClaudeBot/1.0; +claudebot@anthropic.com)"
216.73.216.183 - - [21/Mar/2026:10:43:13 -0400] "GET /goodscode/419214946 HTTP/1.1" 404 17305 "-" "Mozilla/5.0 AppleWebKit/537.36 (KHTML, like Gecko; compatible; ClaudeBot/1.0; +claudebot@anthropic.com)"
216.73.216.183 - - [21/Mar/2026:10:43:16 -0400] "GET /goodscode/56940491 HTTP/1.1" 404 17302 "-" "Mozilla/5.0 AppleWebKit/537.36 (KHTML, like Gecko; compatible; ClaudeBot/1.0; +claudebot@anthropic.com)"
216.73.216.183 - - [21/Mar/2026:10:43:38 -0400] "GET /goodscode/3268897911 HTTP/1.1" 404 17308 "-" "Mozilla/5.0 AppleWebKit/537.36 (KHTML, like Gecko; compatible; ClaudeBot/1.0; +claudebot@anthropic.com)"
216.73.216.183 - - [21/Mar/2026:10:43:41 -0400] "GET /goodscode/1961055000 HTTP/1.1" 404 17308 "-" "Mozilla/5.0 AppleWebKit/537.36 (KHTML, like Gecko; compatible; ClaudeBot/1.0; +claudebot@anthropic.com)"
66.249.66.196 - - [21/Mar/2026:10:43:41 -0400] "GET /orders?spe_id=header_buyhistitem HTTP/1.1" 200 409438 "-" "Mozilla/5.0 (Linux; Android 6.0.1; Nexus 5X Build/MMB29P) AppleWebKit/537.36 (KHTML, like Gecko) Chrome/145.0.7632.159 Mobile Safari/537.36 (compatible; GoogleOther)"
216.73.216.183 - - [21/Mar/2026:10:43:44 -0400] "GET /goodscode/3902131947 HTTP/1.1" 404 17308 "-" "Mozilla/5.0 AppleWebKit/537.36 (KHTML, like Gecko; compatible; ClaudeBot/1.0; +claudebot@anthropic.com)"
216.73.216.183 - - [21/Mar/2026:10:43:47 -0400] "GET /goodscode/4113843264 HTTP/1.1" 404 17308 "-" "Mozilla/5.0 AppleWebKit/537.36 (KHTML, like Gecko; compatible; ClaudeBot/1.0; +claudebot@anthropic.com)"
216.73.216.183 - - [21/Mar/2026:10:43:50 -0400] "GET /goodscode/1685712919 HTTP/1.1" 404 17308 "-" "Mozilla/5.0 AppleWebKit/537.36 (KHTML, like Gecko; compatible; ClaudeBot/1.0; +claudebot@anthropic.com)"
216.73.216.183 - - [21/Mar/2026:10:43:53 -0400] "GET /goodscode/1349098919 HTTP/1.1" 404 17308 "-" "Mozilla/5.0 AppleWebKit/537.36 (KHTML, like Gecko; compatible; ClaudeBot/1.0; +claudebot@anthropic.com)"
216.73.216.183 - - [21/Mar/2026:10:43:56 -0400] "GET /goodscode/3966088582 HTTP/1.1" 404 17308 "-" "Mozilla/5.0 AppleWebKit/537.36 (KHTML, like Gecko; compatible; ClaudeBot/1.0; +claudebot@anthropic.com)"
216.73.216.183 - - [21/Mar/2026:10:44:00 -0400] "GET /goodscode/1037092780 HTTP/1.1" 404 17308 "-" "Mozilla/5.0 AppleWebKit/537.36 (KHTML, like Gecko; compatible; ClaudeBot/1.0; +claudebot@anthropic.com)"
216.73.216.183 - - [21/Mar/2026:10:44:02 -0400] "GET /goodscode/395456790 HTTP/1.1" 404 17305 "-" "Mozilla/5.0 AppleWebKit/537.36 (KHTML, like Gecko; compatible; ClaudeBot/1.0; +claudebot@anthropic.com)"
216.73.216.183 - - [21/Mar/2026:10:44:05 -0400] "GET /goodscode/4008320557 HTTP/1.1" 404 17308 "-" "Mozilla/5.0 AppleWebKit/537.36 (KHTML, like Gecko; compatible; ClaudeBot/1.0; +claudebot@anthropic.com)"
216.73.216.183 - - [21/Mar/2026:10:44:08 -0400] "GET /goodscode/3810975588 HTTP/1.1" 404 17308 "-" "Mozilla/5.0 AppleWebKit/537.36 (KHTML, like Gecko; compatible; ClaudeBot/1.0; +claudebot@anthropic.com)"
216.73.216.183 - - [21/Mar/2026:10:44:11 -0400] "GET /goodscode/539528825 HTTP/1.1" 404 17305 "-" "Mozilla/5.0 AppleWebKit/537.36 (KHTML, like Gecko; compatible; ClaudeBot/1.0; +claudebot@anthropic.com)"
216.73.216.183 - - [21/Mar/2026:10:44:14 -0400] "GET /goodscode/3404710427 HTTP/1.1" 404 17308 "-" "Mozilla/5.0 AppleWebKit/537.36 (KHTML, like Gecko; compatible; ClaudeBot/1.0; +claudebot@anthropic.com)"
216.73.216.183 - - [21/Mar/2026:10:44:17 -0400] "GET /goodscode/801558460 HTTP/1.1" 404 17305 "-" "Mozilla/5.0 AppleWebKit/537.36 (KHTML, like Gecko; compatible; ClaudeBot/1.0; +claudebot@anthropic.com)"
216.73.216.183 - - [21/Mar/2026:10:44:20 -0400] "GET /goodscode/2473777846 HTTP/1.1" 404 17308 "-" "Mozilla/5.0 AppleWebKit/537.36 (KHTML, like Gecko; compatible; ClaudeBot/1.0; +claudebot@anthropic.com)"
216.73.216.183 - - [21/Mar/2026:10:44:23 -0400] "GET /goodscode/2106221945 HTTP/1.1" 404 17308 "-" "Mozilla/5.0 AppleWebKit/537.36 (KHTML, like Gecko; compatible; ClaudeBot/1.0; +claudebot@anthropic.com)"
216.73.216.183 - - [21/Mar/2026:10:44:26 -0400] "GET /goodscode/3467454963 HTTP/1.1" 404 17308 "-" "Mozilla/5.0 AppleWebKit/537.36 (KHTML, like Gecko; compatible; ClaudeBot/1.0; +claudebot@anthropic.com)"
216.73.216.183 - - [21/Mar/2026:10:44:30 -0400] "GET /goodscode/3403498312 HTTP/1.1" 404 17308 "-" "Mozilla/5.0 AppleWebKit/537.36 (KHTML, like Gecko; compatible; ClaudeBot/1.0; +claudebot@anthropic.com)"
216.73.216.183 - - [21/Mar/2026:10:44:32 -0400] "GET /goodscode/3867699743 HTTP/1.1" 404 17308 "-" "Mozilla/5.0 AppleWebKit/537.36 (KHTML, like Gecko; compatible; ClaudeBot/1.0; +claudebot@anthropic.com)"
216.73.216.183 - - [21/Mar/2026:10:44:35 -0400] "GET /goodscode/2909730617 HTTP/1.1" 404 17308 "-" "Mozilla/5.0 AppleWebKit/537.36 (KHTML, like Gecko; compatible; ClaudeBot/1.0; +claudebot@anthropic.com)"
216.73.216.183 - - [21/Mar/2026:10:44:42 -0400] "GET /goodscode/1040300980 HTTP/1.1" 404 17308 "-" "Mozilla/5.0 AppleWebKit/537.36 (KHTML, like Gecko; compatible; ClaudeBot/1.0; +claudebot@anthropic.com)"
216.73.216.183 - - [21/Mar/2026:10:44:45 -0400] "GET /goodscode/207894379 HTTP/1.1" 404 17305 "-" "Mozilla/5.0 AppleWebKit/537.36 (KHTML, like Gecko; compatible; ClaudeBot/1.0; +claudebot@anthropic.com)"
216.73.216.183 - - [21/Mar/2026:10:44:48 -0400] "GET /goodscode/3657559703 HTTP/1.1" 404 17308 "-" "Mozilla/5.0 AppleWebKit/537.36 (KHTML, like Gecko; compatible; ClaudeBot/1.0; +claudebot@anthropic.com)"
216.73.216.183 - - [21/Mar/2026:10:44:51 -0400] "GET /goodscode/4066029568 HTTP/1.1" 404 17308 "-" "Mozilla/5.0 AppleWebKit/537.36 (KHTML, like Gecko; compatible; ClaudeBot/1.0; +claudebot@anthropic.com)"
216.73.216.183 - - [21/Mar/2026:10:44:54 -0400] "GET /goodscode/667950616 HTTP/1.1" 404 17305 "-" "Mozilla/5.0 AppleWebKit/537.36 (KHTML, like Gecko; compatible; ClaudeBot/1.0; +claudebot@anthropic.com)"
216.73.216.183 - - [21/Mar/2026:10:44:57 -0400] "GET /goodscode/2667582603 HTTP/1.1" 404 17308 "-" "Mozilla/5.0 AppleWebKit/537.36 (KHTML, like Gecko; compatible; ClaudeBot/1.0; +claudebot@anthropic.com)"
216.73.216.183 - - [21/Mar/2026:10:45:00 -0400] "GET /goodscode/2388711745 HTTP/1.1" 404 17308 "-" "Mozilla/5.0 AppleWebKit/537.36 (KHTML, like Gecko; compatible; ClaudeBot/1.0; +claudebot@anthropic.com)"
34.194.165.45 - - [21/Mar/2026:10:45:02 -0400] "GET /get-the-power-of-firstnet/ HTTP/1.1" 200 22899 "-" "Mozilla/5.0 AppleWebKit/537.36 (KHTML, like Gecko; compatible; Amazonbot/0.1; +https://developer.amazon.com/support/amazonbot) Chrome/119.0.6045.214 Safari/537.36"
216.73.216.183 - - [21/Mar/2026:10:45:03 -0400] "GET /goodscode/997723695 HTTP/1.1" 404 17305 "-" "Mozilla/5.0 AppleWebKit/537.36 (KHTML, like Gecko; compatible; ClaudeBot/1.0; +claudebot@anthropic.com)"
216.73.216.183 - - [21/Mar/2026:10:45:06 -0400] "GET /goodscode/151006717 HTTP/1.1" 404 17305 "-" "Mozilla/5.0 AppleWebKit/537.36 (KHTML, like Gecko; compatible; ClaudeBot/1.0; +claudebot@anthropic.com)"
100.29.164.178 - - [21/Mar/2026:10:45:07 -0400] "GET /best-internet-connectivity-options-for-your-business-model/ HTTP/1.1" 200 25754 "-" "Mozilla/5.0 AppleWebKit/537.36 (KHTML, like Gecko; compatible; Amazonbot/0.1; +https://developer.amazon.com/support/amazonbot) Chrome/119.0.6045.214 Safari/537.36"
216.73.216.183 - - [21/Mar/2026:10:45:09 -0400] "GET /goodscode/3114038198 HTTP/1.1" 404 17308 "-" "Mozilla/5.0 AppleWebKit/537.36 (KHTML, like Gecko; compatible; ClaudeBot/1.0; +claudebot@anthropic.com)"
44.221.105.234 - - [21/Mar/2026:10:45:11 -0400] "GET /category/telecom-management-services/ HTTP/1.1" 200 31001 "-" "Mozilla/5.0 AppleWebKit/537.36 (KHTML, like Gecko; compatible; Amazonbot/0.1; +https://developer.amazon.com/support/amazonbot) Chrome/119.0.6045.214 Safari/537.36"
216.73.216.183 - - [21/Mar/2026:10:45:12 -0400] "GET /goodscode/354273423 HTTP/1.1" 404 17305 "-" "Mozilla/5.0 AppleWebKit/537.36 (KHTML, like Gecko; compatible; ClaudeBot/1.0; +claudebot@anthropic.com)"
3.213.85.234 - - [21/Mar/2026:10:45:14 -0400] "GET /redefining-the-office-help-your-employees-get-the-job-done-away-from-the-office/ HTTP/1.1" 200 21913 "-" "Mozilla/5.0 AppleWebKit/537.36 (KHTML, like Gecko; compatible; Amazonbot/0.1; +https://developer.amazon.com/support/amazonbot) Chrome/119.0.6045.214 Safari/537.36"
216.73.216.183 - - [21/Mar/2026:10:45:15 -0400] "GET /goodscode/3361266369 HTTP/1.1" 404 17308 "-" "Mozilla/5.0 AppleWebKit/537.36 (KHTML, like Gecko; compatible; ClaudeBot/1.0; +claudebot@anthropic.com)"
216.73.216.183 - - [21/Mar/2026:10:45:18 -0400] "GET /goodscode/3665905654 HTTP/1.1" 404 17308 "-" "Mozilla/5.0 AppleWebKit/537.36 (KHTML, like Gecko; compatible; ClaudeBot/1.0; +claudebot@anthropic.com)"
52.73.142.41 - - [21/Mar/2026:10:45:18 -0400] "GET /why-choose-voip-over-analog/ HTTP/1.1" 200 23500 "-" "Mozilla/5.0 AppleWebKit/537.36 (KHTML, like Gecko; compatible; Amazonbot/0.1; +https://developer.amazon.com/support/amazonbot) Chrome/119.0.6045.214 Safari/537.36"
216.73.216.183 - - [21/Mar/2026:10:45:21 -0400] "GET /goodscode/2275284514 HTTP/1.1" 404 17308 "-" "Mozilla/5.0 AppleWebKit/537.36 (KHTML, like Gecko; compatible; ClaudeBot/1.0; +claudebot@anthropic.com)"
114.119.157.50 - - [21/Mar/2026:10:45:23 -0400] "GET /mobile-technology-in-manufacturing HTTP/1.1" 301 - "https://reachconnects.com/category/mobility-solutions/page/4" "Mozilla/5.0 (Linux; Android 7.0;) AppleWebKit/537.36 (KHTML, like Gecko) Mobile Safari/537.36 (compatible; PetalBot;+https://webmaster.petalsearch.com/site/petalbot)"
216.73.216.183 - - [21/Mar/2026:10:45:24 -0400] "GET /goodscode/3537106156 HTTP/1.1" 404 17308 "-" "Mozilla/5.0 AppleWebKit/537.36 (KHTML, like Gecko; compatible; ClaudeBot/1.0; +claudebot@anthropic.com)"
216.73.216.183 - - [21/Mar/2026:10:45:27 -0400] "GET /goodscode/502028073 HTTP/1.1" 404 17305 "-" "Mozilla/5.0 AppleWebKit/537.36 (KHTML, like Gecko; compatible; ClaudeBot/1.0; +claudebot@anthropic.com)"
114.119.157.50 - - [21/Mar/2026:10:45:29 -0400] "GET /mobile-technology-in-manufacturing/ HTTP/1.1" 200 24226 "https://reachconnects.com/category/mobility-solutions/page/4" "Mozilla/5.0 (Linux; Android 7.0;) AppleWebKit/537.36 (KHTML, like Gecko) Mobile Safari/537.36 (compatible; PetalBot;+https://webmaster.petalsearch.com/site/petalbot)"
216.73.216.183 - - [21/Mar/2026:10:45:30 -0400] "GET /goodscode/4015454393 HTTP/1.1" 404 17308 "-" "Mozilla/5.0 AppleWebKit/537.36 (KHTML, like Gecko; compatible; ClaudeBot/1.0; +claudebot@anthropic.com)"
216.73.216.183 - - [21/Mar/2026:10:45:33 -0400] "GET /goodscode/2473614323 HTTP/1.1" 404 17308 "-" "Mozilla/5.0 AppleWebKit/537.36 (KHTML, like Gecko; compatible; ClaudeBot/1.0; +claudebot@anthropic.com)"
216.73.216.183 - - [21/Mar/2026:10:45:36 -0400] "GET /goodscode/3213157835 HTTP/1.1" 404 17308 "-" "Mozilla/5.0 AppleWebKit/537.36 (KHTML, like Gecko; compatible; ClaudeBot/1.0; +claudebot@anthropic.com)"
216.73.216.183 - - [21/Mar/2026:10:45:39 -0400] "GET /goodscode/4235508926 HTTP/1.1" 404 17308 "-" "Mozilla/5.0 AppleWebKit/537.36 (KHTML, like Gecko; compatible; ClaudeBot/1.0; +claudebot@anthropic.com)"
216.73.216.183 - - [21/Mar/2026:10:45:42 -0400] "GET /goodscode/3775713958 HTTP/1.1" 404 17308 "-" "Mozilla/5.0 AppleWebKit/537.36 (KHTML, like Gecko; compatible; ClaudeBot/1.0; +claudebot@anthropic.com)"
216.73.216.183 - - [21/Mar/2026:10:45:45 -0400] "GET /goodscode/2615568102 HTTP/1.1" 404 17308 "-" "Mozilla/5.0 AppleWebKit/537.36 (KHTML, like Gecko; compatible; ClaudeBot/1.0; +claudebot@anthropic.com)"
216.73.216.183 - - [21/Mar/2026:10:45:48 -0400] "GET /goodscode/3559986944 HTTP/1.1" 404 17308 "-" "Mozilla/5.0 AppleWebKit/537.36 (KHTML, like Gecko; compatible; ClaudeBot/1.0; +claudebot@anthropic.com)"
216.73.216.183 - - [21/Mar/2026:10:45:51 -0400] "GET /goodscode/1710589840 HTTP/1.1" 404 17308 "-" "Mozilla/5.0 AppleWebKit/537.36 (KHTML, like Gecko; compatible; ClaudeBot/1.0; +claudebot@anthropic.com)"
216.73.216.183 - - [21/Mar/2026:10:45:54 -0400] "GET /goodscode/2163174135 HTTP/1.1" 404 17308 "-" "Mozilla/5.0 AppleWebKit/537.36 (KHTML, like Gecko; compatible; ClaudeBot/1.0; +claudebot@anthropic.com)"
216.73.216.183 - - [21/Mar/2026:10:45:57 -0400] "GET /goodscode/4271939998 HTTP/1.1" 404 17308 "-" "Mozilla/5.0 AppleWebKit/537.36 (KHTML, like Gecko; compatible; ClaudeBot/1.0; +claudebot@anthropic.com)"
216.73.216.183 - - [21/Mar/2026:10:46:00 -0400] "GET /goodscode/2355930316 HTTP/1.1" 404 17308 "-" "Mozilla/5.0 AppleWebKit/537.36 (KHTML, like Gecko; compatible; ClaudeBot/1.0; +claudebot@anthropic.com)"
216.73.216.183 - - [21/Mar/2026:10:46:03 -0400] "GET /goodscode/1556057925 HTTP/1.1" 404 17308 "-" "Mozilla/5.0 AppleWebKit/537.36 (KHTML, like Gecko; compatible; ClaudeBot/1.0; +claudebot@anthropic.com)"
35.85.215.111 - - [21/Mar/2026:10:46:05 -0400] "GET / HTTP/1.1" 301 - "-" "Mozilla/5.0 (Windows NT 10.0; Win64; x64) AppleWebKit/537.36 (KHTML, like Gecko) Chrome/91.0.4472.124 Safari/537.36"
35.85.215.111 - - [21/Mar/2026:10:46:06 -0400] "GET / HTTP/1.1" 200 26095 "-" "Mozilla/5.0 (Windows NT 10.0; Win64; x64) AppleWebKit/537.36 (KHTML, like Gecko) Chrome/91.0.4472.124 Safari/537.36"
216.73.216.183 - - [21/Mar/2026:10:46:06 -0400] "GET /goodscode/2968871253 HTTP/1.1" 404 17308 "-" "Mozilla/5.0 AppleWebKit/537.36 (KHTML, like Gecko; compatible; ClaudeBot/1.0; +claudebot@anthropic.com)"
35.85.215.111 - - [21/Mar/2026:10:46:07 -0400] "GET / HTTP/1.1" 301 - "-" "Mozilla/5.0 (Windows NT 10.0; Win64; x64) AppleWebKit/537.36 (KHTML, like Gecko) Chrome/91.0.4472.124 Safari/537.36"
35.85.215.111 - - [21/Mar/2026:10:46:07 -0400] "GET / HTTP/1.1" 200 26095 "-" "Mozilla/5.0 (Windows NT 10.0; Win64; x64) AppleWebKit/537.36 (KHTML, like Gecko) Chrome/91.0.4472.124 Safari/537.36"
35.85.215.111 - - [21/Mar/2026:10:46:08 -0400] "GET / HTTP/1.1" 301 - "-" "Mozilla/5.0 (Windows NT 10.0; Win64; x64) AppleWebKit/537.36 (KHTML, like Gecko) Chrome/91.0.4472.124 Safari/537.36"
35.85.215.111 - - [21/Mar/2026:10:46:08 -0400] "GET / HTTP/1.1" 200 26095 "-" "Mozilla/5.0 (Windows NT 10.0; Win64; x64) AppleWebKit/537.36 (KHTML, like Gecko) Chrome/91.0.4472.124 Safari/537.36"
35.85.215.111 - - [21/Mar/2026:10:46:09 -0400] "GET /amplification/ HTTP/1.1" 200 21185 "-" "Mozilla/5.0 (Windows NT 10.0; Win64; x64) AppleWebKit/537.36 (KHTML, like Gecko) Chrome/91.0.4472.124 Safari/537.36"
216.73.216.183 - - [21/Mar/2026:10:46:09 -0400] "GET /goodscode/3124366920 HTTP/1.1" 404 17308 "-" "Mozilla/5.0 AppleWebKit/537.36 (KHTML, like Gecko; compatible; ClaudeBot/1.0; +claudebot@anthropic.com)"
35.85.215.111 - - [21/Mar/2026:10:46:10 -0400] "GET /managed-services/ HTTP/1.1" 200 20067 "-" "Mozilla/5.0 (Windows NT 10.0; Win64; x64) AppleWebKit/537.36 (KHTML, like Gecko) Chrome/91.0.4472.124 Safari/537.36"
35.85.215.111 - - [21/Mar/2026:10:46:11 -0400] "GET /cellular-mobility/ HTTP/1.1" 200 20174 "-" "Mozilla/5.0 (Windows NT 10.0; Win64; x64) AppleWebKit/537.36 (KHTML, like Gecko) Chrome/91.0.4472.124 Safari/537.36"
216.73.216.183 - - [21/Mar/2026:10:46:13 -0400] "GET /goodscode/2524580232 HTTP/1.1" 404 17308 "-" "Mozilla/5.0 AppleWebKit/537.36 (KHTML, like Gecko; compatible; ClaudeBot/1.0; +claudebot@anthropic.com)"
216.73.216.183 - - [21/Mar/2026:10:46:17 -0400] "GET /goodscode/3289190994 HTTP/1.1" 404 17308 "-" "Mozilla/5.0 AppleWebKit/537.36 (KHTML, like Gecko; compatible; ClaudeBot/1.0; +claudebot@anthropic.com)"
216.73.216.183 - - [21/Mar/2026:10:46:19 -0400] "GET /goodscode/4194885085 HTTP/1.1" 404 17308 "-" "Mozilla/5.0 AppleWebKit/537.36 (KHTML, like Gecko; compatible; ClaudeBot/1.0; +claudebot@anthropic.com)"
216.73.216.183 - - [21/Mar/2026:10:46:21 -0400] "GET /goodscode/3742797044 HTTP/1.1" 404 17308 "-" "Mozilla/5.0 AppleWebKit/537.36 (KHTML, like Gecko; compatible; ClaudeBot/1.0; +claudebot@anthropic.com)"
66.249.66.196 - - [21/Mar/2026:10:46:22 -0400] "GET /policy/90010.php?goodscode/1120510083 HTTP/1.1" 200 405591 "-" "Mozilla/5.0 (Linux; Android 6.0.1; Nexus 5X Build/MMB29P) AppleWebKit/537.36 (KHTML, like Gecko) Chrome/145.0.7632.159 Mobile Safari/537.36 (compatible; GoogleOther)"
216.73.216.183 - - [21/Mar/2026:10:46:24 -0400] "GET /goodscode/1531909051 HTTP/1.1" 404 17308 "-" "Mozilla/5.0 AppleWebKit/537.36 (KHTML, like Gecko; compatible; ClaudeBot/1.0; +claudebot@anthropic.com)"
216.73.216.183 - - [21/Mar/2026:10:46:27 -0400] "GET /goodscode/3768580106 HTTP/1.1" 404 17308 "-" "Mozilla/5.0 AppleWebKit/537.36 (KHTML, like Gecko; compatible; ClaudeBot/1.0; +claudebot@anthropic.com)"
216.73.216.183 - - [21/Mar/2026:10:46:30 -0400] "GET /goodscode/1018016746 HTTP/1.1" 404 17308 "-" "Mozilla/5.0 AppleWebKit/537.36 (KHTML, like Gecko; compatible; ClaudeBot/1.0; +claudebot@anthropic.com)"
216.73.216.183 - - [21/Mar/2026:10:46:34 -0400] "GET /goodscode/2518779361 HTTP/1.1" 404 17308 "-" "Mozilla/5.0 AppleWebKit/537.36 (KHTML, like Gecko; compatible; ClaudeBot/1.0; +claudebot@anthropic.com)"
216.73.216.183 - - [21/Mar/2026:10:46:36 -0400] "GET /goodscode/3150469270 HTTP/1.1" 404 17308 "-" "Mozilla/5.0 AppleWebKit/537.36 (KHTML, like Gecko; compatible; ClaudeBot/1.0; +claudebot@anthropic.com)"
216.73.216.183 - - [21/Mar/2026:10:46:39 -0400] "GET /goodscode/4256845603 HTTP/1.1" 404 17308 "-" "Mozilla/5.0 AppleWebKit/537.36 (KHTML, like Gecko; compatible; ClaudeBot/1.0; +claudebot@anthropic.com)"
216.73.216.183 - - [21/Mar/2026:10:46:42 -0400] "GET /goodscode/3220334328 HTTP/1.1" 404 17308 "-" "Mozilla/5.0 AppleWebKit/537.36 (KHTML, like Gecko; compatible; ClaudeBot/1.0; +claudebot@anthropic.com)"
216.73.216.183 - - [21/Mar/2026:10:46:45 -0400] "GET /goodscode/1845190241 HTTP/1.1" 404 17308 "-" "Mozilla/5.0 AppleWebKit/537.36 (KHTML, like Gecko; compatible; ClaudeBot/1.0; +claudebot@anthropic.com)"
216.73.216.183 - - [21/Mar/2026:10:46:49 -0400] "GET /goodscode/3332798575 HTTP/1.1" 404 17308 "-" "Mozilla/5.0 AppleWebKit/537.36 (KHTML, like Gecko; compatible; ClaudeBot/1.0; +claudebot@anthropic.com)"
216.73.216.183 - - [21/Mar/2026:10:46:54 -0400] "GET /goodscode/2501260784 HTTP/1.1" 404 17308 "-" "Mozilla/5.0 AppleWebKit/537.36 (KHTML, like Gecko; compatible; ClaudeBot/1.0; +claudebot@anthropic.com)"
216.73.216.183 - - [21/Mar/2026:10:46:57 -0400] "GET /goodscode/199160429 HTTP/1.1" 404 17305 "-" "Mozilla/5.0 AppleWebKit/537.36 (KHTML, like Gecko; compatible; ClaudeBot/1.0; +claudebot@anthropic.com)"
216.73.216.183 - - [21/Mar/2026:10:47:00 -0400] "GET /goodscode/1476742353 HTTP/1.1" 404 17308 "-" "Mozilla/5.0 AppleWebKit/537.36 (KHTML, like Gecko; compatible; ClaudeBot/1.0; +claudebot@anthropic.com)"
216.73.216.183 - - [21/Mar/2026:10:47:03 -0400] "GET /goodscode/1198965463 HTTP/1.1" 404 17308 "-" "Mozilla/5.0 AppleWebKit/537.36 (KHTML, like Gecko; compatible; ClaudeBot/1.0; +claudebot@anthropic.com)"
216.73.216.183 - - [21/Mar/2026:10:47:06 -0400] "GET /goodscode/1648629290 HTTP/1.1" 404 17308 "-" "Mozilla/5.0 AppleWebKit/537.36 (KHTML, like Gecko; compatible; ClaudeBot/1.0; +claudebot@anthropic.com)"
216.73.216.183 - - [21/Mar/2026:10:47:09 -0400] "GET /goodscode/783858064 HTTP/1.1" 404 17305 "-" "Mozilla/5.0 AppleWebKit/537.36 (KHTML, like Gecko; compatible; ClaudeBot/1.0; +claudebot@anthropic.com)"
216.73.216.183 - - [21/Mar/2026:10:47:12 -0400] "GET /goodscode/306679237 HTTP/1.1" 404 17305 "-" "Mozilla/5.0 AppleWebKit/537.36 (KHTML, like Gecko; compatible; ClaudeBot/1.0; +claudebot@anthropic.com)"
216.73.216.183 - - [21/Mar/2026:10:47:15 -0400] "GET /goodscode/355485522 HTTP/1.1" 404 17305 "-" "Mozilla/5.0 AppleWebKit/537.36 (KHTML, like Gecko; compatible; ClaudeBot/1.0; +claudebot@anthropic.com)"
216.73.216.183 - - [21/Mar/2026:10:47:18 -0400] "GET /goodscode/2932014851 HTTP/1.1" 404 17308 "-" "Mozilla/5.0 AppleWebKit/537.36 (KHTML, like Gecko; compatible; ClaudeBot/1.0; +claudebot@anthropic.com)"
216.73.216.183 - - [21/Mar/2026:10:47:21 -0400] "GET /goodscode/3821486145 HTTP/1.1" 404 17308 "-" "Mozilla/5.0 AppleWebKit/537.36 (KHTML, like Gecko; compatible; ClaudeBot/1.0; +claudebot@anthropic.com)"
216.73.216.183 - - [21/Mar/2026:10:47:24 -0400] "GET /goodscode/4036788351 HTTP/1.1" 404 17308 "-" "Mozilla/5.0 AppleWebKit/537.36 (KHTML, like Gecko; compatible; ClaudeBot/1.0; +claudebot@anthropic.com)"
216.73.216.183 - - [21/Mar/2026:10:47:27 -0400] "GET /goodscode/395293267 HTTP/1.1" 404 17305 "-" "Mozilla/5.0 AppleWebKit/537.36 (KHTML, like Gecko; compatible; ClaudeBot/1.0; +claudebot@anthropic.com)"
216.73.216.183 - - [21/Mar/2026:10:47:30 -0400] "GET /goodscode/690660180 HTTP/1.1" 404 17305 "-" "Mozilla/5.0 AppleWebKit/537.36 (KHTML, like Gecko; compatible; ClaudeBot/1.0; +claudebot@anthropic.com)"
216.73.216.183 - - [21/Mar/2026:10:47:33 -0400] "GET /goodscode/1127874976 HTTP/1.1" 404 17308 "-" "Mozilla/5.0 AppleWebKit/537.36 (KHTML, like Gecko; compatible; ClaudeBot/1.0; +claudebot@anthropic.com)"
114.119.130.14 - - [21/Mar/2026:10:47:35 -0400] "GET /category/vehicle/page/5 HTTP/1.1" 301 - "https://reachconnects.com/category/vehicle/page/6" "Mozilla/5.0 (Linux; Android 7.0;) AppleWebKit/537.36 (KHTML, like Gecko) Mobile Safari/537.36 (compatible; PetalBot;+https://webmaster.petalsearch.com/site/petalbot)"
216.73.216.183 - - [21/Mar/2026:10:47:36 -0400] "GET /goodscode/580548701 HTTP/1.1" 404 17305 "-" "Mozilla/5.0 AppleWebKit/537.36 (KHTML, like Gecko; compatible; ClaudeBot/1.0; +claudebot@anthropic.com)"
114.119.130.14 - - [21/Mar/2026:10:47:38 -0400] "GET /category/vehicle/page/5/ HTTP/1.1" 200 31194 "https://reachconnects.com/category/vehicle/page/6" "Mozilla/5.0 (Linux; Android 7.0;) AppleWebKit/537.36 (KHTML, like Gecko) Mobile Safari/537.36 (compatible; PetalBot;+https://webmaster.petalsearch.com/site/petalbot)"
216.73.216.183 - - [21/Mar/2026:10:47:40 -0400] "GET /goodscode/3112826099 HTTP/1.1" 404 17308 "-" "Mozilla/5.0 AppleWebKit/537.36 (KHTML, like Gecko; compatible; ClaudeBot/1.0; +claudebot@anthropic.com)"
216.73.216.183 - - [21/Mar/2026:10:47:43 -0400] "GET /goodscode/1333621883 HTTP/1.1" 404 17308 "-" "Mozilla/5.0 AppleWebKit/537.36 (KHTML, like Gecko; compatible; ClaudeBot/1.0; +claudebot@anthropic.com)"
216.73.216.183 - - [21/Mar/2026:10:47:46 -0400] "GET /goodscode/1133852732 HTTP/1.1" 404 17308 "-" "Mozilla/5.0 AppleWebKit/537.36 (KHTML, like Gecko; compatible; ClaudeBot/1.0; +claudebot@anthropic.com)"
216.73.216.183 - - [21/Mar/2026:10:47:49 -0400] "GET /goodscode/1143635242 HTTP/1.1" 404 17308 "-" "Mozilla/5.0 AppleWebKit/537.36 (KHTML, like Gecko; compatible; ClaudeBot/1.0; +claudebot@anthropic.com)"
216.73.216.183 - - [21/Mar/2026:10:47:52 -0400] "GET /goodscode/2818574290 HTTP/1.1" 404 17308 "-" "Mozilla/5.0 AppleWebKit/537.36 (KHTML, like Gecko; compatible; ClaudeBot/1.0; +claudebot@anthropic.com)"
216.73.216.183 - - [21/Mar/2026:10:47:55 -0400] "GET /goodscode/2502472867 HTTP/1.1" 404 17308 "-" "Mozilla/5.0 AppleWebKit/537.36 (KHTML, like Gecko; compatible; ClaudeBot/1.0; +claudebot@anthropic.com)"
216.73.216.183 - - [21/Mar/2026:10:47:58 -0400] "GET /goodscode/1627734024 HTTP/1.1" 404 17308 "-" "Mozilla/5.0 AppleWebKit/537.36 (KHTML, like Gecko; compatible; ClaudeBot/1.0; +claudebot@anthropic.com)"
216.73.216.183 - - [21/Mar/2026:10:48:01 -0400] "GET /goodscode/2851794395 HTTP/1.1" 404 17308 "-" "Mozilla/5.0 AppleWebKit/537.36 (KHTML, like Gecko; compatible; ClaudeBot/1.0; +claudebot@anthropic.com)"
216.73.216.183 - - [21/Mar/2026:10:48:04 -0400] "GET /goodscode/1110187910 HTTP/1.1" 404 17308 "-" "Mozilla/5.0 AppleWebKit/537.36 (KHTML, like Gecko; compatible; ClaudeBot/1.0; +claudebot@anthropic.com)"
216.73.216.183 - - [21/Mar/2026:10:48:07 -0400] "GET /goodscode/570206617 HTTP/1.1" 404 17305 "-" "Mozilla/5.0 AppleWebKit/537.36 (KHTML, like Gecko; compatible; ClaudeBot/1.0; +claudebot@anthropic.com)"
216.73.216.183 - - [21/Mar/2026:10:48:10 -0400] "GET /goodscode/2826917490 HTTP/1.1" 404 17308 "-" "Mozilla/5.0 AppleWebKit/537.36 (KHTML, like Gecko; compatible; ClaudeBot/1.0; +claudebot@anthropic.com)"
15.204.34.10 - - [21/Mar/2026:10:48:13 -0400] "GET /?check_plugin HTTP/1.1" 200 26095 "-" "Mozilla/5.0 (Windows NT 10.0; Win64; x64) AppleWebKit/537.36 (KHTML, like Gecko) Chrome/127.0.0.0 Safari/537.36"
216.73.216.183 - - [21/Mar/2026:10:48:14 -0400] "GET /goodscode/1994941024 HTTP/1.1" 404 17308 "-" "Mozilla/5.0 AppleWebKit/537.36 (KHTML, like Gecko; compatible; ClaudeBot/1.0; +claudebot@anthropic.com)"
216.73.216.183 - - [21/Mar/2026:10:48:17 -0400] "GET /goodscode/3186340816 HTTP/1.1" 404 17308 "-" "Mozilla/5.0 AppleWebKit/537.36 (KHTML, like Gecko; compatible; ClaudeBot/1.0; +claudebot@anthropic.com)"
216.73.216.183 - - [21/Mar/2026:10:48:19 -0400] "GET /goodscode/4185755116 HTTP/1.1" 404 17308 "-" "Mozilla/5.0 AppleWebKit/537.36 (KHTML, like Gecko; compatible; ClaudeBot/1.0; +claudebot@anthropic.com)"
216.73.216.183 - - [21/Mar/2026:10:48:22 -0400] "GET /goodscode/2816150092 HTTP/1.1" 404 17308 "-" "Mozilla/5.0 AppleWebKit/537.36 (KHTML, like Gecko; compatible; ClaudeBot/1.0; +claudebot@anthropic.com)"
216.73.216.183 - - [21/Mar/2026:10:48:25 -0400] "GET /goodscode/1755364112 HTTP/1.1" 404 17308 "-" "Mozilla/5.0 AppleWebKit/537.36 (KHTML, like Gecko; compatible; ClaudeBot/1.0; +claudebot@anthropic.com)"
216.73.216.183 - - [21/Mar/2026:10:48:28 -0400] "GET /goodscode/1261482788 HTTP/1.1" 404 17308 "-" "Mozilla/5.0 AppleWebKit/537.36 (KHTML, like Gecko; compatible; ClaudeBot/1.0; +claudebot@anthropic.com)"
216.73.216.183 - - [21/Mar/2026:10:48:31 -0400] "GET /goodscode/2283627714 HTTP/1.1" 404 17308 "-" "Mozilla/5.0 AppleWebKit/537.36 (KHTML, like Gecko; compatible; ClaudeBot/1.0; +claudebot@anthropic.com)"
216.73.216.183 - - [21/Mar/2026:10:48:34 -0400] "GET /goodscode/1455287529 HTTP/1.1" 404 17308 "-" "Mozilla/5.0 AppleWebKit/537.36 (KHTML, like Gecko; compatible; ClaudeBot/1.0; +claudebot@anthropic.com)"
216.73.216.183 - - [21/Mar/2026:10:48:38 -0400] "GET /goodscode/3523223860 HTTP/1.1" 404 17308 "-" "Mozilla/5.0 AppleWebKit/537.36 (KHTML, like Gecko; compatible; ClaudeBot/1.0; +claudebot@anthropic.com)"
216.73.216.183 - - [21/Mar/2026:10:48:40 -0400] "GET /goodscode/3201271656 HTTP/1.1" 404 17308 "-" "Mozilla/5.0 AppleWebKit/537.36 (KHTML, like Gecko; compatible; ClaudeBot/1.0; +claudebot@anthropic.com)"
51.68.111.214 - - [21/Mar/2026:10:48:41 -0400] "GET /robots.txt HTTP/1.1" 200 82 "-" "Mozilla/5.0 (compatible; MJ12bot/v2.0.5; http://mj12bot.com/)"
51.68.111.214 - - [21/Mar/2026:10:48:41 -0400] "GET / HTTP/1.1" 301 - "-" "Mozilla/5.0 (compatible; MJ12bot/v2.0.5; http://mj12bot.com/)"
51.68.111.214 - - [21/Mar/2026:10:48:41 -0400] "GET /robots.txt HTTP/1.1" 200 82 "-" "Mozilla/5.0 (compatible; MJ12bot/v2.0.5; http://mj12bot.com/)"
51.68.111.214 - - [21/Mar/2026:10:48:41 -0400] "GET / HTTP/1.1" 200 26095 "-" "Mozilla/5.0 (compatible; MJ12bot/v2.0.5; http://mj12bot.com/)"
216.73.216.183 - - [21/Mar/2026:10:48:44 -0400] "GET /goodscode/805194741 HTTP/1.1" 404 17305 "-" "Mozilla/5.0 AppleWebKit/537.36 (KHTML, like Gecko; compatible; ClaudeBot/1.0; +claudebot@anthropic.com)"
216.73.216.183 - - [21/Mar/2026:10:48:46 -0400] "GET /goodscode/4199637380 HTTP/1.1" 404 17308 "-" "Mozilla/5.0 AppleWebKit/537.36 (KHTML, like Gecko; compatible; ClaudeBot/1.0; +claudebot@anthropic.com)"
216.73.216.183 - - [21/Mar/2026:10:48:50 -0400] "GET /goodscode/1620114487 HTTP/1.1" 404 17308 "-" "Mozilla/5.0 AppleWebKit/537.36 (KHTML, like Gecko; compatible; ClaudeBot/1.0; +claudebot@anthropic.com)"
216.73.216.183 - - [21/Mar/2026:10:48:53 -0400] "GET /goodscode/352631626 HTTP/1.1" 404 17305 "-" "Mozilla/5.0 AppleWebKit/537.36 (KHTML, like Gecko; compatible; ClaudeBot/1.0; +claudebot@anthropic.com)"
216.73.216.183 - - [21/Mar/2026:10:48:56 -0400] "GET /goodscode/3580730432 HTTP/1.1" 404 17308 "-" "Mozilla/5.0 AppleWebKit/537.36 (KHTML, like Gecko; compatible; ClaudeBot/1.0; +claudebot@anthropic.com)"
216.73.216.183 - - [21/Mar/2026:10:48:59 -0400] "GET /goodscode/556622686 HTTP/1.1" 404 17305 "-" "Mozilla/5.0 AppleWebKit/537.36 (KHTML, like Gecko; compatible; ClaudeBot/1.0; +claudebot@anthropic.com)"
216.73.216.183 - - [21/Mar/2026:10:49:02 -0400] "GET /goodscode/3292397593 HTTP/1.1" 404 17308 "-" "Mozilla/5.0 AppleWebKit/537.36 (KHTML, like Gecko; compatible; ClaudeBot/1.0; +claudebot@anthropic.com)"
216.73.216.183 - - [21/Mar/2026:10:49:08 -0400] "GET /goodscode/249696656 HTTP/1.1" 404 17305 "-" "Mozilla/5.0 AppleWebKit/537.36 (KHTML, like Gecko; compatible; ClaudeBot/1.0; +claudebot@anthropic.com)"
216.73.216.183 - - [21/Mar/2026:10:49:12 -0400] "GET /goodscode/209725372 HTTP/1.1" 404 17305 "-" "Mozilla/5.0 AppleWebKit/537.36 (KHTML, like Gecko; compatible; ClaudeBot/1.0; +claudebot@anthropic.com)"
216.73.216.183 - - [21/Mar/2026:10:49:16 -0400] "GET /goodscode/862474070 HTTP/1.1" 404 17305 "-" "Mozilla/5.0 AppleWebKit/537.36 (KHTML, like Gecko; compatible; ClaudeBot/1.0; +claudebot@anthropic.com)"
216.73.216.183 - - [21/Mar/2026:10:49:17 -0400] "GET /goodscode/4283069417 HTTP/1.1" 404 17308 "-" "Mozilla/5.0 AppleWebKit/537.36 (KHTML, like Gecko; compatible; ClaudeBot/1.0; +claudebot@anthropic.com)"
216.73.216.183 - - [21/Mar/2026:10:49:20 -0400] "GET /goodscode/3314850316 HTTP/1.1" 404 17308 "-" "Mozilla/5.0 AppleWebKit/537.36 (KHTML, like Gecko; compatible; ClaudeBot/1.0; +claudebot@anthropic.com)"
66.249.66.194 - - [21/Mar/2026:10:49:23 -0400] "GET /policy/90010.php?bep/m/prom90?id=915855096 HTTP/1.1" 200 385052 "-" "Mozilla/5.0 (Linux; Android 6.0.1; Nexus 5X Build/MMB29P) AppleWebKit/537.36 (KHTML, like Gecko) Chrome/145.0.7632.159 Mobile Safari/537.36 (compatible; GoogleOther)"
216.73.216.183 - - [21/Mar/2026:10:49:23 -0400] "GET /goodscode/3853387765 HTTP/1.1" 404 17308 "-" "Mozilla/5.0 AppleWebKit/537.36 (KHTML, like Gecko; compatible; ClaudeBot/1.0; +claudebot@anthropic.com)"
66.249.66.167 - - [21/Mar/2026:10:49:26 -0400] "GET /goodscode/363847293 HTTP/1.1" 200 395628 "-" "Mozilla/5.0 (Linux; Android 6.0.1; Nexus 5X Build/MMB29P) AppleWebKit/537.36 (KHTML, like Gecko) Chrome/145.0.7632.159 Mobile Safari/537.36 (compatible; GoogleOther)"
216.73.216.183 - - [21/Mar/2026:10:49:26 -0400] "GET /goodscode/495633997 HTTP/1.1" 404 17305 "-" "Mozilla/5.0 AppleWebKit/537.36 (KHTML, like Gecko; compatible; ClaudeBot/1.0; +claudebot@anthropic.com)"
216.73.216.183 - - [21/Mar/2026:10:49:36 -0400] "GET /goodscode/2761546285 HTTP/1.1" 404 17308 "-" "Mozilla/5.0 AppleWebKit/537.36 (KHTML, like Gecko; compatible; ClaudeBot/1.0; +claudebot@anthropic.com)"
216.73.216.183 - - [21/Mar/2026:10:49:40 -0400] "GET /goodscode/466938976 HTTP/1.1" 404 17305 "-" "Mozilla/5.0 AppleWebKit/537.36 (KHTML, like Gecko; compatible; ClaudeBot/1.0; +claudebot@anthropic.com)"
216.73.216.183 - - [21/Mar/2026:10:49:42 -0400] "GET /goodscode/2297508377 HTTP/1.1" 404 17308 "-" "Mozilla/5.0 AppleWebKit/537.36 (KHTML, like Gecko; compatible; ClaudeBot/1.0; +claudebot@anthropic.com)"
216.73.216.183 - - [21/Mar/2026:10:49:45 -0400] "GET /goodscode/425919116 HTTP/1.1" 404 17305 "-" "Mozilla/5.0 AppleWebKit/537.36 (KHTML, like Gecko; compatible; ClaudeBot/1.0; +claudebot@anthropic.com)"
216.73.216.183 - - [21/Mar/2026:10:49:48 -0400] "GET /goodscode/444486269 HTTP/1.1" 404 17305 "-" "Mozilla/5.0 AppleWebKit/537.36 (KHTML, like Gecko; compatible; ClaudeBot/1.0; +claudebot@anthropic.com)"
216.73.216.183 - - [21/Mar/2026:10:50:03 -0400] "GET /goodscode/2908088836 HTTP/1.1" 404 17308 "-" "Mozilla/5.0 AppleWebKit/537.36 (KHTML, like Gecko; compatible; ClaudeBot/1.0; +claudebot@anthropic.com)"
216.73.216.183 - - [21/Mar/2026:10:50:06 -0400] "GET /goodscode/255497527 HTTP/1.1" 404 17305 "-" "Mozilla/5.0 AppleWebKit/537.36 (KHTML, like Gecko; compatible; ClaudeBot/1.0; +claudebot@anthropic.com)"
216.73.216.183 - - [21/Mar/2026:10:50:10 -0400] "GET /goodscode/2944519908 HTTP/1.1" 404 17308 "-" "Mozilla/5.0 AppleWebKit/537.36 (KHTML, like Gecko; compatible; ClaudeBot/1.0; +claudebot@anthropic.com)"
216.73.216.183 - - [21/Mar/2026:10:50:12 -0400] "GET /goodscode/3671276875 HTTP/1.1" 404 17308 "-" "Mozilla/5.0 AppleWebKit/537.36 (KHTML, like Gecko; compatible; ClaudeBot/1.0; +claudebot@anthropic.com)"
216.73.216.183 - - [21/Mar/2026:10:50:16 -0400] "GET /goodscode/2832409545 HTTP/1.1" 404 17308 "-" "Mozilla/5.0 AppleWebKit/537.36 (KHTML, like Gecko; compatible; ClaudeBot/1.0; +claudebot@anthropic.com)"
216.73.216.183 - - [21/Mar/2026:10:50:23 -0400] "GET /goodscode/425755577 HTTP/1.1" 404 17305 "-" "Mozilla/5.0 AppleWebKit/537.36 (KHTML, like Gecko; compatible; ClaudeBot/1.0; +claudebot@anthropic.com)"
216.73.216.183 - - [21/Mar/2026:10:50:26 -0400] "GET /goodscode/1810101112 HTTP/1.1" 404 17308 "-" "Mozilla/5.0 AppleWebKit/537.36 (KHTML, like Gecko; compatible; ClaudeBot/1.0; +claudebot@anthropic.com)"
216.73.216.183 - - [21/Mar/2026:10:50:29 -0400] "GET /goodscode/3701183995 HTTP/1.1" 404 17308 "-" "Mozilla/5.0 AppleWebKit/537.36 (KHTML, like Gecko; compatible; ClaudeBot/1.0; +claudebot@anthropic.com)"
216.73.216.183 - - [21/Mar/2026:10:50:32 -0400] "GET /goodscode/2529908796 HTTP/1.1" 404 17308 "-" "Mozilla/5.0 AppleWebKit/537.36 (KHTML, like Gecko; compatible; ClaudeBot/1.0; +claudebot@anthropic.com)"
216.73.216.183 - - [21/Mar/2026:10:50:36 -0400] "GET /goodscode/626501090 HTTP/1.1" 404 17305 "-" "Mozilla/5.0 AppleWebKit/537.36 (KHTML, like Gecko; compatible; ClaudeBot/1.0; +claudebot@anthropic.com)"
216.73.216.183 - - [21/Mar/2026:10:51:25 -0400] "GET /goodscode/285177436 HTTP/1.1" 404 17305 "-" "Mozilla/5.0 AppleWebKit/537.36 (KHTML, like Gecko; compatible; ClaudeBot/1.0; +claudebot@anthropic.com)"
216.73.216.183 - - [21/Mar/2026:10:51:29 -0400] "GET /goodscode/371198795 HTTP/1.1" 404 17305 "-" "Mozilla/5.0 AppleWebKit/537.36 (KHTML, like Gecko; compatible; ClaudeBot/1.0; +claudebot@anthropic.com)"
216.73.216.183 - - [21/Mar/2026:10:51:31 -0400] "GET /goodscode/1105337913 HTTP/1.1" 404 17308 "-" "Mozilla/5.0 AppleWebKit/537.36 (KHTML, like Gecko; compatible; ClaudeBot/1.0; +claudebot@anthropic.com)"
216.73.216.183 - - [21/Mar/2026:10:51:34 -0400] "GET /goodscode/978175322 HTTP/1.1" 404 17305 "-" "Mozilla/5.0 AppleWebKit/537.36 (KHTML, like Gecko; compatible; ClaudeBot/1.0; +claudebot@anthropic.com)"
216.73.216.183 - - [21/Mar/2026:10:51:39 -0400] "GET /goodscode/3404873950 HTTP/1.1" 404 17308 "-" "Mozilla/5.0 AppleWebKit/537.36 (KHTML, like Gecko; compatible; ClaudeBot/1.0; +claudebot@anthropic.com)"
216.73.216.183 - - [21/Mar/2026:10:51:42 -0400] "GET /goodscode/2952745009 HTTP/1.1" 404 17308 "-" "Mozilla/5.0 AppleWebKit/537.36 (KHTML, like Gecko; compatible; ClaudeBot/1.0; +claudebot@anthropic.com)"
5.135.142.134 - - [21/Mar/2026:10:51:43 -0400] "HEAD /feed/?b07f=1774104703 HTTP/1.1" 304 - "-" "FeedPress/1.0 (https://feedpress.com)"
216.73.216.183 - - [21/Mar/2026:10:51:45 -0400] "GET /goodscode/3552465077 HTTP/1.1" 404 17308 "-" "Mozilla/5.0 AppleWebKit/537.36 (KHTML, like Gecko; compatible; ClaudeBot/1.0; +claudebot@anthropic.com)"
216.73.216.183 - - [21/Mar/2026:10:51:48 -0400] "GET /goodscode/3580111538 HTTP/1.1" 404 17308 "-" "Mozilla/5.0 AppleWebKit/537.36 (KHTML, like Gecko; compatible; ClaudeBot/1.0; +claudebot@anthropic.com)"
216.73.216.183 - - [21/Mar/2026:10:51:52 -0400] "GET /goodscode/470757076 HTTP/1.1" 404 17305 "-" "Mozilla/5.0 AppleWebKit/537.36 (KHTML, like Gecko; compatible; ClaudeBot/1.0; +claudebot@anthropic.com)"
216.73.216.183 - - [21/Mar/2026:10:51:55 -0400] "GET /goodscode/2212110264 HTTP/1.1" 404 17308 "-" "Mozilla/5.0 AppleWebKit/537.36 (KHTML, like Gecko; compatible; ClaudeBot/1.0; +claudebot@anthropic.com)"
216.73.216.183 - - [21/Mar/2026:10:51:58 -0400] "GET /goodscode/597806053 HTTP/1.1" 404 17305 "-" "Mozilla/5.0 AppleWebKit/537.36 (KHTML, like Gecko; compatible; ClaudeBot/1.0; +claudebot@anthropic.com)"
216.73.216.183 - - [21/Mar/2026:10:52:01 -0400] "GET /goodscode/2673074674 HTTP/1.1" 404 17308 "-" "Mozilla/5.0 AppleWebKit/537.36 (KHTML, like Gecko; compatible; ClaudeBot/1.0; +claudebot@anthropic.com)"
185.102.115.35 - - [21/Mar/2026:10:52:22 -0400] "GET /wp-login.php HTTP/1.1" 200 7039 "-" "Mozilla/5.0 (Windows NT 6.2; WOW64; rv:31.0) Gecko/20100101 Firefox/31.0"
216.73.216.183 - - [21/Mar/2026:10:52:26 -0400] "GET /goodscode/2954075207 HTTP/1.1" 404 17308 "-" "Mozilla/5.0 AppleWebKit/537.36 (KHTML, like Gecko; compatible; ClaudeBot/1.0; +claudebot@anthropic.com)"
216.73.216.183 - - [21/Mar/2026:10:52:29 -0400] "GET /goodscode/4066811985 HTTP/1.1" 404 17308 "-" "Mozilla/5.0 AppleWebKit/537.36 (KHTML, like Gecko; compatible; ClaudeBot/1.0; +claudebot@anthropic.com)"
216.73.216.183 - - [21/Mar/2026:10:52:32 -0400] "GET /goodscode/199323952 HTTP/1.1" 404 17305 "-" "Mozilla/5.0 AppleWebKit/537.36 (KHTML, like Gecko; compatible; ClaudeBot/1.0; +claudebot@anthropic.com)"
216.73.216.183 - - [21/Mar/2026:10:52:35 -0400] "GET /goodscode/356267923 HTTP/1.1" 404 17305 "-" "Mozilla/5.0 AppleWebKit/537.36 (KHTML, like Gecko; compatible; ClaudeBot/1.0; +claudebot@anthropic.com)"
216.73.216.183 - - [21/Mar/2026:10:52:47 -0400] "GET /goodscode/197518632 HTTP/1.1" 404 17305 "-" "Mozilla/5.0 AppleWebKit/537.36 (KHTML, like Gecko; compatible; ClaudeBot/1.0; +claudebot@anthropic.com)"
216.73.216.183 - - [21/Mar/2026:10:52:50 -0400] "GET /goodscode/3479960020 HTTP/1.1" 404 17308 "-" "Mozilla/5.0 AppleWebKit/537.36 (KHTML, like Gecko; compatible; ClaudeBot/1.0; +claudebot@anthropic.com)"
216.73.216.183 - - [21/Mar/2026:10:52:53 -0400] "GET /goodscode/4137902472 HTTP/1.1" 404 17308 "-" "Mozilla/5.0 AppleWebKit/537.36 (KHTML, like Gecko; compatible; ClaudeBot/1.0; +claudebot@anthropic.com)"
216.73.216.183 - - [21/Mar/2026:10:52:56 -0400] "GET /goodscode/207301158 HTTP/1.1" 404 17305 "-" "Mozilla/5.0 AppleWebKit/537.36 (KHTML, like Gecko; compatible; ClaudeBot/1.0; +claudebot@anthropic.com)"
216.73.216.183 - - [21/Mar/2026:10:52:59 -0400] "GET /goodscode/552033882 HTTP/1.1" 404 17305 "-" "Mozilla/5.0 AppleWebKit/537.36 (KHTML, like Gecko; compatible; ClaudeBot/1.0; +claudebot@anthropic.com)"
216.73.216.183 - - [21/Mar/2026:10:53:47 -0400] "GET /goodscode/501598391 HTTP/1.1" 404 17305 "-" "Mozilla/5.0 AppleWebKit/537.36 (KHTML, like Gecko; compatible; ClaudeBot/1.0; +claudebot@anthropic.com)"
216.73.216.183 - - [21/Mar/2026:10:53:50 -0400] "GET /goodscode/3852175682 HTTP/1.1" 404 17308 "-" "Mozilla/5.0 AppleWebKit/537.36 (KHTML, like Gecko; compatible; ClaudeBot/1.0; +claudebot@anthropic.com)"
216.73.216.183 - - [21/Mar/2026:10:53:53 -0400] "GET /goodscode/2169878321 HTTP/1.1" 404 17308 "-" "Mozilla/5.0 AppleWebKit/537.36 (KHTML, like Gecko; compatible; ClaudeBot/1.0; +claudebot@anthropic.com)"
216.73.216.183 - - [21/Mar/2026:10:53:56 -0400] "GET /goodscode/1837584050 HTTP/1.1" 404 17308 "-" "Mozilla/5.0 AppleWebKit/537.36 (KHTML, like Gecko; compatible; ClaudeBot/1.0; +claudebot@anthropic.com)"
216.73.216.183 - - [21/Mar/2026:10:53:59 -0400] "GET /goodscode/1040135872 HTTP/1.1" 404 17308 "-" "Mozilla/5.0 AppleWebKit/537.36 (KHTML, like Gecko; compatible; ClaudeBot/1.0; +claudebot@anthropic.com)"
216.73.216.183 - - [21/Mar/2026:10:54:03 -0400] "GET /goodscode/1856314710 HTTP/1.1" 404 17308 "-" "Mozilla/5.0 AppleWebKit/537.36 (KHTML, like Gecko; compatible; ClaudeBot/1.0; +claudebot@anthropic.com)"
216.73.216.183 - - [21/Mar/2026:10:54:06 -0400] "GET /goodscode/3360673164 HTTP/1.1" 404 17308 "-" "Mozilla/5.0 AppleWebKit/537.36 (KHTML, like Gecko; compatible; ClaudeBot/1.0; +claudebot@anthropic.com)"
216.73.216.183 - - [21/Mar/2026:10:54:09 -0400] "GET /goodscode/981715550 HTTP/1.1" 404 17305 "-" "Mozilla/5.0 AppleWebKit/537.36 (KHTML, like Gecko; compatible; ClaudeBot/1.0; +claudebot@anthropic.com)"
216.73.216.183 - - [21/Mar/2026:10:54:12 -0400] "GET /goodscode/2715925876 HTTP/1.1" 404 17308 "-" "Mozilla/5.0 AppleWebKit/537.36 (KHTML, like Gecko; compatible; ClaudeBot/1.0; +claudebot@anthropic.com)"
216.73.216.183 - - [21/Mar/2026:10:54:17 -0400] "GET /goodscode/3352329964 HTTP/1.1" 404 17308 "-" "Mozilla/5.0 AppleWebKit/537.36 (KHTML, like Gecko; compatible; ClaudeBot/1.0; +claudebot@anthropic.com)"
66.249.92.4 - - [21/Mar/2026:10:54:17 -0400] "GET /feed/ HTTP/1.1" 200 50041 "-" "FeedFetcher-Google; (+http://www.google.com/feedfetcher.html)"
216.73.216.183 - - [21/Mar/2026:10:54:20 -0400] "GET /goodscode/442062055 HTTP/1.1" 404 17305 "-" "Mozilla/5.0 AppleWebKit/537.36 (KHTML, like Gecko; compatible; ClaudeBot/1.0; +claudebot@anthropic.com)"
216.73.216.183 - - [21/Mar/2026:10:54:23 -0400] "GET /goodscode/1297930571 HTTP/1.1" 404 17308 "-" "Mozilla/5.0 AppleWebKit/537.36 (KHTML, like Gecko; compatible; ClaudeBot/1.0; +claudebot@anthropic.com)"
216.73.216.183 - - [21/Mar/2026:10:54:26 -0400] "GET /goodscode/155286689 HTTP/1.1" 404 17305 "-" "Mozilla/5.0 AppleWebKit/537.36 (KHTML, like Gecko; compatible; ClaudeBot/1.0; +claudebot@anthropic.com)"
216.73.216.183 - - [21/Mar/2026:10:55:00 -0400] "GET /goodscode/1640668779 HTTP/1.1" 404 17308 "-" "Mozilla/5.0 AppleWebKit/537.36 (KHTML, like Gecko; compatible; ClaudeBot/1.0; +claudebot@anthropic.com)"
216.73.216.183 - - [21/Mar/2026:10:55:04 -0400] "GET /goodscode/2490694240 HTTP/1.1" 404 17308 "-" "Mozilla/5.0 AppleWebKit/537.36 (KHTML, like Gecko; compatible; ClaudeBot/1.0; +claudebot@anthropic.com)"
216.73.216.183 - - [21/Mar/2026:10:55:06 -0400] "GET /goodscode/2123740522 HTTP/1.1" 404 17308 "-" "Mozilla/5.0 AppleWebKit/537.36 (KHTML, like Gecko; compatible; ClaudeBot/1.0; +claudebot@anthropic.com)"
216.73.216.183 - - [21/Mar/2026:10:55:09 -0400] "GET /goodscode/556003792 HTTP/1.1" 404 17305 "-" "Mozilla/5.0 AppleWebKit/537.36 (KHTML, like Gecko; compatible; ClaudeBot/1.0; +claudebot@anthropic.com)"
216.73.216.183 - - [21/Mar/2026:10:55:12 -0400] "GET /goodscode/127248577 HTTP/1.1" 404 17305 "-" "Mozilla/5.0 AppleWebKit/537.36 (KHTML, like Gecko; compatible; ClaudeBot/1.0; +claudebot@anthropic.com)"
216.73.216.183 - - [21/Mar/2026:10:55:15 -0400] "GET /goodscode/937370960 HTTP/1.1" 404 17305 "-" "Mozilla/5.0 AppleWebKit/537.36 (KHTML, like Gecko; compatible; ClaudeBot/1.0; +claudebot@anthropic.com)"
66.249.66.36 - - [21/Mar/2026:10:55:30 -0400] "GET /goodscode/3434455170 HTTP/1.1" 200 390917 "-" "Mozilla/5.0 (Linux; Android 6.0.1; Nexus 5X Build/MMB29P) AppleWebKit/537.36 (KHTML, like Gecko) Chrome/145.0.7632.159 Mobile Safari/537.36 (compatible; GoogleOther)"
216.73.216.183 - - [21/Mar/2026:10:55:46 -0400] "GET /goodscode/644019651 HTTP/1.1" 404 17305 "-" "Mozilla/5.0 AppleWebKit/537.36 (KHTML, like Gecko; compatible; ClaudeBot/1.0; +claudebot@anthropic.com)"
192.71.12.156 - - [21/Mar/2026:10:55:49 -0400] "GET / HTTP/1.1" 301 - "http://reachtelecomsolutions.com/" "Mozilla/5.0 (iPhone; CPU iPhone OS 17_3_1 like Mac OS X) AppleWebKit/605.1.15 (KHTML, like Gecko) Version/17.3.1 Mobile/15E148 Safari/604"
216.73.216.183 - - [21/Mar/2026:10:55:49 -0400] "GET /goodscode/2171090404 HTTP/1.1" 404 17308 "-" "Mozilla/5.0 AppleWebKit/537.36 (KHTML, like Gecko; compatible; ClaudeBot/1.0; +claudebot@anthropic.com)"
192.71.2.56 - - [21/Mar/2026:10:55:49 -0400] "GET / HTTP/1.1" 200 26095 "https://www.reachamplification.com/" "Mozilla/5.0 (iPhone; CPU iPhone OS 17_3_1 like Mac OS X) AppleWebKit/605.1.15 (KHTML, like Gecko) Version/17.3.1 Mobile/15E148 Safari/604"
216.73.216.183 - - [21/Mar/2026:10:55:52 -0400] "GET /goodscode/1150175905 HTTP/1.1" 404 17308 "-" "Mozilla/5.0 AppleWebKit/537.36 (KHTML, like Gecko; compatible; ClaudeBot/1.0; +claudebot@anthropic.com)"
216.73.216.183 - - [21/Mar/2026:10:55:55 -0400] "GET /goodscode/3904126463 HTTP/1.1" 404 17308 "-" "Mozilla/5.0 AppleWebKit/537.36 (KHTML, like Gecko; compatible; ClaudeBot/1.0; +claudebot@anthropic.com)"
216.73.216.183 - - [21/Mar/2026:10:55:58 -0400] "GET /goodscode/1461991699 HTTP/1.1" 404 17308 "-" "Mozilla/5.0 AppleWebKit/537.36 (KHTML, like Gecko; compatible; ClaudeBot/1.0; +claudebot@anthropic.com)"
216.73.216.183 - - [21/Mar/2026:10:56:01 -0400] "GET /goodscode/3873070932 HTTP/1.1" 404 17308 "-" "Mozilla/5.0 AppleWebKit/537.36 (KHTML, like Gecko; compatible; ClaudeBot/1.0; +claudebot@anthropic.com)"
216.73.216.183 - - [21/Mar/2026:10:56:04 -0400] "GET /goodscode/1808889013 HTTP/1.1" 404 17308 "-" "Mozilla/5.0 AppleWebKit/537.36 (KHTML, like Gecko; compatible; ClaudeBot/1.0; +claudebot@anthropic.com)"
216.73.216.183 - - [21/Mar/2026:10:56:07 -0400] "GET /goodscode/2124359416 HTTP/1.1" 404 17308 "-" "Mozilla/5.0 AppleWebKit/537.36 (KHTML, like Gecko; compatible; ClaudeBot/1.0; +claudebot@anthropic.com)"
185.102.115.35 - - [21/Mar/2026:10:56:09 -0400] "POST /wp-login.php HTTP/1.1" 200 7527 "-" "Mozilla/5.0 (Windows NT 6.2; WOW64; rv:31.0) Gecko/20100101 Firefox/31.0"
216.73.216.183 - - [21/Mar/2026:10:56:10 -0400] "GET /goodscode/1374594734 HTTP/1.1" 404 17308 "-" "Mozilla/5.0 AppleWebKit/537.36 (KHTML, like Gecko; compatible; ClaudeBot/1.0; +claudebot@anthropic.com)"
216.73.216.183 - - [21/Mar/2026:10:56:13 -0400] "GET /goodscode/714719420 HTTP/1.1" 404 17305 "-" "Mozilla/5.0 AppleWebKit/537.36 (KHTML, like Gecko; compatible; ClaudeBot/1.0; +claudebot@anthropic.com)"
216.73.216.183 - - [21/Mar/2026:10:56:16 -0400] "GET /goodscode/3748168249 HTTP/1.1" 404 17308 "-" "Mozilla/5.0 AppleWebKit/537.36 (KHTML, like Gecko; compatible; ClaudeBot/1.0; +claudebot@anthropic.com)"
216.73.216.221 - - [21/Mar/2026:10:56:19 -0400] "GET /robots.txt HTTP/1.1" 200 82 "-" "Mozilla/5.0 AppleWebKit/537.36 (KHTML, like Gecko; compatible; ClaudeBot/1.0; +claudebot@anthropic.com)"
216.73.216.183 - - [21/Mar/2026:10:56:19 -0400] "GET /goodscode/2168666222 HTTP/1.1" 404 17308 "-" "Mozilla/5.0 AppleWebKit/537.36 (KHTML, like Gecko; compatible; ClaudeBot/1.0; +claudebot@anthropic.com)"
