File: /home/reachcon/access-logs/reachconnects.com-ssl_log
216.73.216.221 - - [21/Mar/2026:08:10:12 -0400] "GET /market/3019397864 HTTP/1.1" 404 17308 "-" "Mozilla/5.0 AppleWebKit/537.36 (KHTML, like Gecko; compatible; ClaudeBot/1.0; +claudebot@anthropic.com)"
216.73.216.221 - - [21/Mar/2026:08:10:15 -0400] "GET /market/1707119195 HTTP/1.1" 404 17308 "-" "Mozilla/5.0 AppleWebKit/537.36 (KHTML, like Gecko; compatible; ClaudeBot/1.0; +claudebot@anthropic.com)"
216.73.216.221 - - [21/Mar/2026:08:10:18 -0400] "GET /market/2899126120 HTTP/1.1" 404 17308 "-" "Mozilla/5.0 AppleWebKit/537.36 (KHTML, like Gecko; compatible; ClaudeBot/1.0; +claudebot@anthropic.com)"
216.73.216.221 - - [21/Mar/2026:08:10:21 -0400] "GET /market/246698350 HTTP/1.1" 404 17305 "-" "Mozilla/5.0 AppleWebKit/537.36 (KHTML, like Gecko; compatible; ClaudeBot/1.0; +claudebot@anthropic.com)"
216.73.216.221 - - [21/Mar/2026:08:10:27 -0400] "GET /market/508942153 HTTP/1.1" 404 17305 "-" "Mozilla/5.0 AppleWebKit/537.36 (KHTML, like Gecko; compatible; ClaudeBot/1.0; +claudebot@anthropic.com)"
5.135.142.134 - - [21/Mar/2026:08:10:30 -0400] "HEAD /feed/?8ab6=1774095030 HTTP/1.1" 304 - "-" "FeedPress/1.0 (https://feedpress.com)"
66.249.92.5 - - [21/Mar/2026:08:10:32 -0400] "GET /feed/ HTTP/1.1" 200 50041 "-" "FeedFetcher-Google; (+http://www.google.com/feedfetcher.html)"
94.23.188.217 - - [21/Mar/2026:08:10:49 -0400] "GET /msps-help-simplify-your-communications/ HTTP/1.1" 200 23906 "-" "Mozilla/5.0 (compatible; AhrefsBot/7.0; +http://ahrefs.com/robot/)"
160.178.169.201 - - [21/Mar/2026:08:11:06 -0400] "GET / HTTP/1.1" 301 - "-" "Mozilla/5.0 (Linux; Android 10; SM-G981B) AppleWebKit/537.36 (KHTML, like Gecko) Chrome/80.0.3987.162 Mobile Safari/537.36"
105.76.167.153 - - [21/Mar/2026:08:11:09 -0400] "GET / HTTP/1.1" 200 26095 "-" "Mozilla/5.0 (Linux; Android 10; SM-G981B) AppleWebKit/537.36 (KHTML, like Gecko) Chrome/80.0.3987.162 Mobile Safari/537.36"
216.73.216.221 - - [21/Mar/2026:08:11:33 -0400] "GET /market/195732425 HTTP/1.1" 404 17305 "-" "Mozilla/5.0 AppleWebKit/537.36 (KHTML, like Gecko; compatible; ClaudeBot/1.0; +claudebot@anthropic.com)"
216.73.216.221 - - [21/Mar/2026:08:11:36 -0400] "GET /market/766505123 HTTP/1.1" 404 17305 "-" "Mozilla/5.0 AppleWebKit/537.36 (KHTML, like Gecko; compatible; ClaudeBot/1.0; +claudebot@anthropic.com)"
216.73.216.221 - - [21/Mar/2026:08:11:39 -0400] "GET /market/2627680870 HTTP/1.1" 404 17308 "-" "Mozilla/5.0 AppleWebKit/537.36 (KHTML, like Gecko; compatible; ClaudeBot/1.0; +claudebot@anthropic.com)"
216.73.216.221 - - [21/Mar/2026:08:11:42 -0400] "GET /market/1416761434 HTTP/1.1" 404 17308 "-" "Mozilla/5.0 AppleWebKit/537.36 (KHTML, like Gecko; compatible; ClaudeBot/1.0; +claudebot@anthropic.com)"
216.73.216.221 - - [21/Mar/2026:08:11:45 -0400] "GET /market/1052231929 HTTP/1.1" 404 17308 "-" "Mozilla/5.0 AppleWebKit/537.36 (KHTML, like Gecko; compatible; ClaudeBot/1.0; +claudebot@anthropic.com)"
216.73.216.221 - - [21/Mar/2026:08:11:48 -0400] "GET /market/2550789480 HTTP/1.1" 404 17308 "-" "Mozilla/5.0 AppleWebKit/537.36 (KHTML, like Gecko; compatible; ClaudeBot/1.0; +claudebot@anthropic.com)"
216.73.216.221 - - [21/Mar/2026:08:11:54 -0400] "GET /market/1873440998 HTTP/1.1" 404 17308 "-" "Mozilla/5.0 AppleWebKit/537.36 (KHTML, like Gecko; compatible; ClaudeBot/1.0; +claudebot@anthropic.com)"
216.73.216.221 - - [21/Mar/2026:08:11:57 -0400] "GET /market/123820589 HTTP/1.1" 404 17305 "-" "Mozilla/5.0 AppleWebKit/537.36 (KHTML, like Gecko; compatible; ClaudeBot/1.0; +claudebot@anthropic.com)"
45.131.194.94 - - [21/Mar/2026:08:12:06 -0400] "POST /wp-login.php HTTP/1.1" 200 7509 "-" "Mozilla/5.0"
20.15.133.191 - - [21/Mar/2026:08:12:10 -0400] "GET /market/2283019854 HTTP/1.1" 200 390798 "-" "Mozilla/5.0 AppleWebKit/537.36 (KHTML, like Gecko; compatible; bingbot/2.0; +http://www.bing.com/bingbot.htm) Chrome/116.0.1938.76 Safari/537.36"
216.73.216.221 - - [21/Mar/2026:08:12:11 -0400] "GET /market/2649181102 HTTP/1.1" 404 17308 "-" "Mozilla/5.0 AppleWebKit/537.36 (KHTML, like Gecko; compatible; ClaudeBot/1.0; +claudebot@anthropic.com)"
216.73.216.221 - - [21/Mar/2026:08:12:14 -0400] "GET /market/2254113473 HTTP/1.1" 404 17308 "-" "Mozilla/5.0 AppleWebKit/537.36 (KHTML, like Gecko; compatible; ClaudeBot/1.0; +claudebot@anthropic.com)"
216.73.216.221 - - [21/Mar/2026:08:12:17 -0400] "GET /market/2701781183 HTTP/1.1" 404 17308 "-" "Mozilla/5.0 AppleWebKit/537.36 (KHTML, like Gecko; compatible; ClaudeBot/1.0; +claudebot@anthropic.com)"
43.153.85.46 - - [21/Mar/2026:08:12:18 -0400] "GET / HTTP/1.1" 301 - "http://www.reachtelecomsolutions.com" "Mozilla/5.0 (iPhone; CPU iPhone OS 13_2_3 like Mac OS X) AppleWebKit/605.1.15 (KHTML, like Gecko) Version/13.0.3 Mobile/15E148 Safari/604.1"
43.153.85.46 - - [21/Mar/2026:08:12:19 -0400] "GET / HTTP/1.1" 200 26095 "https://www.reachamplification.com/" "Mozilla/5.0 (iPhone; CPU iPhone OS 13_2_3 like Mac OS X) AppleWebKit/605.1.15 (KHTML, like Gecko) Version/13.0.3 Mobile/15E148 Safari/604.1"
216.73.216.221 - - [21/Mar/2026:08:12:19 -0400] "GET /market/296502821 HTTP/1.1" 404 17305 "-" "Mozilla/5.0 AppleWebKit/537.36 (KHTML, like Gecko; compatible; ClaudeBot/1.0; +claudebot@anthropic.com)"
216.73.216.221 - - [21/Mar/2026:08:12:22 -0400] "GET /market/994253034 HTTP/1.1" 404 17305 "-" "Mozilla/5.0 AppleWebKit/537.36 (KHTML, like Gecko; compatible; ClaudeBot/1.0; +claudebot@anthropic.com)"
216.73.216.221 - - [21/Mar/2026:08:12:26 -0400] "GET /market/3165169775 HTTP/1.1" 404 17308 "-" "Mozilla/5.0 AppleWebKit/537.36 (KHTML, like Gecko; compatible; ClaudeBot/1.0; +claudebot@anthropic.com)"
216.73.216.221 - - [21/Mar/2026:08:12:30 -0400] "GET /market/1008787887 HTTP/1.1" 404 17308 "-" "Mozilla/5.0 AppleWebKit/537.36 (KHTML, like Gecko; compatible; ClaudeBot/1.0; +claudebot@anthropic.com)"
216.73.216.221 - - [21/Mar/2026:08:12:33 -0400] "GET /market/1924016173 HTTP/1.1" 404 17308 "-" "Mozilla/5.0 AppleWebKit/537.36 (KHTML, like Gecko; compatible; ClaudeBot/1.0; +claudebot@anthropic.com)"
216.73.216.221 - - [21/Mar/2026:08:12:36 -0400] "GET /market/1365795525 HTTP/1.1" 404 17308 "-" "Mozilla/5.0 AppleWebKit/537.36 (KHTML, like Gecko; compatible; ClaudeBot/1.0; +claudebot@anthropic.com)"
216.73.216.221 - - [21/Mar/2026:08:12:39 -0400] "GET /market/1907873218 HTTP/1.1" 404 17308 "-" "Mozilla/5.0 AppleWebKit/537.36 (KHTML, like Gecko; compatible; ClaudeBot/1.0; +claudebot@anthropic.com)"
216.73.216.221 - - [21/Mar/2026:08:12:43 -0400] "GET /market/2848323734 HTTP/1.1" 404 17308 "-" "Mozilla/5.0 AppleWebKit/537.36 (KHTML, like Gecko; compatible; ClaudeBot/1.0; +claudebot@anthropic.com)"
216.73.216.221 - - [21/Mar/2026:08:12:45 -0400] "GET /market/3930382720 HTTP/1.1" 404 17308 "-" "Mozilla/5.0 AppleWebKit/537.36 (KHTML, like Gecko; compatible; ClaudeBot/1.0; +claudebot@anthropic.com)"
37.59.204.148 - - [21/Mar/2026:08:12:48 -0400] "GET /wp-content/uploads/msp.jpg HTTP/1.1" 200 51947 "-" "Mozilla/5.0 (compatible; AhrefsBot/7.0; +http://ahrefs.com/robot/)"
216.73.216.221 - - [21/Mar/2026:08:12:48 -0400] "GET /market/1289131378 HTTP/1.1" 404 17308 "-" "Mozilla/5.0 AppleWebKit/537.36 (KHTML, like Gecko; compatible; ClaudeBot/1.0; +claudebot@anthropic.com)"
216.73.216.221 - - [21/Mar/2026:08:12:52 -0400] "GET /market/4118597688 HTTP/1.1" 404 17308 "-" "Mozilla/5.0 AppleWebKit/537.36 (KHTML, like Gecko; compatible; ClaudeBot/1.0; +claudebot@anthropic.com)"
216.73.216.221 - - [21/Mar/2026:08:12:55 -0400] "GET /market/1141376696 HTTP/1.1" 404 17308 "-" "Mozilla/5.0 AppleWebKit/537.36 (KHTML, like Gecko; compatible; ClaudeBot/1.0; +claudebot@anthropic.com)"
216.73.216.221 - - [21/Mar/2026:08:12:57 -0400] "GET /market/1212239972 HTTP/1.1" 404 17308 "-" "Mozilla/5.0 AppleWebKit/537.36 (KHTML, like Gecko; compatible; ClaudeBot/1.0; +claudebot@anthropic.com)"
37.59.204.138 - - [21/Mar/2026:08:13:01 -0400] "GET /msps-help-simplify-your-communications/ HTTP/1.1" 200 23906 "-" "Mozilla/5.0 (compatible; AhrefsBot/7.0; +http://ahrefs.com/robot/)"
216.73.216.221 - - [21/Mar/2026:08:13:01 -0400] "GET /market/811279395 HTTP/1.1" 404 17305 "-" "Mozilla/5.0 AppleWebKit/537.36 (KHTML, like Gecko; compatible; ClaudeBot/1.0; +claudebot@anthropic.com)"
216.73.216.221 - - [21/Mar/2026:08:13:03 -0400] "GET /market/1259060735 HTTP/1.1" 404 17308 "-" "Mozilla/5.0 AppleWebKit/537.36 (KHTML, like Gecko; compatible; ClaudeBot/1.0; +claudebot@anthropic.com)"
66.249.66.34 - - [21/Mar/2026:08:13:09 -0400] "GET /bep/m/prom90?id=915722295 HTTP/1.1" 200 382726 "-" "Mozilla/5.0 (Linux; Android 6.0.1; Nexus 5X Build/MMB29P) AppleWebKit/537.36 (KHTML, like Gecko) Chrome/145.0.7632.159 Mobile Safari/537.36 (compatible; GoogleOther)"
216.73.216.221 - - [21/Mar/2026:08:13:10 -0400] "GET /market/543234705 HTTP/1.1" 404 17305 "-" "Mozilla/5.0 AppleWebKit/537.36 (KHTML, like Gecko; compatible; ClaudeBot/1.0; +claudebot@anthropic.com)"
216.73.216.221 - - [21/Mar/2026:08:13:13 -0400] "GET /market/4189460964 HTTP/1.1" 404 17308 "-" "Mozilla/5.0 AppleWebKit/537.36 (KHTML, like Gecko; compatible; ClaudeBot/1.0; +claudebot@anthropic.com)"
216.73.216.221 - - [21/Mar/2026:08:13:16 -0400] "GET /market/712933213 HTTP/1.1" 404 17305 "-" "Mozilla/5.0 AppleWebKit/537.36 (KHTML, like Gecko; compatible; ClaudeBot/1.0; +claudebot@anthropic.com)"
216.73.216.221 - - [21/Mar/2026:08:13:19 -0400] "GET /market/1147341122 HTTP/1.1" 404 17308 "-" "Mozilla/5.0 AppleWebKit/537.36 (KHTML, like Gecko; compatible; ClaudeBot/1.0; +claudebot@anthropic.com)"
216.73.216.221 - - [21/Mar/2026:08:13:22 -0400] "GET /market/3772285986 HTTP/1.1" 404 17308 "-" "Mozilla/5.0 AppleWebKit/537.36 (KHTML, like Gecko; compatible; ClaudeBot/1.0; +claudebot@anthropic.com)"
216.73.216.221 - - [21/Mar/2026:08:13:25 -0400] "GET /market/1853316404 HTTP/1.1" 404 17308 "-" "Mozilla/5.0 AppleWebKit/537.36 (KHTML, like Gecko; compatible; ClaudeBot/1.0; +claudebot@anthropic.com)"
216.73.216.221 - - [21/Mar/2026:08:13:32 -0400] "GET /market/3494876310 HTTP/1.1" 404 17308 "-" "Mozilla/5.0 AppleWebKit/537.36 (KHTML, like Gecko; compatible; ClaudeBot/1.0; +claudebot@anthropic.com)"
216.73.216.221 - - [21/Mar/2026:08:13:36 -0400] "GET /market/3885608448 HTTP/1.1" 404 17308 "-" "Mozilla/5.0 AppleWebKit/537.36 (KHTML, like Gecko; compatible; ClaudeBot/1.0; +claudebot@anthropic.com)"
216.73.216.221 - - [21/Mar/2026:08:13:38 -0400] "GET /market/617538358 HTTP/1.1" 404 17305 "-" "Mozilla/5.0 AppleWebKit/537.36 (KHTML, like Gecko; compatible; ClaudeBot/1.0; +claudebot@anthropic.com)"
216.73.216.221 - - [21/Mar/2026:08:13:41 -0400] "GET /market/3350707280 HTTP/1.1" 404 17308 "-" "Mozilla/5.0 AppleWebKit/537.36 (KHTML, like Gecko; compatible; ClaudeBot/1.0; +claudebot@anthropic.com)"
118.71.172.85 - - [21/Mar/2026:08:13:41 -0400] "GET /merry-christmas-and-happy-new-year/ HTTP/1.1" 200 20722 "-" "Mozilla/5.0 (Windows CE; cs-CZ; rv:1.9.0.20) Gecko/5668-07-16 04:16:49.925934 Firefox/3.8"
216.73.216.221 - - [21/Mar/2026:08:13:44 -0400] "GET /market/3735828860 HTTP/1.1" 404 17308 "-" "Mozilla/5.0 AppleWebKit/537.36 (KHTML, like Gecko; compatible; ClaudeBot/1.0; +claudebot@anthropic.com)"
216.73.216.221 - - [21/Mar/2026:08:13:47 -0400] "GET /market/2206687776 HTTP/1.1" 404 17308 "-" "Mozilla/5.0 AppleWebKit/537.36 (KHTML, like Gecko; compatible; ClaudeBot/1.0; +claudebot@anthropic.com)"
66.249.66.67 - - [21/Mar/2026:08:14:24 -0400] "GET /bep/m/prom90?id=915744518 HTTP/1.1" 200 382726 "-" "Mozilla/5.0 (Linux; Android 6.0.1; Nexus 5X Build/MMB29P) AppleWebKit/537.36 (KHTML, like Gecko) Chrome/145.0.7632.159 Mobile Safari/537.36 (compatible; GoogleOther)"
216.73.216.221 - - [21/Mar/2026:08:14:25 -0400] "GET /market/2330777620 HTTP/1.1" 404 17308 "-" "Mozilla/5.0 AppleWebKit/537.36 (KHTML, like Gecko; compatible; ClaudeBot/1.0; +claudebot@anthropic.com)"
216.73.216.221 - - [21/Mar/2026:08:14:28 -0400] "GET /market/3914076242 HTTP/1.1" 404 17308 "-" "Mozilla/5.0 AppleWebKit/537.36 (KHTML, like Gecko; compatible; ClaudeBot/1.0; +claudebot@anthropic.com)"
216.73.216.221 - - [21/Mar/2026:08:14:31 -0400] "GET /market/3466408516 HTTP/1.1" 404 17308 "-" "Mozilla/5.0 AppleWebKit/537.36 (KHTML, like Gecko; compatible; ClaudeBot/1.0; +claudebot@anthropic.com)"
216.73.216.221 - - [21/Mar/2026:08:14:34 -0400] "GET /market/1829996956 HTTP/1.1" 404 17308 "-" "Mozilla/5.0 AppleWebKit/537.36 (KHTML, like Gecko; compatible; ClaudeBot/1.0; +claudebot@anthropic.com)"
216.73.216.221 - - [21/Mar/2026:08:14:38 -0400] "GET /market/3815730044 HTTP/1.1" 404 17308 "-" "Mozilla/5.0 AppleWebKit/537.36 (KHTML, like Gecko; compatible; ClaudeBot/1.0; +claudebot@anthropic.com)"
216.73.216.221 - - [21/Mar/2026:08:14:40 -0400] "GET /market/2749977552 HTTP/1.1" 404 17308 "-" "Mozilla/5.0 AppleWebKit/537.36 (KHTML, like Gecko; compatible; ClaudeBot/1.0; +claudebot@anthropic.com)"
216.73.216.221 - - [21/Mar/2026:08:15:01 -0400] "GET /market/2778672573 HTTP/1.1" 404 17308 "-" "Mozilla/5.0 AppleWebKit/537.36 (KHTML, like Gecko; compatible; ClaudeBot/1.0; +claudebot@anthropic.com)"
216.73.216.221 - - [21/Mar/2026:08:15:04 -0400] "GET /market/3724274677 HTTP/1.1" 404 17308 "-" "Mozilla/5.0 AppleWebKit/537.36 (KHTML, like Gecko; compatible; ClaudeBot/1.0; +claudebot@anthropic.com)"
216.73.216.221 - - [21/Mar/2026:08:15:07 -0400] "GET /market/3820482339 HTTP/1.1" 404 17308 "-" "Mozilla/5.0 AppleWebKit/537.36 (KHTML, like Gecko; compatible; ClaudeBot/1.0; +claudebot@anthropic.com)"
216.73.216.221 - - [21/Mar/2026:08:15:10 -0400] "GET /market/3169922070 HTTP/1.1" 404 17308 "-" "Mozilla/5.0 AppleWebKit/537.36 (KHTML, like Gecko; compatible; ClaudeBot/1.0; +claudebot@anthropic.com)"
216.73.216.221 - - [21/Mar/2026:08:15:14 -0400] "GET /market/3842164374 HTTP/1.1" 404 17308 "-" "Mozilla/5.0 AppleWebKit/537.36 (KHTML, like Gecko; compatible; ClaudeBot/1.0; +claudebot@anthropic.com)"
216.73.216.221 - - [21/Mar/2026:08:15:16 -0400] "GET /market/2217682401 HTTP/1.1" 404 17308 "-" "Mozilla/5.0 AppleWebKit/537.36 (KHTML, like Gecko; compatible; ClaudeBot/1.0; +claudebot@anthropic.com)"
216.73.216.221 - - [21/Mar/2026:08:15:23 -0400] "GET /market/3543236202 HTTP/1.1" 404 17308 "-" "Mozilla/5.0 AppleWebKit/537.36 (KHTML, like Gecko; compatible; ClaudeBot/1.0; +claudebot@anthropic.com)"
216.73.216.221 - - [21/Mar/2026:08:15:26 -0400] "GET /market/2135684833 HTTP/1.1" 404 17308 "-" "Mozilla/5.0 AppleWebKit/537.36 (KHTML, like Gecko; compatible; ClaudeBot/1.0; +claudebot@anthropic.com)"
216.73.216.221 - - [21/Mar/2026:08:15:29 -0400] "GET /market/4276694422 HTTP/1.1" 404 17308 "-" "Mozilla/5.0 AppleWebKit/537.36 (KHTML, like Gecko; compatible; ClaudeBot/1.0; +claudebot@anthropic.com)"
216.73.216.221 - - [21/Mar/2026:08:15:32 -0400] "GET /market/3569507041 HTTP/1.1" 404 17308 "-" "Mozilla/5.0 AppleWebKit/537.36 (KHTML, like Gecko; compatible; ClaudeBot/1.0; +claudebot@anthropic.com)"
216.73.216.221 - - [21/Mar/2026:08:15:35 -0400] "GET /market/1654759352 HTTP/1.1" 404 17308 "-" "Mozilla/5.0 AppleWebKit/537.36 (KHTML, like Gecko; compatible; ClaudeBot/1.0; +claudebot@anthropic.com)"
216.73.216.221 - - [21/Mar/2026:08:15:38 -0400] "GET /market/3129298229 HTTP/1.1" 404 17308 "-" "Mozilla/5.0 AppleWebKit/537.36 (KHTML, like Gecko; compatible; ClaudeBot/1.0; +claudebot@anthropic.com)"
51.75.236.155 - - [21/Mar/2026:08:17:03 -0400] "GET /communications-platform-as-a-service-cpaas/ HTTP/1.1" 200 22986 "-" "Mozilla/5.0 (compatible; AhrefsBot/7.0; +http://ahrefs.com/robot/)"
66.249.66.194 - - [21/Mar/2026:08:18:49 -0400] "GET /bep/m/prom90?id=915722290 HTTP/1.1" 200 382726 "-" "Mozilla/5.0 (Linux; Android 6.0.1; Nexus 5X Build/MMB29P) AppleWebKit/537.36 (KHTML, like Gecko) Chrome/145.0.7632.159 Mobile Safari/537.36 (compatible; GoogleOther)"
66.249.66.166 - - [21/Mar/2026:08:19:58 -0400] "GET /bep/m/prom90?id=915722293 HTTP/1.1" 200 382726 "-" "Mozilla/5.0 (Linux; Android 6.0.1; Nexus 5X Build/MMB29P) AppleWebKit/537.36 (KHTML, like Gecko) Chrome/145.0.7632.159 Mobile Safari/537.36 (compatible; GoogleOther)"
51.75.236.136 - - [21/Mar/2026:08:21:55 -0400] "GET /communications-platform-as-a-service-cpaas/ HTTP/1.1" 200 22986 "-" "Mozilla/5.0 (compatible; AhrefsBot/7.0; +http://ahrefs.com/robot/)"
94.23.188.223 - - [21/Mar/2026:08:23:07 -0400] "GET /category/telecom-management-services/page/5/ HTTP/1.1" 200 31772 "-" "Mozilla/5.0 (compatible; AhrefsBot/7.0; +http://ahrefs.com/robot/)"
66.249.66.196 - - [21/Mar/2026:08:23:13 -0400] "GET /bep/m/prom90?id=915722289 HTTP/1.1" 200 382726 "-" "Mozilla/5.0 (Linux; Android 6.0.1; Nexus 5X Build/MMB29P) AppleWebKit/537.36 (KHTML, like Gecko) Chrome/145.0.7632.159 Mobile Safari/537.36 (compatible; GoogleOther)"
54.37.118.89 - - [21/Mar/2026:08:23:30 -0400] "GET /category/telecom-management-services/page/5/ HTTP/1.1" 200 31772 "-" "Mozilla/5.0 (compatible; AhrefsBot/7.0; +http://ahrefs.com/robot/)"
66.249.66.66 - - [21/Mar/2026:08:26:47 -0400] "GET /bep/m/prom90?id=915855097 HTTP/1.1" 200 382726 "-" "Mozilla/5.0 (Linux; Android 6.0.1; Nexus 5X Build/MMB29P) AppleWebKit/537.36 (KHTML, like Gecko) Chrome/145.0.7632.159 Mobile Safari/537.36 (compatible; GoogleOther)"
66.249.66.3 - - [21/Mar/2026:08:27:38 -0400] "GET /bep/m/prom90?id=915744510 HTTP/1.1" 200 382726 "-" "Mozilla/5.0 (Linux; Android 6.0.1; Nexus 5X Build/MMB29P) AppleWebKit/537.36 (KHTML, like Gecko) Chrome/145.0.7632.159 Mobile Safari/537.36 (compatible; GoogleOther)"
5.39.1.224 - - [21/Mar/2026:08:29:41 -0400] "GET /aircalls-easy-support-keeps-your-business-going-and-growing/ HTTP/1.1" 200 22247 "-" "Mozilla/5.0 (compatible; AhrefsBot/7.0; +http://ahrefs.com/robot/)"
5.135.142.134 - - [21/Mar/2026:08:30:32 -0400] "HEAD /feed/?8f68=1774096232 HTTP/1.1" 304 - "-" "FeedPress/1.0 (https://feedpress.com)"
74.7.244.29 - - [21/Mar/2026:08:31:48 -0400] "GET /robots.txt HTTP/1.1" 200 82 "-" "Mozilla/5.0 (Macintosh; Intel Mac OS X 10_15_7) AppleWebKit/537.36 (KHTML, like Gecko) Chrome/131.0.0.0 Safari/537.36; compatible; OAI-SearchBot/1.3; robots.txt; +https://openai.com/searchbot"
74.7.175.131 - - [21/Mar/2026:08:31:48 -0400] "GET /robots.txt HTTP/1.1" 200 82 "-" "Mozilla/5.0 (Macintosh; Intel Mac OS X 10_15_7) AppleWebKit/537.36 (KHTML, like Gecko) Chrome/131.0.0.0 Safari/537.36; compatible; OAI-SearchBot/1.3; robots.txt; +https://openai.com/searchbot"
74.7.242.48 - - [21/Mar/2026:08:31:48 -0400] "GET / HTTP/1.1" 301 - "-" "Mozilla/5.0 AppleWebKit/537.36 (KHTML, like Gecko; compatible; GPTBot/1.3; +https://openai.com/gptbot)"
74.7.242.4 - - [21/Mar/2026:08:31:48 -0400] "GET / HTTP/1.1" 301 - "-" "Mozilla/5.0 AppleWebKit/537.36 (KHTML, like Gecko; compatible; GPTBot/1.3; +https://openai.com/gptbot)"
66.249.66.168 - - [21/Mar/2026:08:32:03 -0400] "GET /bep/m/prom90?id=915722287 HTTP/1.1" 200 382726 "-" "Mozilla/5.0 (Linux; Android 6.0.1; Nexus 5X Build/MMB29P) AppleWebKit/537.36 (KHTML, like Gecko) Chrome/145.0.7632.159 Mobile Safari/537.36 (compatible; GoogleOther)"
92.222.104.219 - - [21/Mar/2026:08:32:32 -0400] "GET /aircalls-easy-support-keeps-your-business-going-and-growing/ HTTP/1.1" 200 22247 "-" "Mozilla/5.0 (compatible; AhrefsBot/7.0; +http://ahrefs.com/robot/)"
66.249.92.200 - - [21/Mar/2026:08:32:54 -0400] "GET /feed/ HTTP/1.1" 200 50041 "-" "FeedFetcher-Google; (+http://www.google.com/feedfetcher.html)"
69.165.68.231 - - [21/Mar/2026:08:33:09 -0400] "GET /index.php?rest_route=/wp/v2/posts&per_page=100&_fields=id%2Ccomment_status&page=1 HTTP/1.1" 200 3569 "https://reachconnects.com" "Mozilla/5.0 (iPhone; CPU iPhone OS 11_0 like Mac OS X) AppleWebKit/537.36 (KHTML, like Gecko) Chrome/59.0.2017.1724 Mobile Safari/537.36"
69.165.68.231 - - [21/Mar/2026:08:33:09 -0400] "POST /wp-comments-post.php HTTP/1.1" 302 - "https://reachconnects.com" "Mozilla/5.0 (iPhone; CPU iPhone OS 11_0 like Mac OS X) AppleWebKit/537.36 (KHTML, like Gecko) Chrome/59.0.2017.1724 Mobile Safari/537.36"
66.249.66.3 - - [21/Mar/2026:08:33:36 -0400] "GET /event/autoto/index.html?spe_id=prom684663638&spe_id=mm_relation_2 HTTP/1.1" 200 384837 "-" "Mozilla/5.0 (Linux; Android 6.0.1; Nexus 5X Build/MMB29P) AppleWebKit/537.36 (KHTML, like Gecko) Chrome/145.0.7632.159 Mobile Safari/537.36 (compatible; GoogleOther)"
94.23.188.206 - - [21/Mar/2026:08:36:16 -0400] "GET /qos-over-any-network-with-smartwan/ HTTP/1.1" 200 22567 "-" "Mozilla/5.0 (compatible; AhrefsBot/7.0; +http://ahrefs.com/robot/)"
66.249.66.34 - - [21/Mar/2026:08:36:28 -0400] "GET /bep/m/prom90?id=915855098 HTTP/1.1" 200 382726 "-" "Mozilla/5.0 (Linux; Android 6.0.1; Nexus 5X Build/MMB29P) AppleWebKit/537.36 (KHTML, like Gecko) Chrome/145.0.7632.159 Mobile Safari/537.36 (compatible; GoogleOther)"
47.79.215.184 - - [21/Mar/2026:08:36:45 -0400] "GET //sitemap] HTTP/1.1" 301 - "https://www.google.com/" "Mozilla/5.0 (Windows NT 10.0; Win64; x64) AppleWebKit/537.36 (KHTML, like Gecko) Chrome/133.0.0.0 Safari/537.36 Edg/133.0.0.0"
47.79.215.184 - - [21/Mar/2026:08:36:46 -0400] "GET /sitemap/ HTTP/1.1" 200 35160 "https://www.google.com/" "Mozilla/5.0 (Windows NT 10.0; Win64; x64) AppleWebKit/537.36 (KHTML, like Gecko) Chrome/133.0.0.0 Safari/537.36 Edg/133.0.0.0"
45.131.194.81 - - [21/Mar/2026:08:36:59 -0400] "POST /wp-login.php HTTP/1.1" 200 7509 "-" "Mozilla/5.0"
51.75.236.133 - - [21/Mar/2026:08:37:42 -0400] "GET /qos-over-any-network-with-smartwan/ HTTP/1.1" 200 22567 "-" "Mozilla/5.0 (compatible; AhrefsBot/7.0; +http://ahrefs.com/robot/)"
185.191.171.13 - - [21/Mar/2026:08:40:02 -0400] "GET /robots.txt HTTP/1.1" 200 82 "-" "Mozilla/5.0 (compatible; SemrushBot/7~bl; +http://www.semrush.com/bot.html)"
85.208.96.196 - - [21/Mar/2026:08:40:03 -0400] "GET /aircalls-easy-support-keeps-your-business-going-and-growing/ HTTP/1.1" 200 22247 "-" "Mozilla/5.0 (compatible; SemrushBot/7~bl; +http://www.semrush.com/bot.html)"
85.208.96.194 - - [21/Mar/2026:08:40:03 -0400] "GET /robots.txt HTTP/1.1" 200 82 "-" "Mozilla/5.0 (compatible; SemrushBot/7~bl; +http://www.semrush.com/bot.html)"
85.208.96.196 - - [21/Mar/2026:08:40:03 -0400] "GET /aircalls-easy-support-keeps-your-business-going-and-growing/ HTTP/1.1" 200 22247 "-" "Mozilla/5.0 (compatible; SemrushBot/7~bl; +http://www.semrush.com/bot.html)"
66.249.66.167 - - [21/Mar/2026:08:40:25 -0400] "GET /bep/m/prom90?id=915722292 HTTP/1.1" 200 382726 "-" "Mozilla/5.0 (Linux; Android 6.0.1; Nexus 5X Build/MMB29P) AppleWebKit/537.36 (KHTML, like Gecko) Chrome/145.0.7632.159 Mobile Safari/537.36 (compatible; GoogleOther)"
66.249.66.3 - - [21/Mar/2026:08:40:52 -0400] "GET /event/index.html?spe_id=mm_campaign HTTP/1.1" 200 383805 "-" "Mozilla/5.0 (Linux; Android 6.0.1; Nexus 5X Build/MMB29P) AppleWebKit/537.36 (KHTML, like Gecko) Chrome/145.0.7632.159 Mobile Safari/537.36 (compatible; GoogleOther)"
51.68.247.217 - - [21/Mar/2026:08:43:25 -0400] "GET /cancel-out-the-noise-with-a-blueparrott-bluetooth-headset/ HTTP/1.1" 200 23010 "-" "Mozilla/5.0 (compatible; AhrefsBot/7.0; +http://ahrefs.com/robot/)"
66.249.66.35 - - [21/Mar/2026:08:45:17 -0400] "GET /terms/index.html HTTP/1.1" 200 369861 "-" "Mozilla/5.0 (Linux; Android 6.0.1; Nexus 5X Build/MMB29P) AppleWebKit/537.36 (KHTML, like Gecko) Chrome/145.0.7632.159 Mobile Safari/537.36 (compatible; GoogleOther)"
66.249.66.3 - - [21/Mar/2026:08:47:14 -0400] "GET /bep/m/prom90?id=915744519 HTTP/1.1" 200 382726 "-" "Mozilla/5.0 (Linux; Android 6.0.1; Nexus 5X Build/MMB29P) AppleWebKit/537.36 (KHTML, like Gecko) Chrome/145.0.7632.159 Mobile Safari/537.36 (compatible; GoogleOther)"
176.31.139.11 - - [21/Mar/2026:08:47:58 -0400] "GET /cancel-out-the-noise-with-a-blueparrott-bluetooth-headset/ HTTP/1.1" 200 23010 "-" "Mozilla/5.0 (compatible; AhrefsBot/7.0; +http://ahrefs.com/robot/)"
37.59.204.158 - - [21/Mar/2026:08:48:29 -0400] "GET /wp-content/uploads/BlueParrott-B450-XT-336x391-1.jpg HTTP/1.1" 200 29006 "-" "Mozilla/5.0 (compatible; AhrefsBot/7.0; +http://ahrefs.com/robot/)"
37.59.204.148 - - [21/Mar/2026:08:49:08 -0400] "GET /category/telecom-management-services/page/6/ HTTP/1.1" 200 29672 "-" "Mozilla/5.0 (compatible; AhrefsBot/7.0; +http://ahrefs.com/robot/)"
66.249.66.167 - - [21/Mar/2026:08:49:42 -0400] "GET /user_guide/thankyou-haisou?spe_id=item_smpass_point HTTP/1.1" 200 406295 "-" "Mozilla/5.0 (Linux; Android 6.0.1; Nexus 5X Build/MMB29P) AppleWebKit/537.36 (KHTML, like Gecko) Chrome/145.0.7632.159 Mobile Safari/537.36 (compatible; GoogleOther)"
23.101.8.77 - - [21/Mar/2026:08:51:12 -0400] "GET /ioxi-o.php HTTP/1.1" 404 17254 "-" "Mozilla/5.0 (Windows NT 10.0; Win64; x64) AppleWebKit/537.36 (KHTML, like Gecko) Chrome/120.0.0.0 Safari/537.36"
5.39.71.120 - - [21/Mar/2026:08:51:12 -0400] "HEAD /feed/?9440=1774097472 HTTP/1.1" 304 - "-" "FeedPress/1.0 (https://feedpress.com)"
23.101.8.77 - - [21/Mar/2026:08:51:13 -0400] "GET /0x.php HTTP/1.1" 404 17254 "-" "Mozilla/5.0 (Windows NT 10.0; Win64; x64) AppleWebKit/537.36 (KHTML, like Gecko) Chrome/120.0.0.0 Safari/537.36"
5.39.71.120 - - [21/Mar/2026:08:51:13 -0400] "GET /feed/?9441=1774097473 HTTP/1.1" 200 50057 "-" "FeedPress/1.0 (https://feedpress.com; FeedBurner compatible)"
23.101.8.77 - - [21/Mar/2026:08:51:13 -0400] "GET /222.php HTTP/1.1" 404 17254 "-" "Mozilla/5.0 (Windows NT 10.0; Win64; x64) AppleWebKit/537.36 (KHTML, like Gecko) Chrome/120.0.0.0 Safari/537.36"
23.101.8.77 - - [21/Mar/2026:08:51:14 -0400] "GET /aa.php HTTP/1.1" 404 17254 "-" "Mozilla/5.0 (Windows NT 10.0; Win64; x64) AppleWebKit/537.36 (KHTML, like Gecko) Chrome/120.0.0.0 Safari/537.36"
23.101.8.77 - - [21/Mar/2026:08:51:14 -0400] "GET /abcd.php HTTP/1.1" 404 17254 "-" "Mozilla/5.0 (Windows NT 10.0; Win64; x64) AppleWebKit/537.36 (KHTML, like Gecko) Chrome/120.0.0.0 Safari/537.36"
23.101.8.77 - - [21/Mar/2026:08:51:14 -0400] "GET /admin.php HTTP/1.1" 404 17254 "-" "Mozilla/5.0 (Windows NT 10.0; Win64; x64) AppleWebKit/537.36 (KHTML, like Gecko) Chrome/120.0.0.0 Safari/537.36"
23.101.8.77 - - [21/Mar/2026:08:51:15 -0400] "GET /admin/controller/extension/extension/ HTTP/1.1" 404 17357 "-" "Mozilla/5.0 (Windows NT 10.0; Win64; x64) AppleWebKit/537.36 (KHTML, like Gecko) Chrome/120.0.0.0 Safari/537.36"
23.101.8.77 - - [21/Mar/2026:08:51:15 -0400] "GET /adminfuns.php HTTP/1.1" 404 17254 "-" "Mozilla/5.0 (Windows NT 10.0; Win64; x64) AppleWebKit/537.36 (KHTML, like Gecko) Chrome/120.0.0.0 Safari/537.36"
23.101.8.77 - - [21/Mar/2026:08:51:16 -0400] "GET /akc.php HTTP/1.1" 404 17254 "-" "Mozilla/5.0 (Windows NT 10.0; Win64; x64) AppleWebKit/537.36 (KHTML, like Gecko) Chrome/120.0.0.0 Safari/537.36"
23.101.8.77 - - [21/Mar/2026:08:51:16 -0400] "GET /buy.php HTTP/1.1" 404 17254 "-" "Mozilla/5.0 (Windows NT 10.0; Win64; x64) AppleWebKit/537.36 (KHTML, like Gecko) Chrome/120.0.0.0 Safari/537.36"
23.101.8.77 - - [21/Mar/2026:08:51:17 -0400] "GET /cong.php HTTP/1.1" 404 17254 "-" "Mozilla/5.0 (Windows NT 10.0; Win64; x64) AppleWebKit/537.36 (KHTML, like Gecko) Chrome/120.0.0.0 Safari/537.36"
23.101.8.77 - - [21/Mar/2026:08:51:17 -0400] "GET /css/classwithtostring.php HTTP/1.1" 404 17254 "-" "Mozilla/5.0 (Windows NT 10.0; Win64; x64) AppleWebKit/537.36 (KHTML, like Gecko) Chrome/120.0.0.0 Safari/537.36"
23.101.8.77 - - [21/Mar/2026:08:51:18 -0400] "GET /db.php HTTP/1.1" 404 17254 "-" "Mozilla/5.0 (Windows NT 10.0; Win64; x64) AppleWebKit/537.36 (KHTML, like Gecko) Chrome/120.0.0.0 Safari/537.36"
23.101.8.77 - - [21/Mar/2026:08:51:18 -0400] "GET /dropdown.php HTTP/1.1" 404 17254 "-" "Mozilla/5.0 (Windows NT 10.0; Win64; x64) AppleWebKit/537.36 (KHTML, like Gecko) Chrome/120.0.0.0 Safari/537.36"
23.101.8.77 - - [21/Mar/2026:08:51:19 -0400] "GET /file.php HTTP/1.1" 404 17254 "-" "Mozilla/5.0 (Windows NT 10.0; Win64; x64) AppleWebKit/537.36 (KHTML, like Gecko) Chrome/120.0.0.0 Safari/537.36"
23.101.8.77 - - [21/Mar/2026:08:51:19 -0400] "GET /goods.php HTTP/1.1" 404 17254 "-" "Mozilla/5.0 (Windows NT 10.0; Win64; x64) AppleWebKit/537.36 (KHTML, like Gecko) Chrome/120.0.0.0 Safari/537.36"
23.101.8.77 - - [21/Mar/2026:08:51:20 -0400] "GET /hplfuns.php HTTP/1.1" 404 17254 "-" "Mozilla/5.0 (Windows NT 10.0; Win64; x64) AppleWebKit/537.36 (KHTML, like Gecko) Chrome/120.0.0.0 Safari/537.36"
23.101.8.77 - - [21/Mar/2026:08:51:20 -0400] "GET /htaccess.php HTTP/1.1" 404 17254 "-" "Mozilla/5.0 (Windows NT 10.0; Win64; x64) AppleWebKit/537.36 (KHTML, like Gecko) Chrome/120.0.0.0 Safari/537.36"
23.101.8.77 - - [21/Mar/2026:08:51:21 -0400] "GET /images/wso.php HTTP/1.1" 404 17254 "-" "Mozilla/5.0 (Windows NT 10.0; Win64; x64) AppleWebKit/537.36 (KHTML, like Gecko) Chrome/120.0.0.0 Safari/537.36"
23.101.8.77 - - [21/Mar/2026:08:51:21 -0400] "GET /index/function.php HTTP/1.1" 404 17254 "-" "Mozilla/5.0 (Windows NT 10.0; Win64; x64) AppleWebKit/537.36 (KHTML, like Gecko) Chrome/120.0.0.0 Safari/537.36"
23.101.8.77 - - [21/Mar/2026:08:51:22 -0400] "GET /info.php HTTP/1.1" 404 17254 "-" "Mozilla/5.0 (Windows NT 10.0; Win64; x64) AppleWebKit/537.36 (KHTML, like Gecko) Chrome/120.0.0.0 Safari/537.36"
23.101.8.77 - - [21/Mar/2026:08:51:22 -0400] "GET /profile.php HTTP/1.1" 404 17254 "-" "Mozilla/5.0 (Windows NT 10.0; Win64; x64) AppleWebKit/537.36 (KHTML, like Gecko) Chrome/120.0.0.0 Safari/537.36"
23.101.8.77 - - [21/Mar/2026:08:51:23 -0400] "GET /sx.php HTTP/1.1" 404 17254 "-" "Mozilla/5.0 (Windows NT 10.0; Win64; x64) AppleWebKit/537.36 (KHTML, like Gecko) Chrome/120.0.0.0 Safari/537.36"
23.101.8.77 - - [21/Mar/2026:08:51:23 -0400] "GET /wp-admin/css/colors/blue/index.php HTTP/1.1" 301 - "-" "Mozilla/5.0 (Windows NT 10.0; Win64; x64) AppleWebKit/537.36 (KHTML, like Gecko) Chrome/120.0.0.0 Safari/537.36"
23.101.8.77 - - [21/Mar/2026:08:51:24 -0400] "GET /wp-admin/images/admin.php HTTP/1.1" 404 17357 "-" "Mozilla/5.0 (Windows NT 10.0; Win64; x64) AppleWebKit/537.36 (KHTML, like Gecko) Chrome/120.0.0.0 Safari/537.36"
23.101.8.77 - - [21/Mar/2026:08:51:24 -0400] "GET /wp-admin/includes/ HTTP/1.1" 404 17254 "-" "Mozilla/5.0 (Windows NT 10.0; Win64; x64) AppleWebKit/537.36 (KHTML, like Gecko) Chrome/120.0.0.0 Safari/537.36"
23.101.8.77 - - [21/Mar/2026:08:51:25 -0400] "GET /wp-admin/js/index.php HTTP/1.1" 301 - "-" "Mozilla/5.0 (Windows NT 10.0; Win64; x64) AppleWebKit/537.36 (KHTML, like Gecko) Chrome/120.0.0.0 Safari/537.36"
23.101.8.77 - - [21/Mar/2026:08:51:25 -0400] "GET /wp-admin/js/widgets/ HTTP/1.1" 404 17357 "-" "Mozilla/5.0 (Windows NT 10.0; Win64; x64) AppleWebKit/537.36 (KHTML, like Gecko) Chrome/120.0.0.0 Safari/537.36"
23.101.8.77 - - [21/Mar/2026:08:51:26 -0400] "GET /wp-content/about.php HTTP/1.1" 404 17254 "-" "Mozilla/5.0 (Windows NT 10.0; Win64; x64) AppleWebKit/537.36 (KHTML, like Gecko) Chrome/120.0.0.0 Safari/537.36"
23.101.8.77 - - [21/Mar/2026:08:51:27 -0400] "GET /wp-content/admin-header.php HTTP/1.1" 404 17254 "-" "Mozilla/5.0 (Windows NT 10.0; Win64; x64) AppleWebKit/537.36 (KHTML, like Gecko) Chrome/120.0.0.0 Safari/537.36"
23.101.8.77 - - [21/Mar/2026:08:51:27 -0400] "GET /wp-content/admin.php HTTP/1.1" 404 17254 "-" "Mozilla/5.0 (Windows NT 10.0; Win64; x64) AppleWebKit/537.36 (KHTML, like Gecko) Chrome/120.0.0.0 Safari/537.36"
23.101.8.77 - - [21/Mar/2026:08:51:28 -0400] "GET /wp-content/content.php HTTP/1.1" 404 17254 "-" "Mozilla/5.0 (Windows NT 10.0; Win64; x64) AppleWebKit/537.36 (KHTML, like Gecko) Chrome/120.0.0.0 Safari/537.36"
23.101.8.77 - - [21/Mar/2026:08:51:29 -0400] "GET /wp-content/index.php HTTP/1.1" 301 - "-" "Mozilla/5.0 (Windows NT 10.0; Win64; x64) AppleWebKit/537.36 (KHTML, like Gecko) Chrome/120.0.0.0 Safari/537.36"
23.101.8.77 - - [21/Mar/2026:08:51:29 -0400] "GET /wp-content/plugins/Ultimate_VC_Addons/assets/alfa-rex.php7 HTTP/1.1" 404 17357 "-" "Mozilla/5.0 (Windows NT 10.0; Win64; x64) AppleWebKit/537.36 (KHTML, like Gecko) Chrome/120.0.0.0 Safari/537.36"
23.101.8.77 - - [21/Mar/2026:08:51:30 -0400] "GET /wp-content/plugins/about.php HTTP/1.1" 404 17357 "-" "Mozilla/5.0 (Windows NT 10.0; Win64; x64) AppleWebKit/537.36 (KHTML, like Gecko) Chrome/120.0.0.0 Safari/537.36"
23.101.8.77 - - [21/Mar/2026:08:51:30 -0400] "GET /wp-content/plugins/admin.php HTTP/1.1" 404 17357 "-" "Mozilla/5.0 (Windows NT 10.0; Win64; x64) AppleWebKit/537.36 (KHTML, like Gecko) Chrome/120.0.0.0 Safari/537.36"
23.101.8.77 - - [21/Mar/2026:08:51:31 -0400] "GET /wp-content/plugins/classic-editor/wp-login.php HTTP/1.1" 404 17357 "-" "Mozilla/5.0 (Windows NT 10.0; Win64; x64) AppleWebKit/537.36 (KHTML, like Gecko) Chrome/120.0.0.0 Safari/537.36"
23.101.8.77 - - [21/Mar/2026:08:51:32 -0400] "GET /wp-content/plugins/yanierin/akc.php HTTP/1.1" 404 17357 "-" "Mozilla/5.0 (Windows NT 10.0; Win64; x64) AppleWebKit/537.36 (KHTML, like Gecko) Chrome/120.0.0.0 Safari/537.36"
114.119.143.58 - - [21/Mar/2026:08:51:32 -0400] "GET /tech-tips/page/5 HTTP/1.1" 301 - "https://reachconnects.com/tech-tips/page/5" "Mozilla/5.0 (Linux; Android 7.0;) AppleWebKit/537.36 (KHTML, like Gecko) Mobile Safari/537.36 (compatible; PetalBot;+https://webmaster.petalsearch.com/site/petalbot)"
23.101.8.77 - - [21/Mar/2026:08:51:32 -0400] "GET /wp-content/themes/about.php HTTP/1.1" 404 17357 "-" "Mozilla/5.0 (Windows NT 10.0; Win64; x64) AppleWebKit/537.36 (KHTML, like Gecko) Chrome/120.0.0.0 Safari/537.36"
23.101.8.77 - - [21/Mar/2026:08:51:33 -0400] "GET /wp-content/themes/admin.php HTTP/1.1" 404 17357 "-" "Mozilla/5.0 (Windows NT 10.0; Win64; x64) AppleWebKit/537.36 (KHTML, like Gecko) Chrome/120.0.0.0 Safari/537.36"
23.101.8.77 - - [21/Mar/2026:08:51:34 -0400] "GET /wp-content/upgrade/index.php HTTP/1.1" 301 - "-" "Mozilla/5.0 (Windows NT 10.0; Win64; x64) AppleWebKit/537.36 (KHTML, like Gecko) Chrome/120.0.0.0 Safari/537.36"
23.101.8.77 - - [21/Mar/2026:08:51:34 -0400] "GET /wp-content/uploads/ HTTP/1.1" 404 17254 "-" "Mozilla/5.0 (Windows NT 10.0; Win64; x64) AppleWebKit/537.36 (KHTML, like Gecko) Chrome/120.0.0.0 Safari/537.36"
23.101.8.77 - - [21/Mar/2026:08:51:35 -0400] "GET /wp-content/uploads/2025/ HTTP/1.1" 404 17357 "-" "Mozilla/5.0 (Windows NT 10.0; Win64; x64) AppleWebKit/537.36 (KHTML, like Gecko) Chrome/120.0.0.0 Safari/537.36"
23.101.8.77 - - [21/Mar/2026:08:51:36 -0400] "GET /wp-content/uploads/admin.php HTTP/1.1" 404 17357 "-" "Mozilla/5.0 (Windows NT 10.0; Win64; x64) AppleWebKit/537.36 (KHTML, like Gecko) Chrome/120.0.0.0 Safari/537.36"
23.101.8.77 - - [21/Mar/2026:08:51:36 -0400] "GET /wp-fclass.php HTTP/1.1" 404 17254 "-" "Mozilla/5.0 (Windows NT 10.0; Win64; x64) AppleWebKit/537.36 (KHTML, like Gecko) Chrome/120.0.0.0 Safari/537.36"
23.101.8.77 - - [21/Mar/2026:08:51:37 -0400] "GET /wp-includes/ID3/ HTTP/1.1" 404 17254 "-" "Mozilla/5.0 (Windows NT 10.0; Win64; x64) AppleWebKit/537.36 (KHTML, like Gecko) Chrome/120.0.0.0 Safari/537.36"
23.101.8.77 - - [21/Mar/2026:08:51:38 -0400] "GET /wp-includes/PHPMailer/ HTTP/1.1" 404 17254 "-" "Mozilla/5.0 (Windows NT 10.0; Win64; x64) AppleWebKit/537.36 (KHTML, like Gecko) Chrome/120.0.0.0 Safari/537.36"
23.101.8.77 - - [21/Mar/2026:08:51:38 -0400] "GET /wp-includes/Requests/about.php HTTP/1.1" 404 17357 "-" "Mozilla/5.0 (Windows NT 10.0; Win64; x64) AppleWebKit/537.36 (KHTML, like Gecko) Chrome/120.0.0.0 Safari/537.36"
23.101.8.77 - - [21/Mar/2026:08:51:39 -0400] "GET /wp-includes/Requests/alfa-rex.php HTTP/1.1" 404 17357 "-" "Mozilla/5.0 (Windows NT 10.0; Win64; x64) AppleWebKit/537.36 (KHTML, like Gecko) Chrome/120.0.0.0 Safari/537.36"
23.101.8.77 - - [21/Mar/2026:08:51:40 -0400] "GET /wp-includes/Requests/src/Cookie/ HTTP/1.1" 404 17357 "-" "Mozilla/5.0 (Windows NT 10.0; Win64; x64) AppleWebKit/537.36 (KHTML, like Gecko) Chrome/120.0.0.0 Safari/537.36"
23.101.8.77 - - [21/Mar/2026:08:51:40 -0400] "GET /wp-includes/Requests/src/Response/about.php HTTP/1.1" 404 17357 "-" "Mozilla/5.0 (Windows NT 10.0; Win64; x64) AppleWebKit/537.36 (KHTML, like Gecko) Chrome/120.0.0.0 Safari/537.36"
23.101.8.77 - - [21/Mar/2026:08:51:41 -0400] "GET /wp-includes/Text/Diff/Renderer/ HTTP/1.1" 404 17357 "-" "Mozilla/5.0 (Windows NT 10.0; Win64; x64) AppleWebKit/537.36 (KHTML, like Gecko) Chrome/120.0.0.0 Safari/537.36"
23.101.8.77 - - [21/Mar/2026:08:51:42 -0400] "GET /wp-includes/Text/index.php HTTP/1.1" 301 - "-" "Mozilla/5.0 (Windows NT 10.0; Win64; x64) AppleWebKit/537.36 (KHTML, like Gecko) Chrome/120.0.0.0 Safari/537.36"
23.101.8.77 - - [21/Mar/2026:08:51:42 -0400] "GET /wp-includes/Text/xwx1.php HTTP/1.1" 404 17357 "-" "Mozilla/5.0 (Windows NT 10.0; Win64; x64) AppleWebKit/537.36 (KHTML, like Gecko) Chrome/120.0.0.0 Safari/537.36"
23.101.8.77 - - [21/Mar/2026:08:51:43 -0400] "GET /wp-includes/assets/about.php HTTP/1.1" 404 17357 "-" "Mozilla/5.0 (Windows NT 10.0; Win64; x64) AppleWebKit/537.36 (KHTML, like Gecko) Chrome/120.0.0.0 Safari/537.36"
23.101.8.77 - - [21/Mar/2026:08:51:43 -0400] "GET /wp-includes/block-patterns/ HTTP/1.1" 404 17254 "-" "Mozilla/5.0 (Windows NT 10.0; Win64; x64) AppleWebKit/537.36 (KHTML, like Gecko) Chrome/120.0.0.0 Safari/537.36"
23.101.8.77 - - [21/Mar/2026:08:51:44 -0400] "GET /wp-includes/blocks/ HTTP/1.1" 404 17254 "-" "Mozilla/5.0 (Windows NT 10.0; Win64; x64) AppleWebKit/537.36 (KHTML, like Gecko) Chrome/120.0.0.0 Safari/537.36"
114.119.143.58 - - [21/Mar/2026:08:51:44 -0400] "GET /tech-tips/page/5/ HTTP/1.1" 200 31351 "https://reachconnects.com/tech-tips/page/5" "Mozilla/5.0 (Linux; Android 7.0;) AppleWebKit/537.36 (KHTML, like Gecko) Mobile Safari/537.36 (compatible; PetalBot;+https://webmaster.petalsearch.com/site/petalbot)"
23.101.8.77 - - [21/Mar/2026:08:51:45 -0400] "GET /wp-includes/customize/class-wp-customize-cropped-image-control.php HTTP/1.1" 404 17357 "-" "Mozilla/5.0 (Windows NT 10.0; Win64; x64) AppleWebKit/537.36 (KHTML, like Gecko) Chrome/120.0.0.0 Safari/537.36"
23.101.8.77 - - [21/Mar/2026:08:51:45 -0400] "GET /wp-includes/images/media/ HTTP/1.1" 404 17357 "-" "Mozilla/5.0 (Windows NT 10.0; Win64; x64) AppleWebKit/537.36 (KHTML, like Gecko) Chrome/120.0.0.0 Safari/537.36"
23.101.8.77 - - [21/Mar/2026:08:51:46 -0400] "GET /wp-includes/images/smilies/about.php HTTP/1.1" 404 17357 "-" "Mozilla/5.0 (Windows NT 10.0; Win64; x64) AppleWebKit/537.36 (KHTML, like Gecko) Chrome/120.0.0.0 Safari/537.36"
23.101.8.77 - - [21/Mar/2026:08:51:47 -0400] "GET /wp-includes/images/wp-login.php HTTP/1.1" 404 17357 "-" "Mozilla/5.0 (Windows NT 10.0; Win64; x64) AppleWebKit/537.36 (KHTML, like Gecko) Chrome/120.0.0.0 Safari/537.36"
23.101.8.77 - - [21/Mar/2026:08:51:47 -0400] "GET /wp-includes/js/dist/script-modules/block-library/search/about.php HTTP/1.1" 404 17357 "-" "Mozilla/5.0 (Windows NT 10.0; Win64; x64) AppleWebKit/537.36 (KHTML, like Gecko) Chrome/120.0.0.0 Safari/537.36"
23.101.8.77 - - [21/Mar/2026:08:51:48 -0400] "GET /wp-includes/style-engine/ HTTP/1.1" 404 17254 "-" "Mozilla/5.0 (Windows NT 10.0; Win64; x64) AppleWebKit/537.36 (KHTML, like Gecko) Chrome/120.0.0.0 Safari/537.36"
23.101.8.77 - - [21/Mar/2026:08:51:49 -0400] "GET /wp-themes.php HTTP/1.1" 404 17254 "-" "Mozilla/5.0 (Windows NT 10.0; Win64; x64) AppleWebKit/537.36 (KHTML, like Gecko) Chrome/120.0.0.0 Safari/537.36"
23.101.8.77 - - [21/Mar/2026:08:51:49 -0400] "GET /xmlrpc.php HTTP/1.1" 405 42 "-" "Mozilla/5.0 (Windows NT 10.0; Win64; x64) AppleWebKit/537.36 (KHTML, like Gecko) Chrome/120.0.0.0 Safari/537.36"
176.31.139.2 - - [21/Mar/2026:08:52:05 -0400] "GET /category/telecom-management-services/page/6/ HTTP/1.1" 200 29672 "-" "Mozilla/5.0 (compatible; AhrefsBot/7.0; +http://ahrefs.com/robot/)"
66.249.92.42 - - [21/Mar/2026:08:52:08 -0400] "GET /feed/ HTTP/1.1" 200 50041 "-" "FeedFetcher-Google; (+http://www.google.com/feedfetcher.html)"
66.249.66.195 - - [21/Mar/2026:08:55:09 -0400] "GET /bep/m/prom90?id=915722288 HTTP/1.1" 200 382726 "-" "Mozilla/5.0 (Linux; Android 6.0.1; Nexus 5X Build/MMB29P) AppleWebKit/537.36 (KHTML, like Gecko) Chrome/145.0.7632.159 Mobile Safari/537.36 (compatible; GoogleOther)"
54.37.118.72 - - [21/Mar/2026:08:55:20 -0400] "GET /future-proof-your-mobility-strategy/ HTTP/1.1" 200 22369 "-" "Mozilla/5.0 (compatible; AhrefsBot/7.0; +http://ahrefs.com/robot/)"
66.249.66.65 - - [21/Mar/2026:08:55:33 -0400] "GET /bep/m/dm40?user=6863034 HTTP/1.1" 200 383842 "-" "Mozilla/5.0 (Linux; Android 6.0.1; Nexus 5X Build/MMB29P) AppleWebKit/537.36 (KHTML, like Gecko) Chrome/145.0.7632.159 Mobile Safari/537.36 (compatible; GoogleOther)"
66.249.66.167 - - [21/Mar/2026:08:56:05 -0400] "GET /voc HTTP/1.1" 200 372984 "-" "Mozilla/5.0 (Linux; Android 6.0.1; Nexus 5X Build/MMB29P) AppleWebKit/537.36 (KHTML, like Gecko) Chrome/145.0.7632.159 Mobile Safari/537.36 (compatible; GoogleOther)"
51.68.247.195 - - [21/Mar/2026:08:57:16 -0400] "GET /future-proof-your-mobility-strategy/ HTTP/1.1" 200 22369 "-" "Mozilla/5.0 (compatible; AhrefsBot/7.0; +http://ahrefs.com/robot/)"
173.239.214.172 - - [21/Mar/2026:08:57:27 -0400] "GET /wp-login.php HTTP/1.1" 200 7039 "-" "Mozilla/5.0"
173.239.214.172 - - [21/Mar/2026:08:57:28 -0400] "GET /?author=1 HTTP/1.1" 500 7756 "-" "Mozilla/5.0"
173.239.214.129 - - [21/Mar/2026:08:57:29 -0400] "GET /?rest_route=/wp/v2/users HTTP/1.1" 200 749 "-" "Mozilla/5.0"
66.249.66.34 - - [21/Mar/2026:08:57:57 -0400] "GET /coupon/distribution/index.html?pageCount=1&sortType=0&sortTypeIndex=0&sortDataType=use_end_days&sortDataIndex=4&showMore=1&spe_id=mm_findcoupon HTTP/1.1" 200 402352 "-" "Mozilla/5.0 (Linux; Android 6.0.1; Nexus 5X Build/MMB29P) AppleWebKit/537.36 (KHTML, like Gecko) Chrome/145.0.7632.159 Mobile Safari/537.36 (compatible; GoogleOther)"
66.249.66.45 - - [21/Mar/2026:08:59:16 -0400] "GET /bep/m/kmem?user=6863034 HTTP/1.1" 200 381163 "-" "Mozilla/5.0 (Linux; Android 6.0.1; Nexus 5X Build/MMB29P) AppleWebKit/537.36 (KHTML, like Gecko) Chrome/145.0.7632.159 Mobile Safari/537.36 (compatible; GoogleOther)"
170.106.160.90 - - [21/Mar/2026:08:59:39 -0400] "GET / HTTP/1.1" 301 - "http://reachamplification.com" "Mozilla/5.0 (iPhone; CPU iPhone OS 13_2_3 like Mac OS X) AppleWebKit/605.1.15 (KHTML, like Gecko) Version/13.0.3 Mobile/15E148 Safari/604.1"
170.106.160.90 - - [21/Mar/2026:08:59:40 -0400] "GET / HTTP/1.1" 200 26095 "https://reachamplification.com/" "Mozilla/5.0 (iPhone; CPU iPhone OS 13_2_3 like Mac OS X) AppleWebKit/605.1.15 (KHTML, like Gecko) Version/13.0.3 Mobile/15E148 Safari/604.1"
176.31.139.1 - - [21/Mar/2026:09:01:20 -0400] "GET /staff/ HTTP/1.1" 200 19672 "-" "Mozilla/5.0 (compatible; AhrefsBot/7.0; +http://ahrefs.com/robot/)"
45.131.194.107 - - [21/Mar/2026:09:01:39 -0400] "POST /wp-login.php HTTP/1.1" 200 7509 "-" "Mozilla/5.0"
66.249.66.35 - - [21/Mar/2026:09:02:28 -0400] "GET /policy/90010.php?user_guide/thankyou-haisou HTTP/1.1" 200 399978 "-" "Mozilla/5.0 (Linux; Android 6.0.1; Nexus 5X Build/MMB29P) AppleWebKit/537.36 (KHTML, like Gecko) Chrome/145.0.7632.159 Mobile Safari/537.36 (compatible; GoogleOther)"
51.68.247.215 - - [21/Mar/2026:09:02:33 -0400] "GET /staff/ HTTP/1.1" 200 19672 "-" "Mozilla/5.0 (compatible; AhrefsBot/7.0; +http://ahrefs.com/robot/)"
92.222.104.196 - - [21/Mar/2026:09:02:34 -0400] "GET /wp-content/uploads/Kaiser_Ryan.jpg HTTP/1.1" 200 65534 "-" "Mozilla/5.0 (compatible; AhrefsBot/7.0; +http://ahrefs.com/robot/)"
66.249.66.195 - - [21/Mar/2026:09:02:54 -0400] "GET /policy/90010.php?bep/m/prom90?id=915744513 HTTP/1.1" 200 385052 "-" "Mozilla/5.0 (Linux; Android 6.0.1; Nexus 5X Build/MMB29P) AppleWebKit/537.36 (KHTML, like Gecko) Chrome/145.0.7632.159 Mobile Safari/537.36 (compatible; GoogleOther)"
66.249.66.2 - - [21/Mar/2026:09:03:19 -0400] "GET /bep/m/kmem?user=6863034&e=shipdays HTTP/1.1" 200 381196 "-" "Mozilla/5.0 (Linux; Android 6.0.1; Nexus 5X Build/MMB29P) AppleWebKit/537.36 (KHTML, like Gecko) Chrome/145.0.7632.159 Mobile Safari/537.36 (compatible; GoogleOther)"
38.17.169.131 - - [21/Mar/2026:09:05:13 -0400] "GET /wp-content/uploads/Vonage_Partner.png HTTP/1.1" 200 29267 "https://reachconnects.com/wp-content/uploads/Vonage_Partner.png" "Mozilla/5.0 (Windows NT 10.0; Win64; x64) AppleWebKit/537.36 (KHTML, like Gecko) Chrome/68.0.3440.75 Safari/537.36"
66.249.66.2 - - [21/Mar/2026:09:05:39 -0400] "GET /policy/90010.php?event/3taro HTTP/1.1" 200 386868 "-" "Mozilla/5.0 (Linux; Android 6.0.1; Nexus 5X Build/MMB29P) AppleWebKit/537.36 (KHTML, like Gecko) Chrome/145.0.7632.159 Mobile Safari/537.36 (compatible; GoogleOther)"
173.231.245.203 - - [21/Mar/2026:09:05:48 -0400] "POST /wp-cron.php?doing_wp_cron=1774098348.9059720039367675781250 HTTP/1.1" 200 - "-" "WordPress/6.9.4; https://reachconnects.com"
43.157.158.178 - - [21/Mar/2026:09:05:48 -0400] "GET / HTTP/1.1" 200 26095 "http://reachconnects.com" "Mozilla/5.0 (iPhone; CPU iPhone OS 13_2_3 like Mac OS X) AppleWebKit/605.1.15 (KHTML, like Gecko) Version/13.0.3 Mobile/15E148 Safari/604.1"
92.222.104.195 - - [21/Mar/2026:09:07:30 -0400] "GET /about-us/ HTTP/1.1" 200 17946 "-" "Mozilla/5.0 (compatible; AhrefsBot/7.0; +http://ahrefs.com/robot/)"
66.249.66.35 - - [21/Mar/2026:09:08:40 -0400] "GET /policy/90010.php?faq HTTP/1.1" 200 393666 "-" "Mozilla/5.0 (Linux; Android 6.0.1; Nexus 5X Build/MMB29P) AppleWebKit/537.36 (KHTML, like Gecko) Chrome/145.0.7632.159 Mobile Safari/537.36 (compatible; GoogleOther)"
66.249.66.33 - - [21/Mar/2026:09:08:51 -0400] "GET /policy/90010.php?terms/index.html HTTP/1.1" 200 372190 "-" "Mozilla/5.0 (Linux; Android 6.0.1; Nexus 5X Build/MMB29P) AppleWebKit/537.36 (KHTML, like Gecko) Chrome/145.0.7632.159 Mobile Safari/537.36 (compatible; GoogleOther)"
5.39.71.120 - - [21/Mar/2026:09:11:30 -0400] "HEAD /feed/?9902=1774098690 HTTP/1.1" 200 - "-" "FeedPress/1.0 (https://feedpress.com)"
5.39.71.120 - - [21/Mar/2026:09:11:31 -0400] "GET /feed/?9903=1774098691 HTTP/1.1" 200 50057 "-" "FeedPress/1.0 (https://feedpress.com; FeedBurner compatible)"
66.249.92.132 - - [21/Mar/2026:09:11:34 -0400] "GET /feed/ HTTP/1.1" 200 50041 "-" "FeedFetcher-Google; (+http://www.google.com/feedfetcher.html)"
66.249.66.66 - - [21/Mar/2026:09:12:02 -0400] "GET /policy/90010.php?user_guide/thankyou-haisou?spe_id=item_smpass_point HTTP/1.1" 200 408621 "-" "Mozilla/5.0 (Linux; Android 6.0.1; Nexus 5X Build/MMB29P) AppleWebKit/537.36 (KHTML, like Gecko) Chrome/145.0.7632.159 Mobile Safari/537.36 (compatible; GoogleOther)"
66.249.66.166 - - [21/Mar/2026:09:14:01 -0400] "GET /policy/90010.php?event/affiliate/index.html HTTP/1.1" 200 390377 "-" "Mozilla/5.0 (Linux; Android 6.0.1; Nexus 5X Build/MMB29P) AppleWebKit/537.36 (KHTML, like Gecko) Chrome/145.0.7632.159 Mobile Safari/537.36 (compatible; GoogleOther)"
92.222.104.213 - - [21/Mar/2026:09:14:12 -0400] "GET /category/reach-news/ HTTP/1.1" 200 27778 "-" "Mozilla/5.0 (compatible; AhrefsBot/7.0; +http://ahrefs.com/robot/)"
66.249.66.65 - - [21/Mar/2026:09:15:14 -0400] "GET /policy/90010.php?user_guide/logistics-2024 HTTP/1.1" 200 375518 "-" "Mozilla/5.0 (Linux; Android 6.0.1; Nexus 5X Build/MMB29P) AppleWebKit/537.36 (KHTML, like Gecko) Chrome/145.0.7632.159 Mobile Safari/537.36 (compatible; GoogleOther)"
216.73.216.183 - - [21/Mar/2026:09:15:18 -0400] "GET /robots.txt HTTP/1.1" 200 82 "-" "Mozilla/5.0 AppleWebKit/537.36 (KHTML, like Gecko; compatible; ClaudeBot/1.0; +claudebot@anthropic.com)"
216.73.216.183 - - [21/Mar/2026:09:15:18 -0400] "GET /goodscode/719901397 HTTP/1.1" 404 17305 "-" "Mozilla/5.0 AppleWebKit/537.36 (KHTML, like Gecko; compatible; ClaudeBot/1.0; +claudebot@anthropic.com)"
216.73.216.183 - - [21/Mar/2026:09:15:21 -0400] "GET /goodscode/4087366245 HTTP/1.1" 404 17308 "-" "Mozilla/5.0 AppleWebKit/537.36 (KHTML, like Gecko; compatible; ClaudeBot/1.0; +claudebot@anthropic.com)"
216.73.216.183 - - [21/Mar/2026:09:15:24 -0400] "GET /goodscode/2003286975 HTTP/1.1" 404 17308 "-" "Mozilla/5.0 AppleWebKit/537.36 (KHTML, like Gecko; compatible; ClaudeBot/1.0; +claudebot@anthropic.com)"
216.73.216.183 - - [21/Mar/2026:09:15:27 -0400] "GET /goodscode/495015103 HTTP/1.1" 404 17305 "-" "Mozilla/5.0 AppleWebKit/537.36 (KHTML, like Gecko; compatible; ClaudeBot/1.0; +claudebot@anthropic.com)"
216.73.216.183 - - [21/Mar/2026:09:15:30 -0400] "GET /goodscode/628306378 HTTP/1.1" 404 17305 "-" "Mozilla/5.0 AppleWebKit/537.36 (KHTML, like Gecko; compatible; ClaudeBot/1.0; +claudebot@anthropic.com)"
216.73.216.183 - - [21/Mar/2026:09:15:33 -0400] "GET /goodscode/1662776144 HTTP/1.1" 404 17308 "-" "Mozilla/5.0 AppleWebKit/537.36 (KHTML, like Gecko; compatible; ClaudeBot/1.0; +claudebot@anthropic.com)"
216.73.216.183 - - [21/Mar/2026:09:15:36 -0400] "GET /goodscode/1012215859 HTTP/1.1" 404 17308 "-" "Mozilla/5.0 AppleWebKit/537.36 (KHTML, like Gecko; compatible; ClaudeBot/1.0; +claudebot@anthropic.com)"
216.73.216.183 - - [21/Mar/2026:09:15:39 -0400] "GET /goodscode/2268258166 HTTP/1.1" 404 17308 "-" "Mozilla/5.0 AppleWebKit/537.36 (KHTML, like Gecko; compatible; ClaudeBot/1.0; +claudebot@anthropic.com)"
216.73.216.183 - - [21/Mar/2026:09:16:08 -0400] "GET /goodscode/3220170805 HTTP/1.1" 404 17308 "-" "Mozilla/5.0 AppleWebKit/537.36 (KHTML, like Gecko; compatible; ClaudeBot/1.0; +claudebot@anthropic.com)"
216.73.216.183 - - [21/Mar/2026:09:16:11 -0400] "GET /goodscode/2832839243 HTTP/1.1" 404 17308 "-" "Mozilla/5.0 AppleWebKit/537.36 (KHTML, like Gecko; compatible; ClaudeBot/1.0; +claudebot@anthropic.com)"
216.73.216.183 - - [21/Mar/2026:09:16:14 -0400] "GET /goodscode/625718673 HTTP/1.1" 404 17305 "-" "Mozilla/5.0 AppleWebKit/537.36 (KHTML, like Gecko; compatible; ClaudeBot/1.0; +claudebot@anthropic.com)"
216.73.216.183 - - [21/Mar/2026:09:16:17 -0400] "GET /goodscode/4093330671 HTTP/1.1" 404 17308 "-" "Mozilla/5.0 AppleWebKit/537.36 (KHTML, like Gecko; compatible; ClaudeBot/1.0; +claudebot@anthropic.com)"
216.73.216.183 - - [21/Mar/2026:09:16:20 -0400] "GET /goodscode/677669454 HTTP/1.1" 404 17305 "-" "Mozilla/5.0 AppleWebKit/537.36 (KHTML, like Gecko; compatible; ClaudeBot/1.0; +claudebot@anthropic.com)"
216.73.216.183 - - [21/Mar/2026:09:16:23 -0400] "GET /goodscode/447244064 HTTP/1.1" 404 17305 "-" "Mozilla/5.0 AppleWebKit/537.36 (KHTML, like Gecko; compatible; ClaudeBot/1.0; +claudebot@anthropic.com)"
216.73.216.183 - - [21/Mar/2026:09:16:26 -0400] "GET /goodscode/889338114 HTTP/1.1" 404 17305 "-" "Mozilla/5.0 AppleWebKit/537.36 (KHTML, like Gecko; compatible; ClaudeBot/1.0; +claudebot@anthropic.com)"
216.73.216.183 - - [21/Mar/2026:09:16:29 -0400] "GET /goodscode/2805583548 HTTP/1.1" 404 17308 "-" "Mozilla/5.0 AppleWebKit/537.36 (KHTML, like Gecko; compatible; ClaudeBot/1.0; +claudebot@anthropic.com)"
