64.89.160.178 - - [21/Mar/2026:16:39:19 -0400] "GET /xmlrpc.php HTTP/1.1" 404 17254 "-" "Mozilla/5.0 (Windows NT 11.0; Win64; x64) AppleWebKit/537.36 (KHTML, like Gecko) Chrome/121.0.0.0 Safari/537.36"
64.89.160.178 - - [21/Mar/2026:16:39:20 -0400] "GET /xmlrpc.php HTTP/1.1" 404 17254 "-" "Mozilla/5.0 (Windows NT 10.0; Win64; x64) AppleWebKit/537.36 (KHTML, like Gecko) Edge/119.0.2151.97"
64.89.160.178 - - [21/Mar/2026:16:39:20 -0400] "GET /xmlrpc.php HTTP/1.1" 404 17254 "-" "Mozilla/5.0 (iPhone; CPU iPhone OS 17_1 like Mac OS X) AppleWebKit/605.1.15 (KHTML, like Gecko) Version/17.1 Mobile/15E148 Safari/604.1"
64.89.160.178 - - [21/Mar/2026:16:39:21 -0400] "GET /xmlrpc.php HTTP/1.1" 404 17254 "-" "Mozilla/5.0 (Linux; Android 14; SM-G998B) AppleWebKit/537.36 (KHTML, like Gecko) Chrome/121.0.0.0 Mobile Safari/537.36"
64.89.160.178 - - [21/Mar/2026:16:39:21 -0400] "GET /xmlrpc.php HTTP/1.1" 404 17254 "-" "Mozilla/5.0 (Windows NT 10.0; Win64; x64; rv:120.0) Gecko/20100101 Firefox/120.0"
216.73.216.183 - - [21/Mar/2026:16:39:22 -0400] "GET /goodscode/2549879980 HTTP/1.1" 404 17308 "-" "Mozilla/5.0 AppleWebKit/537.36 (KHTML, like Gecko; compatible; ClaudeBot/1.0; +claudebot@anthropic.com)"
64.89.160.178 - - [21/Mar/2026:16:39:22 -0400] "GET /xmlrpc.php HTTP/1.1" 404 17254 "-" "Mozilla/5.0 (X11; Linux x86_64) AppleWebKit/537.36 (KHTML, like Gecko) Chrome/120.0.0.0 Safari/537.36"
64.89.160.178 - - [21/Mar/2026:16:39:23 -0400] "GET /xmlrpc.php HTTP/1.1" 404 17254 "-" "Mozilla/5.0 (Windows NT 10.0; Win64; x64) AppleWebKit/537.36 (KHTML, like Gecko) Edge/119.0.2151.97"
64.89.160.178 - - [21/Mar/2026:16:39:23 -0400] "GET /xmlrpc.php HTTP/1.1" 404 17254 "-" "Mozilla/5.0 (Macintosh; Intel Mac OS X 14_2_1) AppleWebKit/537.36 (KHTML, like Gecko) Chrome/120.0.0.0 Safari/537.36"
64.89.160.178 - - [21/Mar/2026:16:39:24 -0400] "GET /xmlrpc.php HTTP/1.1" 404 17254 "-" "Mozilla/5.0 (Windows NT 10.0; Win64; x64) AppleWebKit/537.36 (KHTML, like Gecko) Edge/120.0.2210.91"
64.89.160.178 - - [21/Mar/2026:16:39:24 -0400] "GET /xmlrpc.php HTTP/1.1" 404 17254 "-" "Mozilla/5.0 (iPhone; CPU iPhone OS 17_2 like Mac OS X) AppleWebKit/605.1.15 (KHTML, like Gecko) Version/17.2 Mobile/15E148 Safari/604.1"
64.89.160.178 - - [21/Mar/2026:16:39:25 -0400] "GET /xmlrpc.php HTTP/1.1" 404 17254 "-" "Mozilla/5.0 (Macintosh; Intel Mac OS X 14_2_1) AppleWebKit/605.1.15 (KHTML, like Gecko) Version/17.1 Safari/605.1.15"
216.73.216.183 - - [21/Mar/2026:16:39:25 -0400] "GET /goodscode/948315227 HTTP/1.1" 404 17305 "-" "Mozilla/5.0 AppleWebKit/537.36 (KHTML, like Gecko; compatible; ClaudeBot/1.0; +claudebot@anthropic.com)"
64.89.160.178 - - [21/Mar/2026:16:39:25 -0400] "GET /xmlrpc.php HTTP/1.1" 404 17254 "-" "Mozilla/5.0 (Windows NT 10.0; Win64; x64) AppleWebKit/537.36 (KHTML, like Gecko) Edge/119.0.2151.97"
64.89.160.178 - - [21/Mar/2026:16:39:26 -0400] "GET /xmlrpc.php HTTP/1.1" 404 17254 "-" "Mozilla/5.0 (Macintosh; Intel Mac OS X 14_2_1) AppleWebKit/537.36 (KHTML, like Gecko) Chrome/120.0.0.0 Safari/537.36"
64.89.160.178 - - [21/Mar/2026:16:39:27 -0400] "GET /xmlrpc.php HTTP/1.1" 404 17254 "-" "Mozilla/5.0 (Windows NT 10.0; Win64; x64; rv:121.0) Gecko/20100101 Firefox/121.0"
64.89.160.178 - - [21/Mar/2026:16:39:27 -0400] "GET /xmlrpc.php HTTP/1.1" 404 17254 "-" "Mozilla/5.0 (X11; Linux x86_64) AppleWebKit/537.36 (KHTML, like Gecko) Chrome/120.0.0.0 Safari/537.36"
64.89.160.178 - - [21/Mar/2026:16:39:28 -0400] "GET /xmlrpc.php HTTP/1.1" 404 17254 "-" "Mozilla/5.0 (X11; Ubuntu; Linux x86_64; rv:121.0) Gecko/20100101 Firefox/121.0"
216.73.216.183 - - [21/Mar/2026:16:39:28 -0400] "GET /goodscode/2284214064 HTTP/1.1" 404 17308 "-" "Mozilla/5.0 AppleWebKit/537.36 (KHTML, like Gecko; compatible; ClaudeBot/1.0; +claudebot@anthropic.com)"
64.89.160.178 - - [21/Mar/2026:16:39:28 -0400] "GET /xmlrpc.php HTTP/1.1" 404 17254 "-" "Mozilla/5.0 (Windows NT 11.0; Win64; x64) AppleWebKit/537.36 (KHTML, like Gecko) Chrome/121.0.0.0 Safari/537.36"
64.89.160.178 - - [21/Mar/2026:16:39:29 -0400] "GET /xmlrpc.php HTTP/1.1" 404 17254 "-" "Mozilla/5.0 (Macintosh; Intel Mac OS X 14_3) AppleWebKit/537.36 (KHTML, like Gecko) Chrome/121.0.0.0 Safari/537.36"
64.89.160.178 - - [21/Mar/2026:16:39:29 -0400] "GET /xmlrpc.php HTTP/1.1" 404 17254 "-" "Mozilla/5.0 (Macintosh; Intel Mac OS X 14_2_1) AppleWebKit/537.36 (KHTML, like Gecko) Chrome/120.0.0.0 Safari/537.36"
64.89.160.178 - - [21/Mar/2026:16:39:30 -0400] "GET /xmlrpc.php HTTP/1.1" 404 17254 "-" "Mozilla/5.0 (iPhone; CPU iPhone OS 17_1 like Mac OS X) AppleWebKit/605.1.15 (KHTML, like Gecko) Version/17.1 Mobile/15E148 Safari/604.1"
64.89.160.178 - - [21/Mar/2026:16:39:30 -0400] "GET /xmlrpc.php HTTP/1.1" 404 17254 "-" "Mozilla/5.0 (Macintosh; Intel Mac OS X 14_3) AppleWebKit/537.36 (KHTML, like Gecko) Chrome/121.0.0.0 Safari/537.36"
216.73.216.183 - - [21/Mar/2026:16:39:31 -0400] "GET /goodscode/1660817414 HTTP/1.1" 404 17308 "-" "Mozilla/5.0 AppleWebKit/537.36 (KHTML, like Gecko; compatible; ClaudeBot/1.0; +claudebot@anthropic.com)"
64.89.160.178 - - [21/Mar/2026:16:39:31 -0400] "GET /xmlrpc.php HTTP/1.1" 404 17254 "-" "Mozilla/5.0 (Windows NT 10.0; Win64; x64) AppleWebKit/537.36 (KHTML, like Gecko) Edge/119.0.2151.97"
64.89.160.178 - - [21/Mar/2026:16:39:31 -0400] "GET /xmlrpc.php HTTP/1.1" 404 17254 "-" "Mozilla/5.0 (Windows NT 11.0; Win64; x64) AppleWebKit/537.36 (KHTML, like Gecko) Chrome/120.0.0.0 Safari/537.36"
64.89.160.178 - - [21/Mar/2026:16:39:32 -0400] "GET /xmlrpc.php HTTP/1.1" 404 17254 "-" "Mozilla/5.0 (Windows NT 10.0; Win64; x64) AppleWebKit/537.36 (KHTML, like Gecko) Chrome/119.0.0.0 Safari/537.36"
64.89.160.178 - - [21/Mar/2026:16:39:32 -0400] "GET /xmlrpc.php HTTP/1.1" 404 17254 "-" "Mozilla/5.0 (Macintosh; Intel Mac OS X 14_2) AppleWebKit/537.36 (KHTML, like Gecko) Chrome/120.0.0.0 Safari/537.36"
64.89.160.178 - - [21/Mar/2026:16:39:33 -0400] "GET /xmlrpc.php HTTP/1.1" 404 17254 "-" "Mozilla/5.0 (Windows NT 10.0; Win64; x64) AppleWebKit/537.36 (KHTML, like Gecko) Chrome/119.0.0.0 Safari/537.36"
64.89.160.178 - - [21/Mar/2026:16:39:34 -0400] "GET /xmlrpc.php HTTP/1.1" 404 17254 "-" "Mozilla/5.0 (Linux; Android 14; SM-G998B) AppleWebKit/537.36 (KHTML, like Gecko) Chrome/121.0.0.0 Mobile Safari/537.36"
216.73.216.183 - - [21/Mar/2026:16:39:34 -0400] "GET /goodscode/2776669073 HTTP/1.1" 404 17308 "-" "Mozilla/5.0 AppleWebKit/537.36 (KHTML, like Gecko; compatible; ClaudeBot/1.0; +claudebot@anthropic.com)"
64.89.160.178 - - [21/Mar/2026:16:39:34 -0400] "GET /xmlrpc.php HTTP/1.1" 404 17254 "-" "Mozilla/5.0 (Macintosh; Intel Mac OS X 14_2_1) AppleWebKit/605.1.15 (KHTML, like Gecko) Version/17.1 Safari/605.1.15"
64.89.160.178 - - [21/Mar/2026:16:39:35 -0400] "GET /xmlrpc.php HTTP/1.1" 404 17254 "-" "Mozilla/5.0 (Windows NT 11.0; Win64; x64) AppleWebKit/537.36 (KHTML, like Gecko) Chrome/120.0.0.0 Safari/537.36"
64.89.160.178 - - [21/Mar/2026:16:39:36 -0400] "GET /xmlrpc.php HTTP/1.1" 404 17254 "-" "Mozilla/5.0 (Windows NT 10.0; Win64; x64) AppleWebKit/537.36 (KHTML, like Gecko) Edge/120.0.2210.91"
64.89.160.178 - - [21/Mar/2026:16:39:37 -0400] "GET /xmlrpc.php HTTP/1.1" 404 17254 "-" "Mozilla/5.0 (Macintosh; Intel Mac OS X 14_1) AppleWebKit/605.1.15 (KHTML, like Gecko) Version/17.0 Safari/605.1.15"
64.89.160.178 - - [21/Mar/2026:16:39:37 -0400] "GET /xmlrpc.php HTTP/1.1" 404 17254 "-" "Mozilla/5.0 (Linux; Android 14; SM-S918B) AppleWebKit/537.36 (KHTML, like Gecko) Chrome/120.0.0.0 Mobile Safari/537.36"
216.73.216.183 - - [21/Mar/2026:16:39:37 -0400] "GET /goodscode/493056373 HTTP/1.1" 404 17305 "-" "Mozilla/5.0 AppleWebKit/537.36 (KHTML, like Gecko; compatible; ClaudeBot/1.0; +claudebot@anthropic.com)"
64.89.160.178 - - [21/Mar/2026:16:39:38 -0400] "GET /xmlrpc.php HTTP/1.1" 404 17254 "-" "Mozilla/5.0 (Macintosh; Intel Mac OS X 14_2) AppleWebKit/537.36 (KHTML, like Gecko) Chrome/120.0.0.0 Safari/537.36"
64.89.160.178 - - [21/Mar/2026:16:39:38 -0400] "GET /xmlrpc.php HTTP/1.1" 404 17254 "-" "Mozilla/5.0 (Windows NT 10.0; Win64; x64; rv:120.0) Gecko/20100101 Firefox/120.0"
64.89.160.178 - - [21/Mar/2026:16:39:39 -0400] "GET /xmlrpc.php HTTP/1.1" 404 17254 "-" "Mozilla/5.0 (Windows NT 11.0; Win64; x64) AppleWebKit/537.36 (KHTML, like Gecko) Chrome/120.0.0.0 Safari/537.36"
64.89.160.178 - - [21/Mar/2026:16:39:39 -0400] "GET /xmlrpc.php HTTP/1.1" 404 17254 "-" "Mozilla/5.0 (Windows NT 10.0; Win64; x64; rv:121.0) Gecko/20100101 Firefox/121.0"
216.73.216.183 - - [21/Mar/2026:16:39:40 -0400] "GET /goodscode/2721558306 HTTP/1.1" 404 17308 "-" "Mozilla/5.0 AppleWebKit/537.36 (KHTML, like Gecko; compatible; ClaudeBot/1.0; +claudebot@anthropic.com)"
64.89.160.178 - - [21/Mar/2026:16:39:40 -0400] "GET /xmlrpc.php HTTP/1.1" 404 17254 "-" "Mozilla/5.0 (X11; Linux x86_64) AppleWebKit/537.36 (KHTML, like Gecko) Chrome/120.0.0.0 Safari/537.36"
64.89.160.178 - - [21/Mar/2026:16:39:41 -0400] "GET /xmlrpc.php HTTP/1.1" 404 17254 "-" "Mozilla/5.0 (Windows NT 10.0; Win64; x64; rv:121.0) Gecko/20100101 Firefox/121.0"
64.89.160.178 - - [21/Mar/2026:16:39:41 -0400] "GET /xmlrpc.php HTTP/1.1" 404 17254 "-" "Mozilla/5.0 (X11; Linux x86_64) AppleWebKit/537.36 (KHTML, like Gecko) Chrome/120.0.0.0 Safari/537.36"
64.89.160.178 - - [21/Mar/2026:16:39:42 -0400] "GET /xmlrpc.php HTTP/1.1" 404 17254 "-" "Mozilla/5.0 (X11; Linux x86_64) AppleWebKit/537.36 (KHTML, like Gecko) Chrome/120.0.0.0 Safari/537.36"
64.89.160.178 - - [21/Mar/2026:16:39:42 -0400] "GET /xmlrpc.php HTTP/1.1" 404 17254 "-" "Mozilla/5.0 (Windows NT 10.0; Win64; x64) AppleWebKit/537.36 (KHTML, like Gecko) Chrome/120.0.0.0 Safari/537.36"
64.89.160.178 - - [21/Mar/2026:16:39:43 -0400] "GET /xmlrpc.php HTTP/1.1" 404 17254 "-" "Mozilla/5.0 (Macintosh; Intel Mac OS X 14_3) AppleWebKit/537.36 (KHTML, like Gecko) Chrome/121.0.0.0 Safari/537.36"
216.73.216.183 - - [21/Mar/2026:16:39:43 -0400] "GET /goodscode/3326223798 HTTP/1.1" 404 17308 "-" "Mozilla/5.0 AppleWebKit/537.36 (KHTML, like Gecko; compatible; ClaudeBot/1.0; +claudebot@anthropic.com)"
64.89.160.178 - - [21/Mar/2026:16:39:44 -0400] "GET /xmlrpc.php HTTP/1.1" 404 17254 "-" "Mozilla/5.0 (Windows NT 10.0; Win64; x64) AppleWebKit/537.36 (KHTML, like Gecko) Edge/120.0.2210.91"
64.89.160.178 - - [21/Mar/2026:16:39:43 -0400] "GET /xmlrpc.php HTTP/1.1" 404 17254 "-" "Mozilla/5.0 (Windows NT 10.0; Win64; x64) AppleWebKit/537.36 (KHTML, like Gecko) Chrome/120.0.0.0 Safari/537.36"
64.89.160.178 - - [21/Mar/2026:16:39:44 -0400] "GET /xmlrpc.php HTTP/1.1" 404 17254 "-" "Mozilla/5.0 (Macintosh; Intel Mac OS X 14_2) AppleWebKit/537.36 (KHTML, like Gecko) Chrome/120.0.0.0 Safari/537.36"
64.89.160.178 - - [21/Mar/2026:16:39:45 -0400] "GET /xmlrpc.php HTTP/1.1" 404 17254 "-" "Mozilla/5.0 (Windows NT 10.0; Win64; x64; rv:121.0) Gecko/20100101 Firefox/121.0"
64.89.160.178 - - [21/Mar/2026:16:39:46 -0400] "GET /xmlrpc.php HTTP/1.1" 404 17254 "-" "Mozilla/5.0 (iPhone; CPU iPhone OS 17_2 like Mac OS X) AppleWebKit/605.1.15 (KHTML, like Gecko) Version/17.2 Mobile/15E148 Safari/604.1"
64.89.160.178 - - [21/Mar/2026:16:39:46 -0400] "GET /xmlrpc.php HTTP/1.1" 404 17254 "-" "Mozilla/5.0 (iPhone; CPU iPhone OS 17_1 like Mac OS X) AppleWebKit/605.1.15 (KHTML, like Gecko) Version/17.1 Mobile/15E148 Safari/604.1"
216.73.216.183 - - [21/Mar/2026:16:39:46 -0400] "GET /goodscode/1401271673 HTTP/1.1" 404 17308 "-" "Mozilla/5.0 AppleWebKit/537.36 (KHTML, like Gecko; compatible; ClaudeBot/1.0; +claudebot@anthropic.com)"
64.89.160.178 - - [21/Mar/2026:16:39:47 -0400] "GET /xmlrpc.php HTTP/1.1" 404 17254 "-" "Mozilla/5.0 (Macintosh; Intel Mac OS X 14_3) AppleWebKit/537.36 (KHTML, like Gecko) Chrome/121.0.0.0 Safari/537.36"
64.89.160.178 - - [21/Mar/2026:16:39:47 -0400] "GET /xmlrpc.php HTTP/1.1" 404 17254 "-" "Mozilla/5.0 (Windows NT 10.0; Win64; x64) AppleWebKit/537.36 (KHTML, like Gecko) Edge/120.0.2210.91"
64.89.160.178 - - [21/Mar/2026:16:39:47 -0400] "GET /xmlrpc.php HTTP/1.1" 404 17254 "-" "Mozilla/5.0 (Macintosh; Intel Mac OS X 14_2_1) AppleWebKit/537.36 (KHTML, like Gecko) Chrome/120.0.0.0 Safari/537.36"
64.89.160.178 - - [21/Mar/2026:16:39:48 -0400] "GET /xmlrpc.php HTTP/1.1" 404 17254 "-" "Mozilla/5.0 (Windows NT 10.0; Win64; x64) AppleWebKit/537.36 (KHTML, like Gecko) Edge/120.0.2210.91"
216.73.216.183 - - [21/Mar/2026:16:39:49 -0400] "GET /goodscode/4148898698 HTTP/1.1" 404 17308 "-" "Mozilla/5.0 AppleWebKit/537.36 (KHTML, like Gecko; compatible; ClaudeBot/1.0; +claudebot@anthropic.com)"
216.73.216.183 - - [21/Mar/2026:16:39:52 -0400] "GET /goodscode/3643840962 HTTP/1.1" 404 17308 "-" "Mozilla/5.0 AppleWebKit/537.36 (KHTML, like Gecko; compatible; ClaudeBot/1.0; +claudebot@anthropic.com)"
152.237.186.72 - - [21/Mar/2026:16:39:54 -0400] "POST /xmlrpc.php HTTP/1.1" 200 403 "-" "Mozilla/5.0 (X11; Ubuntu; Linux x86_64; x86) AppleWebKit/537.36 (KHTML, like Gecko) Chrome/80.0.0.0 Safari/537.36"
216.73.216.183 - - [21/Mar/2026:16:39:55 -0400] "GET /goodscode/1191042339 HTTP/1.1" 404 17308 "-" "Mozilla/5.0 AppleWebKit/537.36 (KHTML, like Gecko; compatible; ClaudeBot/1.0; +claudebot@anthropic.com)"
216.73.216.183 - - [21/Mar/2026:16:39:58 -0400] "GET /goodscode/3423221649 HTTP/1.1" 404 17308 "-" "Mozilla/5.0 AppleWebKit/537.36 (KHTML, like Gecko; compatible; ClaudeBot/1.0; +claudebot@anthropic.com)"
216.73.216.183 - - [21/Mar/2026:16:40:01 -0400] "GET /goodscode/1871273975 HTTP/1.1" 404 17308 "-" "Mozilla/5.0 AppleWebKit/537.36 (KHTML, like Gecko; compatible; ClaudeBot/1.0; +claudebot@anthropic.com)"
216.73.216.183 - - [21/Mar/2026:16:40:04 -0400] "GET /goodscode/784280891 HTTP/1.1" 404 17305 "-" "Mozilla/5.0 AppleWebKit/537.36 (KHTML, like Gecko; compatible; ClaudeBot/1.0; +claudebot@anthropic.com)"
216.73.216.183 - - [21/Mar/2026:16:40:07 -0400] "GET /goodscode/154969756 HTTP/1.1" 404 17305 "-" "Mozilla/5.0 AppleWebKit/537.36 (KHTML, like Gecko; compatible; ClaudeBot/1.0; +claudebot@anthropic.com)"
66.249.66.2 - - [21/Mar/2026:16:40:08 -0400] "GET /policy/90010.php?goodscode/1389930427 HTTP/1.1" 200 379034 "-" "Mozilla/5.0 (Linux; Android 6.0.1; Nexus 5X Build/MMB29P) AppleWebKit/537.36 (KHTML, like Gecko) Chrome/145.0.7632.159 Mobile Safari/537.36 (compatible; GoogleOther)"
216.73.216.183 - - [21/Mar/2026:16:40:10 -0400] "GET /goodscode/2507648005 HTTP/1.1" 404 17308 "-" "Mozilla/5.0 AppleWebKit/537.36 (KHTML, like Gecko; compatible; ClaudeBot/1.0; +claudebot@anthropic.com)"
216.73.216.183 - - [21/Mar/2026:16:40:13 -0400] "GET /goodscode/3689872421 HTTP/1.1" 404 17308 "-" "Mozilla/5.0 AppleWebKit/537.36 (KHTML, like Gecko; compatible; ClaudeBot/1.0; +claudebot@anthropic.com)"
216.73.216.183 - - [21/Mar/2026:16:40:16 -0400] "GET /goodscode/3267685812 HTTP/1.1" 404 17308 "-" "Mozilla/5.0 AppleWebKit/537.36 (KHTML, like Gecko; compatible; ClaudeBot/1.0; +claudebot@anthropic.com)"
216.73.216.183 - - [21/Mar/2026:16:40:19 -0400] "GET /goodscode/2725521345 HTTP/1.1" 404 17308 "-" "Mozilla/5.0 AppleWebKit/537.36 (KHTML, like Gecko; compatible; ClaudeBot/1.0; +claudebot@anthropic.com)"
216.73.216.183 - - [21/Mar/2026:16:40:22 -0400] "GET /goodscode/170064119 HTTP/1.1" 404 17305 "-" "Mozilla/5.0 AppleWebKit/537.36 (KHTML, like Gecko; compatible; ClaudeBot/1.0; +claudebot@anthropic.com)"
216.73.216.183 - - [21/Mar/2026:16:40:25 -0400] "GET /goodscode/3659194629 HTTP/1.1" 404 17308 "-" "Mozilla/5.0 AppleWebKit/537.36 (KHTML, like Gecko; compatible; ClaudeBot/1.0; +claudebot@anthropic.com)"
216.73.216.183 - - [21/Mar/2026:16:40:28 -0400] "GET /goodscode/3497298395 HTTP/1.1" 404 17308 "-" "Mozilla/5.0 AppleWebKit/537.36 (KHTML, like Gecko; compatible; ClaudeBot/1.0; +claudebot@anthropic.com)"
216.73.216.183 - - [21/Mar/2026:16:40:31 -0400] "GET /goodscode/2965657783 HTTP/1.1" 404 17308 "-" "Mozilla/5.0 AppleWebKit/537.36 (KHTML, like Gecko; compatible; ClaudeBot/1.0; +claudebot@anthropic.com)"
216.73.216.183 - - [21/Mar/2026:16:40:34 -0400] "GET /goodscode/2208157034 HTTP/1.1" 404 17308 "-" "Mozilla/5.0 AppleWebKit/537.36 (KHTML, like Gecko; compatible; ClaudeBot/1.0; +claudebot@anthropic.com)"
216.73.216.183 - - [21/Mar/2026:16:40:37 -0400] "GET /goodscode/2359893355 HTTP/1.1" 404 17308 "-" "Mozilla/5.0 AppleWebKit/537.36 (KHTML, like Gecko; compatible; ClaudeBot/1.0; +claudebot@anthropic.com)"
216.73.216.183 - - [21/Mar/2026:16:40:40 -0400] "GET /goodscode/188976614 HTTP/1.1" 404 17305 "-" "Mozilla/5.0 AppleWebKit/537.36 (KHTML, like Gecko; compatible; ClaudeBot/1.0; +claudebot@anthropic.com)"
216.73.216.183 - - [21/Mar/2026:16:40:43 -0400] "GET /goodscode/3129555420 HTTP/1.1" 404 17308 "-" "Mozilla/5.0 AppleWebKit/537.36 (KHTML, like Gecko; compatible; ClaudeBot/1.0; +claudebot@anthropic.com)"
216.73.216.183 - - [21/Mar/2026:16:40:46 -0400] "GET /goodscode/1295352947 HTTP/1.1" 404 17308 "-" "Mozilla/5.0 AppleWebKit/537.36 (KHTML, like Gecko; compatible; ClaudeBot/1.0; +claudebot@anthropic.com)"
216.73.216.183 - - [21/Mar/2026:16:40:49 -0400] "GET /goodscode/1684923663 HTTP/1.1" 404 17308 "-" "Mozilla/5.0 AppleWebKit/537.36 (KHTML, like Gecko; compatible; ClaudeBot/1.0; +claudebot@anthropic.com)"
216.73.216.183 - - [21/Mar/2026:16:40:52 -0400] "GET /goodscode/1655016543 HTTP/1.1" 404 17308 "-" "Mozilla/5.0 AppleWebKit/537.36 (KHTML, like Gecko; compatible; ClaudeBot/1.0; +claudebot@anthropic.com)"
152.237.186.72 - - [21/Mar/2026:16:40:54 -0400] "POST /xmlrpc.php HTTP/1.1" 200 403 "-" "Mozilla/5.0 (Windows NT 6.2; x64) AppleWebKit/537.36 (KHTML, like Gecko) Firefox/88.0.0.0 Safari/537.36"
216.73.216.183 - - [21/Mar/2026:16:40:55 -0400] "GET /goodscode/272046614 HTTP/1.1" 404 17305 "-" "Mozilla/5.0 AppleWebKit/537.36 (KHTML, like Gecko; compatible; ClaudeBot/1.0; +claudebot@anthropic.com)"
216.73.216.183 - - [21/Mar/2026:16:40:58 -0400] "GET /goodscode/2890831484 HTTP/1.1" 404 17308 "-" "Mozilla/5.0 AppleWebKit/537.36 (KHTML, like Gecko; compatible; ClaudeBot/1.0; +claudebot@anthropic.com)"
66.249.66.168 - - [21/Mar/2026:16:41:00 -0400] "GET /policy/90010.php?goodscode/1373787472 HTTP/1.1" 200 389070 "-" "Mozilla/5.0 (Linux; Android 6.0.1; Nexus 5X Build/MMB29P) AppleWebKit/537.36 (KHTML, like Gecko) Chrome/145.0.7632.159 Mobile Safari/537.36 (compatible; GoogleOther)"
216.73.216.183 - - [21/Mar/2026:16:41:01 -0400] "GET /goodscode/2515407606 HTTP/1.1" 404 17308 "-" "Mozilla/5.0 AppleWebKit/537.36 (KHTML, like Gecko; compatible; ClaudeBot/1.0; +claudebot@anthropic.com)"
216.73.216.183 - - [21/Mar/2026:16:41:04 -0400] "GET /goodscode/2479536092 HTTP/1.1" 404 17308 "-" "Mozilla/5.0 AppleWebKit/537.36 (KHTML, like Gecko; compatible; ClaudeBot/1.0; +claudebot@anthropic.com)"
216.73.216.183 - - [21/Mar/2026:16:41:07 -0400] "GET /goodscode/1560020964 HTTP/1.1" 404 17308 "-" "Mozilla/5.0 AppleWebKit/537.36 (KHTML, like Gecko; compatible; ClaudeBot/1.0; +claudebot@anthropic.com)"
216.73.216.183 - - [21/Mar/2026:16:41:10 -0400] "GET /goodscode/1149556995 HTTP/1.1" 404 17308 "-" "Mozilla/5.0 AppleWebKit/537.36 (KHTML, like Gecko; compatible; ClaudeBot/1.0; +claudebot@anthropic.com)"
216.73.216.183 - - [21/Mar/2026:16:41:14 -0400] "GET /goodscode/2915708373 HTTP/1.1" 404 17308 "-" "Mozilla/5.0 AppleWebKit/537.36 (KHTML, like Gecko; compatible; ClaudeBot/1.0; +claudebot@anthropic.com)"
216.73.216.183 - - [21/Mar/2026:16:41:17 -0400] "GET /goodscode/3897379620 HTTP/1.1" 404 17308 "-" "Mozilla/5.0 AppleWebKit/537.36 (KHTML, like Gecko; compatible; ClaudeBot/1.0; +claudebot@anthropic.com)"
216.73.216.183 - - [21/Mar/2026:16:41:19 -0400] "GET /goodscode/3741584961 HTTP/1.1" 404 17308 "-" "Mozilla/5.0 AppleWebKit/537.36 (KHTML, like Gecko; compatible; ClaudeBot/1.0; +claudebot@anthropic.com)"
216.73.216.183 - - [21/Mar/2026:16:41:22 -0400] "GET /goodscode/2327235295 HTTP/1.1" 404 17308 "-" "Mozilla/5.0 AppleWebKit/537.36 (KHTML, like Gecko; compatible; ClaudeBot/1.0; +claudebot@anthropic.com)"
216.73.216.183 - - [21/Mar/2026:16:41:25 -0400] "GET /goodscode/2966283548 HTTP/1.1" 404 17308 "-" "Mozilla/5.0 AppleWebKit/537.36 (KHTML, like Gecko; compatible; ClaudeBot/1.0; +claudebot@anthropic.com)"
216.73.216.183 - - [21/Mar/2026:16:41:28 -0400] "GET /goodscode/2093287206 HTTP/1.1" 404 17308 "-" "Mozilla/5.0 AppleWebKit/537.36 (KHTML, like Gecko; compatible; ClaudeBot/1.0; +claudebot@anthropic.com)"
216.73.216.183 - - [21/Mar/2026:16:41:31 -0400] "GET /goodscode/1785817412 HTTP/1.1" 404 17308 "-" "Mozilla/5.0 AppleWebKit/537.36 (KHTML, like Gecko; compatible; ClaudeBot/1.0; +claudebot@anthropic.com)"
216.73.216.183 - - [21/Mar/2026:16:41:37 -0400] "GET /goodscode/2804371433 HTTP/1.1" 404 17308 "-" "Mozilla/5.0 AppleWebKit/537.36 (KHTML, like Gecko; compatible; ClaudeBot/1.0; +claudebot@anthropic.com)"
216.73.216.183 - - [21/Mar/2026:16:41:41 -0400] "GET /goodscode/2310303068 HTTP/1.1" 404 17308 "-" "Mozilla/5.0 AppleWebKit/537.36 (KHTML, like Gecko; compatible; ClaudeBot/1.0; +claudebot@anthropic.com)"
216.73.216.183 - - [21/Mar/2026:16:41:43 -0400] "GET /goodscode/3812187687 HTTP/1.1" 404 17308 "-" "Mozilla/5.0 AppleWebKit/537.36 (KHTML, like Gecko; compatible; ClaudeBot/1.0; +claudebot@anthropic.com)"
216.73.216.183 - - [21/Mar/2026:16:41:46 -0400] "GET /goodscode/1953131876 HTTP/1.1" 404 17308 "-" "Mozilla/5.0 AppleWebKit/537.36 (KHTML, like Gecko; compatible; ClaudeBot/1.0; +claudebot@anthropic.com)"
216.73.216.183 - - [21/Mar/2026:16:41:49 -0400] "GET /goodscode/3825122426 HTTP/1.1" 404 17308 "-" "Mozilla/5.0 AppleWebKit/537.36 (KHTML, like Gecko; compatible; ClaudeBot/1.0; +claudebot@anthropic.com)"
216.73.216.183 - - [21/Mar/2026:16:41:52 -0400] "GET /goodscode/2578511297 HTTP/1.1" 404 17308 "-" "Mozilla/5.0 AppleWebKit/537.36 (KHTML, like Gecko; compatible; ClaudeBot/1.0; +claudebot@anthropic.com)"
152.237.186.72 - - [21/Mar/2026:16:41:54 -0400] "POST /xmlrpc.php HTTP/1.1" 200 403 "-" "Mozilla/5.0 (Windows NT 10.0; x64) AppleWebKit/537.36 (KHTML, like Gecko) Edge/95.0.0.0 Safari/537.36"
216.73.216.183 - - [21/Mar/2026:16:41:55 -0400] "GET /goodscode/1825078993 HTTP/1.1" 404 17308 "-" "Mozilla/5.0 AppleWebKit/537.36 (KHTML, like Gecko; compatible; ClaudeBot/1.0; +claudebot@anthropic.com)"
216.73.216.183 - - [21/Mar/2026:16:41:58 -0400] "GET /goodscode/3165426934 HTTP/1.1" 404 17308 "-" "Mozilla/5.0 AppleWebKit/537.36 (KHTML, like Gecko; compatible; ClaudeBot/1.0; +claudebot@anthropic.com)"
216.73.216.183 - - [21/Mar/2026:16:42:01 -0400] "GET /goodscode/1949168837 HTTP/1.1" 404 17308 "-" "Mozilla/5.0 AppleWebKit/537.36 (KHTML, like Gecko; compatible; ClaudeBot/1.0; +claudebot@anthropic.com)"
216.73.216.183 - - [21/Mar/2026:16:42:04 -0400] "GET /goodscode/4278163712 HTTP/1.1" 404 17308 "-" "Mozilla/5.0 AppleWebKit/537.36 (KHTML, like Gecko; compatible; ClaudeBot/1.0; +claudebot@anthropic.com)"
216.73.216.183 - - [21/Mar/2026:16:42:07 -0400] "GET /goodscode/2647803335 HTTP/1.1" 404 17308 "-" "Mozilla/5.0 AppleWebKit/537.36 (KHTML, like Gecko; compatible; ClaudeBot/1.0; +claudebot@anthropic.com)"
216.73.216.183 - - [21/Mar/2026:16:42:10 -0400] "GET /goodscode/1611408962 HTTP/1.1" 404 17308 "-" "Mozilla/5.0 AppleWebKit/537.36 (KHTML, like Gecko; compatible; ClaudeBot/1.0; +claudebot@anthropic.com)"
216.73.216.183 - - [21/Mar/2026:16:42:13 -0400] "GET /goodscode/3345789301 HTTP/1.1" 404 17308 "-" "Mozilla/5.0 AppleWebKit/537.36 (KHTML, like Gecko; compatible; ClaudeBot/1.0; +claudebot@anthropic.com)"
216.73.216.183 - - [21/Mar/2026:16:42:16 -0400] "GET /goodscode/1311495918 HTTP/1.1" 404 17308 "-" "Mozilla/5.0 AppleWebKit/537.36 (KHTML, like Gecko; compatible; ClaudeBot/1.0; +claudebot@anthropic.com)"
216.73.216.183 - - [21/Mar/2026:16:42:19 -0400] "GET /goodscode/2547455766 HTTP/1.1" 404 17308 "-" "Mozilla/5.0 AppleWebKit/537.36 (KHTML, like Gecko; compatible; ClaudeBot/1.0; +claudebot@anthropic.com)"
216.73.216.183 - - [21/Mar/2026:16:42:22 -0400] "GET /goodscode/2378383023 HTTP/1.1" 404 17308 "-" "Mozilla/5.0 AppleWebKit/537.36 (KHTML, like Gecko; compatible; ClaudeBot/1.0; +claudebot@anthropic.com)"
216.73.216.183 - - [21/Mar/2026:16:42:26 -0400] "GET /goodscode/1761587826 HTTP/1.1" 404 17308 "-" "Mozilla/5.0 AppleWebKit/537.36 (KHTML, like Gecko; compatible; ClaudeBot/1.0; +claudebot@anthropic.com)"
216.73.216.183 - - [21/Mar/2026:16:42:28 -0400] "GET /goodscode/3468667062 HTTP/1.1" 404 17308 "-" "Mozilla/5.0 AppleWebKit/537.36 (KHTML, like Gecko; compatible; ClaudeBot/1.0; +claudebot@anthropic.com)"
216.73.216.183 - - [21/Mar/2026:16:42:31 -0400] "GET /goodscode/2936603639 HTTP/1.1" 404 17308 "-" "Mozilla/5.0 AppleWebKit/537.36 (KHTML, like Gecko; compatible; ClaudeBot/1.0; +claudebot@anthropic.com)"
216.73.216.183 - - [21/Mar/2026:16:42:34 -0400] "GET /goodscode/2623349257 HTTP/1.1" 404 17308 "-" "Mozilla/5.0 AppleWebKit/537.36 (KHTML, like Gecko; compatible; ClaudeBot/1.0; +claudebot@anthropic.com)"
216.73.216.183 - - [21/Mar/2026:16:42:37 -0400] "GET /goodscode/2522578877 HTTP/1.1" 404 17308 "-" "Mozilla/5.0 AppleWebKit/537.36 (KHTML, like Gecko; compatible; ClaudeBot/1.0; +claudebot@anthropic.com)"
216.73.216.183 - - [21/Mar/2026:16:42:40 -0400] "GET /goodscode/2659357518 HTTP/1.1" 404 17308 "-" "Mozilla/5.0 AppleWebKit/537.36 (KHTML, like Gecko; compatible; ClaudeBot/1.0; +claudebot@anthropic.com)"
66.249.66.168 - - [21/Mar/2026:16:42:42 -0400] "GET /policy/90010.php?goodscode/2176084045 HTTP/1.1" 200 400851 "-" "Mozilla/5.0 (Linux; Android 6.0.1; Nexus 5X Build/MMB29P) AppleWebKit/537.36 (KHTML, like Gecko) Chrome/145.0.7632.159 Mobile Safari/537.36 (compatible; GoogleOther)"
216.73.216.183 - - [21/Mar/2026:16:42:43 -0400] "GET /goodscode/4178742130 HTTP/1.1" 404 17308 "-" "Mozilla/5.0 AppleWebKit/537.36 (KHTML, like Gecko; compatible; ClaudeBot/1.0; +claudebot@anthropic.com)"
216.73.216.183 - - [21/Mar/2026:16:42:46 -0400] "GET /goodscode/1720931892 HTTP/1.1" 404 17308 "-" "Mozilla/5.0 AppleWebKit/537.36 (KHTML, like Gecko; compatible; ClaudeBot/1.0; +claudebot@anthropic.com)"
216.73.216.183 - - [21/Mar/2026:16:42:49 -0400] "GET /goodscode/2346147790 HTTP/1.1" 404 17308 "-" "Mozilla/5.0 AppleWebKit/537.36 (KHTML, like Gecko; compatible; ClaudeBot/1.0; +claudebot@anthropic.com)"
216.73.216.183 - - [21/Mar/2026:16:42:52 -0400] "GET /goodscode/3659983917 HTTP/1.1" 404 17308 "-" "Mozilla/5.0 AppleWebKit/537.36 (KHTML, like Gecko; compatible; ClaudeBot/1.0; +claudebot@anthropic.com)"
216.73.216.183 - - [21/Mar/2026:16:42:56 -0400] "GET /goodscode/4228755244 HTTP/1.1" 404 17308 "-" "Mozilla/5.0 AppleWebKit/537.36 (KHTML, like Gecko; compatible; ClaudeBot/1.0; +claudebot@anthropic.com)"
216.73.216.183 - - [21/Mar/2026:16:42:59 -0400] "GET /goodscode/2278035454 HTTP/1.1" 404 17308 "-" "Mozilla/5.0 AppleWebKit/537.36 (KHTML, like Gecko; compatible; ClaudeBot/1.0; +claudebot@anthropic.com)"
216.73.216.183 - - [21/Mar/2026:16:43:02 -0400] "GET /goodscode/2191203253 HTTP/1.1" 404 17308 "-" "Mozilla/5.0 AppleWebKit/537.36 (KHTML, like Gecko; compatible; ClaudeBot/1.0; +claudebot@anthropic.com)"
216.73.216.183 - - [21/Mar/2026:16:43:05 -0400] "GET /goodscode/3771331046 HTTP/1.1" 404 17308 "-" "Mozilla/5.0 AppleWebKit/537.36 (KHTML, like Gecko; compatible; ClaudeBot/1.0; +claudebot@anthropic.com)"
216.73.216.183 - - [21/Mar/2026:16:43:08 -0400] "GET /goodscode/3206023983 HTTP/1.1" 404 17308 "-" "Mozilla/5.0 AppleWebKit/537.36 (KHTML, like Gecko; compatible; ClaudeBot/1.0; +claudebot@anthropic.com)"
216.73.216.183 - - [21/Mar/2026:16:43:11 -0400] "GET /goodscode/4061440780 HTTP/1.1" 404 17308 "-" "Mozilla/5.0 AppleWebKit/537.36 (KHTML, like Gecko; compatible; ClaudeBot/1.0; +claudebot@anthropic.com)"
216.73.216.183 - - [21/Mar/2026:16:43:14 -0400] "GET /goodscode/4096100195 HTTP/1.1" 404 17308 "-" "Mozilla/5.0 AppleWebKit/537.36 (KHTML, like Gecko; compatible; ClaudeBot/1.0; +claudebot@anthropic.com)"
216.73.216.183 - - [21/Mar/2026:16:43:17 -0400] "GET /goodscode/2950914016 HTTP/1.1" 404 17308 "-" "Mozilla/5.0 AppleWebKit/537.36 (KHTML, like Gecko; compatible; ClaudeBot/1.0; +claudebot@anthropic.com)"
216.73.216.183 - - [21/Mar/2026:16:43:20 -0400] "GET /goodscode/3079769533 HTTP/1.1" 404 17308 "-" "Mozilla/5.0 AppleWebKit/537.36 (KHTML, like Gecko; compatible; ClaudeBot/1.0; +claudebot@anthropic.com)"
216.73.216.183 - - [21/Mar/2026:16:43:23 -0400] "GET /goodscode/3177938862 HTTP/1.1" 404 17308 "-" "Mozilla/5.0 AppleWebKit/537.36 (KHTML, like Gecko; compatible; ClaudeBot/1.0; +claudebot@anthropic.com)"
216.73.216.183 - - [21/Mar/2026:16:43:26 -0400] "GET /goodscode/1683288737 HTTP/1.1" 404 17308 "-" "Mozilla/5.0 AppleWebKit/537.36 (KHTML, like Gecko; compatible; ClaudeBot/1.0; +claudebot@anthropic.com)"
216.73.216.183 - - [21/Mar/2026:16:43:29 -0400] "GET /goodscode/3625934386 HTTP/1.1" 404 17308 "-" "Mozilla/5.0 AppleWebKit/537.36 (KHTML, like Gecko; compatible; ClaudeBot/1.0; +claudebot@anthropic.com)"
216.73.216.183 - - [21/Mar/2026:16:43:32 -0400] "GET /goodscode/242203214 HTTP/1.1" 404 17305 "-" "Mozilla/5.0 AppleWebKit/537.36 (KHTML, like Gecko; compatible; ClaudeBot/1.0; +claudebot@anthropic.com)"
216.73.216.183 - - [21/Mar/2026:16:43:35 -0400] "GET /goodscode/411412688 HTTP/1.1" 404 17305 "-" "Mozilla/5.0 AppleWebKit/537.36 (KHTML, like Gecko; compatible; ClaudeBot/1.0; +claudebot@anthropic.com)"
216.73.216.183 - - [21/Mar/2026:16:43:38 -0400] "GET /goodscode/2239016949 HTTP/1.1" 404 17308 "-" "Mozilla/5.0 AppleWebKit/537.36 (KHTML, like Gecko; compatible; ClaudeBot/1.0; +claudebot@anthropic.com)"
216.73.216.183 - - [21/Mar/2026:16:43:41 -0400] "GET /goodscode/2595866351 HTTP/1.1" 404 17308 "-" "Mozilla/5.0 AppleWebKit/537.36 (KHTML, like Gecko; compatible; ClaudeBot/1.0; +claudebot@anthropic.com)"
216.73.216.183 - - [21/Mar/2026:16:43:44 -0400] "GET /goodscode/1714954136 HTTP/1.1" 404 17308 "-" "Mozilla/5.0 AppleWebKit/537.36 (KHTML, like Gecko; compatible; ClaudeBot/1.0; +claudebot@anthropic.com)"
5.135.142.134 - - [21/Mar/2026:16:44:19 -0400] "HEAD /feed/?0323=1774125859 HTTP/1.1" 304 - "-" "FeedPress/1.0 (https://feedpress.com)"
66.249.92.169 - - [21/Mar/2026:16:44:35 -0400] "GET /feed/ HTTP/1.1" 200 50041 "-" "FeedFetcher-Google; (+http://www.google.com/feedfetcher.html)"
114.119.135.107 - - [21/Mar/2026:16:47:21 -0400] "GET /telecom-support-services/ HTTP/1.1" 200 24258 "https://reachconnects.com/category/mobility-solutions/" "Mozilla/5.0 (Linux; Android 7.0;) AppleWebKit/537.36 (KHTML, like Gecko) Mobile Safari/537.36 (compatible; PetalBot;+https://webmaster.petalsearch.com/site/petalbot)"
114.119.157.4 - - [21/Mar/2026:16:49:11 -0400] "GET /more-flexibility-more-interaction-more-business-with-att-officehand/ HTTP/1.1" 200 22602 "https://reachconnects.com/tech-tips/page/11/" "Mozilla/5.0 (Linux; Android 7.0;) AppleWebKit/537.36 (KHTML, like Gecko) Mobile Safari/537.36 (compatible; PetalBot;+https://webmaster.petalsearch.com/site/petalbot)"
173.239.214.159 - - [21/Mar/2026:16:50:05 -0400] "POST /wp-login.php HTTP/1.1" 200 7509 "-" "Mozilla/5.0"
181.94.228.150 - - [21/Mar/2026:16:50:05 -0400] "GET /cellular-mobility/ HTTP/1.1" 200 20174 "-" "Mozilla/5.0 (X11; Linux i686; rv:1.9.6.20) Gecko/5610-10-13 19:26:34.522766 Firefox/3.6.1"
114.119.131.189 - - [21/Mar/2026:16:51:13 -0400] "GET /internet-of-things-iot-platform/ HTTP/1.1" 200 23928 "https://reachconnects.com/category/mobility-solutions/page/6" "Mozilla/5.0 (Linux; Android 7.0;) AppleWebKit/537.36 (KHTML, like Gecko) Mobile Safari/537.36 (compatible; PetalBot;+https://webmaster.petalsearch.com/site/petalbot)"
173.239.240.83 - - [21/Mar/2026:16:57:32 -0400] "GET /wp-login.php HTTP/1.1" 200 6984 "-" "Mozilla/5.0"
173.239.240.83 - - [21/Mar/2026:16:57:33 -0400] "GET /?author=1 HTTP/1.1" 301 - "-" "Mozilla/5.0"
173.239.240.83 - - [21/Mar/2026:16:57:33 -0400] "GET /?rest_route=/wp/v2/users HTTP/1.1" 200 749 "-" "Mozilla/5.0"
114.119.151.128 - - [21/Mar/2026:16:58:08 -0400] "GET /enterprise-grade-wireless-that-works-with-your-business HTTP/1.1" 301 - "https://www.reachamplification.com/enterprise-grade-wireless-that-works-with-your-business/" "Mozilla/5.0 (Linux; Android 7.0;) AppleWebKit/537.36 (KHTML, like Gecko) Mobile Safari/537.36 (compatible; PetalBot;+https://webmaster.petalsearch.com/site/petalbot)"
36.243.38.48 - - [21/Mar/2026:16:59:53 -0400] "GET /favicon.ico HTTP/1.1" 200 17177 "https://websearch.rakuten.co.jp/" "Mozilla/5.0 (Windows NT 10.0; Win64; x64) AppleWebKit/537.36 (KHTML, like Gecko) Chrome/139.0.0.0 Safari/537.36 RakutenDesktopWebsearch/1.12.139.10"
74.243.251.125 - - [21/Mar/2026:17:01:09 -0400] "GET /wp-content/plugins/hellopress/wp_filemanager.php HTTP/1.1" 404 17357 "-" "-"
74.243.251.125 - - [21/Mar/2026:17:01:09 -0400] "GET /bs.php HTTP/1.1" 404 17254 "-" "-"
74.243.251.125 - - [21/Mar/2026:17:01:10 -0400] "GET /wp-content/function.php HTTP/1.1" 404 17254 "-" "-"
5.39.71.120 - - [21/Mar/2026:17:04:22 -0400] "HEAD /feed/?07d6=1774127062 HTTP/1.1" 304 - "-" "FeedPress/1.0 (https://feedpress.com)"
5.39.71.120 - - [21/Mar/2026:17:04:22 -0400] "GET /feed/?07d6=1774127062 HTTP/1.1" 200 50057 "-" "FeedPress/1.0 (https://feedpress.com; FeedBurner compatible)"
66.249.92.198 - - [21/Mar/2026:17:04:44 -0400] "GET /feed/ HTTP/1.1" 200 50041 "-" "FeedFetcher-Google; (+http://www.google.com/feedfetcher.html)"
173.231.245.203 - - [21/Mar/2026:17:05:23 -0400] "POST /wp-cron.php?doing_wp_cron=1774127123.4483780860900878906250 HTTP/1.1" 200 - "-" "WordPress/6.9.4; https://reachconnects.com"
216.73.216.183 - - [21/Mar/2026:17:05:22 -0400] "GET /goodscode/1989013302 HTTP/1.1" 404 17308 "-" "Mozilla/5.0 AppleWebKit/537.36 (KHTML, like Gecko; compatible; ClaudeBot/1.0; +claudebot@anthropic.com)"
216.73.216.183 - - [21/Mar/2026:17:05:25 -0400] "GET /goodscode/1991601039 HTTP/1.1" 404 17308 "-" "Mozilla/5.0 AppleWebKit/537.36 (KHTML, like Gecko; compatible; ClaudeBot/1.0; +claudebot@anthropic.com)"
216.73.216.183 - - [21/Mar/2026:17:05:28 -0400] "GET /goodscode/544317856 HTTP/1.1" 404 17305 "-" "Mozilla/5.0 AppleWebKit/537.36 (KHTML, like Gecko; compatible; ClaudeBot/1.0; +claudebot@anthropic.com)"
216.73.216.183 - - [21/Mar/2026:17:05:31 -0400] "GET /goodscode/684732474 HTTP/1.1" 404 17305 "-" "Mozilla/5.0 AppleWebKit/537.36 (KHTML, like Gecko; compatible; ClaudeBot/1.0; +claudebot@anthropic.com)"
216.73.216.183 - - [21/Mar/2026:17:05:53 -0400] "GET /goodscode/483165644 HTTP/1.1" 404 17305 "-" "Mozilla/5.0 AppleWebKit/537.36 (KHTML, like Gecko; compatible; ClaudeBot/1.0; +claudebot@anthropic.com)"
20.15.133.162 - - [21/Mar/2026:17:05:54 -0400] "GET /user/63579558/plus/index.html?spe_id=mm_official_shop_4 HTTP/1.1" 200 389407 "-" "Mozilla/5.0 AppleWebKit/537.36 (KHTML, like Gecko; compatible; bingbot/2.0; +http://www.bing.com/bingbot.htm) Chrome/116.0.1938.76 Safari/537.36"
216.73.216.183 - - [21/Mar/2026:17:05:56 -0400] "GET /goodscode/1508668932 HTTP/1.1" 404 17308 "-" "Mozilla/5.0 AppleWebKit/537.36 (KHTML, like Gecko; compatible; ClaudeBot/1.0; +claudebot@anthropic.com)"
216.73.216.183 - - [21/Mar/2026:17:05:59 -0400] "GET /goodscode/332804961 HTTP/1.1" 404 17305 "-" "Mozilla/5.0 AppleWebKit/537.36 (KHTML, like Gecko; compatible; ClaudeBot/1.0; +claudebot@anthropic.com)"
216.73.216.183 - - [21/Mar/2026:17:06:02 -0400] "GET /goodscode/1479203239 HTTP/1.1" 404 17308 "-" "Mozilla/5.0 AppleWebKit/537.36 (KHTML, like Gecko; compatible; ClaudeBot/1.0; +claudebot@anthropic.com)"
216.73.216.183 - - [21/Mar/2026:17:06:13 -0400] "GET /goodscode/3915159393 HTTP/1.1" 404 17308 "-" "Mozilla/5.0 AppleWebKit/537.36 (KHTML, like Gecko; compatible; ClaudeBot/1.0; +claudebot@anthropic.com)"
216.73.216.183 - - [21/Mar/2026:17:06:17 -0400] "GET /goodscode/4290889197 HTTP/1.1" 404 17308 "-" "Mozilla/5.0 AppleWebKit/537.36 (KHTML, like Gecko; compatible; ClaudeBot/1.0; +claudebot@anthropic.com)"
216.73.216.183 - - [21/Mar/2026:17:06:20 -0400] "GET /goodscode/3054929316 HTTP/1.1" 404 17308 "-" "Mozilla/5.0 AppleWebKit/537.36 (KHTML, like Gecko; compatible; ClaudeBot/1.0; +claudebot@anthropic.com)"
216.73.216.183 - - [21/Mar/2026:17:06:22 -0400] "GET /goodscode/4032236267 HTTP/1.1" 404 17308 "-" "Mozilla/5.0 AppleWebKit/537.36 (KHTML, like Gecko; compatible; ClaudeBot/1.0; +claudebot@anthropic.com)"
216.73.216.183 - - [21/Mar/2026:17:06:28 -0400] "GET /goodscode/384819430 HTTP/1.1" 404 17305 "-" "Mozilla/5.0 AppleWebKit/537.36 (KHTML, like Gecko; compatible; ClaudeBot/1.0; +claudebot@anthropic.com)"
216.73.216.183 - - [21/Mar/2026:17:06:31 -0400] "GET /goodscode/2157409968 HTTP/1.1" 404 17308 "-" "Mozilla/5.0 AppleWebKit/537.36 (KHTML, like Gecko; compatible; ClaudeBot/1.0; +claudebot@anthropic.com)"
216.73.216.183 - - [21/Mar/2026:17:06:34 -0400] "GET /goodscode/3988674094 HTTP/1.1" 404 17308 "-" "Mozilla/5.0 AppleWebKit/537.36 (KHTML, like Gecko; compatible; ClaudeBot/1.0; +claudebot@anthropic.com)"
216.73.216.183 - - [21/Mar/2026:17:06:41 -0400] "GET /goodscode/3608233347 HTTP/1.1" 404 17308 "-" "Mozilla/5.0 AppleWebKit/537.36 (KHTML, like Gecko; compatible; ClaudeBot/1.0; +claudebot@anthropic.com)"
216.73.216.183 - - [21/Mar/2026:17:06:44 -0400] "GET /goodscode/868918212 HTTP/1.1" 404 17305 "-" "Mozilla/5.0 AppleWebKit/537.36 (KHTML, like Gecko; compatible; ClaudeBot/1.0; +claudebot@anthropic.com)"
216.73.216.183 - - [21/Mar/2026:17:06:47 -0400] "GET /goodscode/3160288500 HTTP/1.1" 404 17308 "-" "Mozilla/5.0 AppleWebKit/537.36 (KHTML, like Gecko; compatible; ClaudeBot/1.0; +claudebot@anthropic.com)"
216.73.216.183 - - [21/Mar/2026:17:06:50 -0400] "GET /goodscode/2862173167 HTTP/1.1" 404 17308 "-" "Mozilla/5.0 AppleWebKit/537.36 (KHTML, like Gecko; compatible; ClaudeBot/1.0; +claudebot@anthropic.com)"
114.119.130.14 - - [21/Mar/2026:17:07:03 -0400] "GET /your-connection-to-solution-and-vendor-sourcing HTTP/1.1" 301 - "https://reachconnects.com/your-connection-to-solution-and-vendor-sourcing" "Mozilla/5.0 (Linux; Android 7.0;) AppleWebKit/537.36 (KHTML, like Gecko) Mobile Safari/537.36 (compatible; PetalBot;+https://webmaster.petalsearch.com/site/petalbot)"
114.119.130.14 - - [21/Mar/2026:17:07:10 -0400] "GET /your-connection-to-solution-and-vendor-sourcing/ HTTP/1.1" 200 22731 "https://reachconnects.com/your-connection-to-solution-and-vendor-sourcing" "Mozilla/5.0 (Linux; Android 7.0;) AppleWebKit/537.36 (KHTML, like Gecko) Mobile Safari/537.36 (compatible; PetalBot;+https://webmaster.petalsearch.com/site/petalbot)"
216.73.216.183 - - [21/Mar/2026:17:07:18 -0400] "GET /goodscode/3227914755 HTTP/1.1" 404 17308 "-" "Mozilla/5.0 AppleWebKit/537.36 (KHTML, like Gecko; compatible; ClaudeBot/1.0; +claudebot@anthropic.com)"
216.73.216.183 - - [21/Mar/2026:17:07:21 -0400] "GET /goodscode/3880890696 HTTP/1.1" 404 17308 "-" "Mozilla/5.0 AppleWebKit/537.36 (KHTML, like Gecko; compatible; ClaudeBot/1.0; +claudebot@anthropic.com)"
216.73.216.183 - - [21/Mar/2026:17:07:24 -0400] "GET /goodscode/115562641 HTTP/1.1" 404 17305 "-" "Mozilla/5.0 AppleWebKit/537.36 (KHTML, like Gecko; compatible; ClaudeBot/1.0; +claudebot@anthropic.com)"
216.73.216.183 - - [21/Mar/2026:17:07:27 -0400] "GET /goodscode/524349011 HTTP/1.1" 404 17305 "-" "Mozilla/5.0 AppleWebKit/537.36 (KHTML, like Gecko; compatible; ClaudeBot/1.0; +claudebot@anthropic.com)"
216.73.216.183 - - [21/Mar/2026:17:07:32 -0400] "GET /goodscode/3298841735 HTTP/1.1" 404 17308 "-" "Mozilla/5.0 AppleWebKit/537.36 (KHTML, like Gecko; compatible; ClaudeBot/1.0; +claudebot@anthropic.com)"
216.73.216.183 - - [21/Mar/2026:17:07:35 -0400] "GET /goodscode/1025243305 HTTP/1.1" 404 17308 "-" "Mozilla/5.0 AppleWebKit/537.36 (KHTML, like Gecko; compatible; ClaudeBot/1.0; +claudebot@anthropic.com)"
216.73.216.183 - - [21/Mar/2026:17:07:38 -0400] "GET /goodscode/2890868188 HTTP/1.1" 404 17308 "-" "Mozilla/5.0 AppleWebKit/537.36 (KHTML, like Gecko; compatible; ClaudeBot/1.0; +claudebot@anthropic.com)"
216.73.216.183 - - [21/Mar/2026:17:07:42 -0400] "GET /goodscode/1920510520 HTTP/1.1" 404 17308 "-" "Mozilla/5.0 AppleWebKit/537.36 (KHTML, like Gecko; compatible; ClaudeBot/1.0; +claudebot@anthropic.com)"
216.73.216.183 - - [21/Mar/2026:17:07:45 -0400] "GET /goodscode/3910570605 HTTP/1.1" 404 17308 "-" "Mozilla/5.0 AppleWebKit/537.36 (KHTML, like Gecko; compatible; ClaudeBot/1.0; +claudebot@anthropic.com)"
216.73.216.183 - - [21/Mar/2026:17:07:49 -0400] "GET /goodscode/3202683998 HTTP/1.1" 404 17308 "-" "Mozilla/5.0 AppleWebKit/537.36 (KHTML, like Gecko; compatible; ClaudeBot/1.0; +claudebot@anthropic.com)"
114.119.143.58 - - [21/Mar/2026:17:08:22 -0400] "GET /wp-content/uploads/Verizon-5G.jpg HTTP/1.1" 200 4192 "https://reachconnects.com/digital-readiness-with-the-power-of-verizon" "Mozilla/5.0 (Linux; Android 7.0;) AppleWebKit/537.36 (KHTML, like Gecko) Mobile Safari/537.36 (compatible; PetalBot;+https://webmaster.petalsearch.com/site/petalbot)"
216.73.216.183 - - [21/Mar/2026:17:08:24 -0400] "GET /goodscode/3079642698 HTTP/1.1" 404 17308 "-" "Mozilla/5.0 AppleWebKit/537.36 (KHTML, like Gecko; compatible; ClaudeBot/1.0; +claudebot@anthropic.com)"
216.73.216.183 - - [21/Mar/2026:17:08:27 -0400] "GET /goodscode/2595480212 HTTP/1.1" 404 17308 "-" "Mozilla/5.0 AppleWebKit/537.36 (KHTML, like Gecko; compatible; ClaudeBot/1.0; +claudebot@anthropic.com)"
216.73.216.183 - - [21/Mar/2026:17:08:30 -0400] "GET /goodscode/1725557384 HTTP/1.1" 404 17308 "-" "Mozilla/5.0 AppleWebKit/537.36 (KHTML, like Gecko; compatible; ClaudeBot/1.0; +claudebot@anthropic.com)"
216.73.216.183 - - [21/Mar/2026:17:08:33 -0400] "GET /goodscode/2818729093 HTTP/1.1" 404 17308 "-" "Mozilla/5.0 AppleWebKit/537.36 (KHTML, like Gecko; compatible; ClaudeBot/1.0; +claudebot@anthropic.com)"
216.73.216.183 - - [21/Mar/2026:17:08:36 -0400] "GET /goodscode/1092869560 HTTP/1.1" 404 17308 "-" "Mozilla/5.0 AppleWebKit/537.36 (KHTML, like Gecko; compatible; ClaudeBot/1.0; +claudebot@anthropic.com)"
216.73.216.183 - - [21/Mar/2026:17:08:39 -0400] "GET /goodscode/432363242 HTTP/1.1" 404 17305 "-" "Mozilla/5.0 AppleWebKit/537.36 (KHTML, like Gecko; compatible; ClaudeBot/1.0; +claudebot@anthropic.com)"
216.73.216.183 - - [21/Mar/2026:17:08:44 -0400] "GET /goodscode/3880727173 HTTP/1.1" 404 17308 "-" "Mozilla/5.0 AppleWebKit/537.36 (KHTML, like Gecko; compatible; ClaudeBot/1.0; +claudebot@anthropic.com)"
185.223.152.135 - - [21/Mar/2026:17:08:44 -0400] "GET /wp-login.php HTTP/1.1" 200 7039 "-" "Mozilla/5.0"
185.223.152.135 - - [21/Mar/2026:17:08:45 -0400] "GET /?author=1 HTTP/1.1" 500 7756 "-" "Mozilla/5.0"
185.223.152.120 - - [21/Mar/2026:17:08:46 -0400] "GET /?rest_route=/wp/v2/users HTTP/1.1" 200 749 "-" "Mozilla/5.0"
216.73.216.183 - - [21/Mar/2026:17:08:47 -0400] "GET /goodscode/4038200661 HTTP/1.1" 404 17308 "-" "Mozilla/5.0 AppleWebKit/537.36 (KHTML, like Gecko; compatible; ClaudeBot/1.0; +claudebot@anthropic.com)"
216.73.216.183 - - [21/Mar/2026:17:08:50 -0400] "GET /goodscode/1975294561 HTTP/1.1" 404 17308 "-" "Mozilla/5.0 AppleWebKit/537.36 (KHTML, like Gecko; compatible; ClaudeBot/1.0; +claudebot@anthropic.com)"
216.73.216.183 - - [21/Mar/2026:17:08:54 -0400] "GET /goodscode/2275484725 HTTP/1.1" 404 17308 "-" "Mozilla/5.0 AppleWebKit/537.36 (KHTML, like Gecko; compatible; ClaudeBot/1.0; +claudebot@anthropic.com)"
216.73.216.183 - - [21/Mar/2026:17:08:57 -0400] "GET /goodscode/3962748597 HTTP/1.1" 404 17308 "-" "Mozilla/5.0 AppleWebKit/537.36 (KHTML, like Gecko; compatible; ClaudeBot/1.0; +claudebot@anthropic.com)"
216.73.216.183 - - [21/Mar/2026:17:09:00 -0400] "GET /goodscode/1749436390 HTTP/1.1" 404 17308 "-" "Mozilla/5.0 AppleWebKit/537.36 (KHTML, like Gecko; compatible; ClaudeBot/1.0; +claudebot@anthropic.com)"
173.239.214.155 - - [21/Mar/2026:17:09:26 -0400] "POST /wp-login.php HTTP/1.1" 200 7509 "-" "Mozilla/5.0"
216.73.216.183 - - [21/Mar/2026:17:09:31 -0400] "GET /goodscode/1795208577 HTTP/1.1" 404 17308 "-" "Mozilla/5.0 AppleWebKit/537.36 (KHTML, like Gecko; compatible; ClaudeBot/1.0; +claudebot@anthropic.com)"
216.73.216.183 - - [21/Mar/2026:17:09:34 -0400] "GET /goodscode/3347038104 HTTP/1.1" 404 17308 "-" "Mozilla/5.0 AppleWebKit/537.36 (KHTML, like Gecko; compatible; ClaudeBot/1.0; +claudebot@anthropic.com)"
216.73.216.183 - - [21/Mar/2026:17:09:37 -0400] "GET /goodscode/2062300776 HTTP/1.1" 404 17308 "-" "Mozilla/5.0 AppleWebKit/537.36 (KHTML, like Gecko; compatible; ClaudeBot/1.0; +claudebot@anthropic.com)"
216.73.216.183 - - [21/Mar/2026:17:09:42 -0400] "GET /goodscode/2618374346 HTTP/1.1" 404 17308 "-" "Mozilla/5.0 AppleWebKit/537.36 (KHTML, like Gecko; compatible; ClaudeBot/1.0; +claudebot@anthropic.com)"
216.73.216.183 - - [21/Mar/2026:17:09:46 -0400] "GET /goodscode/3225490573 HTTP/1.1" 404 17308 "-" "Mozilla/5.0 AppleWebKit/537.36 (KHTML, like Gecko; compatible; ClaudeBot/1.0; +claudebot@anthropic.com)"
216.73.216.183 - - [21/Mar/2026:17:09:48 -0400] "GET /goodscode/3956342760 HTTP/1.1" 404 17308 "-" "Mozilla/5.0 AppleWebKit/537.36 (KHTML, like Gecko; compatible; ClaudeBot/1.0; +claudebot@anthropic.com)"
216.73.216.183 - - [21/Mar/2026:17:09:52 -0400] "GET /goodscode/2961731448 HTTP/1.1" 404 17308 "-" "Mozilla/5.0 AppleWebKit/537.36 (KHTML, like Gecko; compatible; ClaudeBot/1.0; +claudebot@anthropic.com)"
216.73.216.183 - - [21/Mar/2026:17:09:55 -0400] "GET /goodscode/586549799 HTTP/1.1" 404 17305 "-" "Mozilla/5.0 AppleWebKit/537.36 (KHTML, like Gecko; compatible; ClaudeBot/1.0; +claudebot@anthropic.com)"
216.73.216.183 - - [21/Mar/2026:17:09:58 -0400] "GET /goodscode/2161998740 HTTP/1.1" 404 17308 "-" "Mozilla/5.0 AppleWebKit/537.36 (KHTML, like Gecko; compatible; ClaudeBot/1.0; +claudebot@anthropic.com)"
216.73.216.183 - - [21/Mar/2026:17:10:01 -0400] "GET /goodscode/2025869704 HTTP/1.1" 404 17308 "-" "Mozilla/5.0 AppleWebKit/537.36 (KHTML, like Gecko; compatible; ClaudeBot/1.0; +claudebot@anthropic.com)"
216.73.216.183 - - [21/Mar/2026:17:10:39 -0400] "GET /goodscode/3643877666 HTTP/1.1" 404 17308 "-" "Mozilla/5.0 AppleWebKit/537.36 (KHTML, like Gecko; compatible; ClaudeBot/1.0; +claudebot@anthropic.com)"
114.119.130.14 - - [21/Mar/2026:17:10:43 -0400] "GET /msps-can-help-find-you-a-better-internet-provider HTTP/1.1" 301 - "https://reachconnects.com/category/vehicle/page/4" "Mozilla/5.0 (Linux; Android 7.0;) AppleWebKit/537.36 (KHTML, like Gecko) Mobile Safari/537.36 (compatible; PetalBot;+https://webmaster.petalsearch.com/site/petalbot)"
114.119.130.14 - - [21/Mar/2026:17:10:45 -0400] "GET /msps-can-help-find-you-a-better-internet-provider/ HTTP/1.1" 200 23564 "https://reachconnects.com/category/vehicle/page/4" "Mozilla/5.0 (Linux; Android 7.0;) AppleWebKit/537.36 (KHTML, like Gecko) Mobile Safari/537.36 (compatible; PetalBot;+https://webmaster.petalsearch.com/site/petalbot)"
216.73.216.183 - - [21/Mar/2026:17:11:35 -0400] "GET /goodscode/2746471915 HTTP/1.1" 404 17308 "-" "Mozilla/5.0 AppleWebKit/537.36 (KHTML, like Gecko; compatible; ClaudeBot/1.0; +claudebot@anthropic.com)"
216.73.216.183 - - [21/Mar/2026:17:11:38 -0400] "GET /goodscode/1026618943 HTTP/1.1" 404 17308 "-" "Mozilla/5.0 AppleWebKit/537.36 (KHTML, like Gecko; compatible; ClaudeBot/1.0; +claudebot@anthropic.com)"
114.119.135.35 - - [21/Mar/2026:17:11:56 -0400] "GET /industry-leading-products-services-reliable-connectivity-best-value HTTP/1.1" 301 - "https://reachconnects.com/category/building/page/6" "Mozilla/5.0 (Linux; Android 7.0;) AppleWebKit/537.36 (KHTML, like Gecko) Mobile Safari/537.36 (compatible; PetalBot;+https://webmaster.petalsearch.com/site/petalbot)"
114.119.135.35 - - [21/Mar/2026:17:12:07 -0400] "GET /industry-leading-products-services-reliable-connectivity-best-value/ HTTP/1.1" 200 22146 "https://reachconnects.com/category/building/page/6" "Mozilla/5.0 (Linux; Android 7.0;) AppleWebKit/537.36 (KHTML, like Gecko) Mobile Safari/537.36 (compatible; PetalBot;+https://webmaster.petalsearch.com/site/petalbot)"
216.73.216.183 - - [21/Mar/2026:17:12:50 -0400] "GET /goodscode/4266012276 HTTP/1.1" 404 17308 "-" "Mozilla/5.0 AppleWebKit/537.36 (KHTML, like Gecko; compatible; ClaudeBot/1.0; +claudebot@anthropic.com)"
216.73.216.183 - - [21/Mar/2026:17:12:53 -0400] "GET /goodscode/3491370689 HTTP/1.1" 404 17308 "-" "Mozilla/5.0 AppleWebKit/537.36 (KHTML, like Gecko; compatible; ClaudeBot/1.0; +claudebot@anthropic.com)"
216.73.216.183 - - [21/Mar/2026:17:12:56 -0400] "GET /goodscode/686108112 HTTP/1.1" 404 17305 "-" "Mozilla/5.0 AppleWebKit/537.36 (KHTML, like Gecko; compatible; ClaudeBot/1.0; +claudebot@anthropic.com)"
216.73.216.183 - - [21/Mar/2026:17:12:59 -0400] "GET /goodscode/3396564703 HTTP/1.1" 404 17308 "-" "Mozilla/5.0 AppleWebKit/537.36 (KHTML, like Gecko; compatible; ClaudeBot/1.0; +claudebot@anthropic.com)"
114.119.131.189 - - [21/Mar/2026:17:13:53 -0400] "GET /enterprise-grade-wireless-that-works-with-your-business/ HTTP/1.1" 200 23240 "https://reachconnects.com/category/mobility-solutions/page/6" "Mozilla/5.0 (Linux; Android 7.0;) AppleWebKit/537.36 (KHTML, like Gecko) Mobile Safari/537.36 (compatible; PetalBot;+https://webmaster.petalsearch.com/site/petalbot)"
147.235.213.245 - - [21/Mar/2026:17:15:27 -0400] "HEAD / HTTP/1.1" 200 - "https://reachconnects.com/" "Mozilla/5.0 (Windows NT 10.0; Win64; x64) AppleWebKit/537.36 (KHTML, like Gecko) Chrome/91.0.4472.124 Safari/537.36"
147.235.213.245 - - [21/Mar/2026:17:15:30 -0400] "HEAD / HTTP/1.1" 200 - "https://reachconnects.com/" "Mozilla/5.0 (Windows NT 10.0; Win64; x64) AppleWebKit/537.36 (KHTML, like Gecko) Chrome/91.0.4472.124 Safari/537.36"
114.119.135.107 - - [21/Mar/2026:17:15:30 -0400] "GET /category/internet-technology/page/5/ HTTP/1.1" 200 31375 "https://reachconnects.com/category/internet-technology/page/3" "Mozilla/5.0 (Linux; Android 7.0;) AppleWebKit/537.36 (KHTML, like Gecko) Mobile Safari/537.36 (compatible; PetalBot;+https://webmaster.petalsearch.com/site/petalbot)"
147.235.213.245 - - [21/Mar/2026:17:15:39 -0400] "HEAD / HTTP/1.1" 200 - "https://reachconnects.com/" "Mozilla/5.0 (Windows NT 10.0; Win64; x64) AppleWebKit/537.36 (KHTML, like Gecko) Chrome/91.0.4472.124 Safari/537.36"
147.235.213.245 - - [21/Mar/2026:17:15:39 -0400] "HEAD / HTTP/1.1" 200 - "https://reachconnects.com/" "Mozilla/5.0 (Windows NT 10.0; Win64; x64) AppleWebKit/537.36 (KHTML, like Gecko) Chrome/91.0.4472.124 Safari/537.36"
