66.249.66.3 - - [21/Mar/2026:15:37:47 -0400] "GET /policy/90010.php?goodscode/1419948124 HTTP/1.1" 200 392680 "-" "Mozilla/5.0 (Linux; Android 6.0.1; Nexus 5X Build/MMB29P) AppleWebKit/537.36 (KHTML, like Gecko) Chrome/145.0.7632.159 Mobile Safari/537.36 (compatible; GoogleOther)"
40.77.167.71 - - [21/Mar/2026:15:38:01 -0400] "GET /terms/index.html HTTP/1.1" 200 382075 "-" "Mozilla/5.0 AppleWebKit/537.36 (KHTML, like Gecko; compatible; bingbot/2.0; +http://www.bing.com/bingbot.htm) Chrome/116.0.1938.76 Safari/537.36"
66.249.66.4 - - [21/Mar/2026:15:38:14 -0400] "GET /policy/90010.php?goodscode/3346471328 HTTP/1.1" 200 398195 "-" "Mozilla/5.0 (Linux; Android 6.0.1; Nexus 5X Build/MMB29P) AppleWebKit/537.36 (KHTML, like Gecko) Chrome/145.0.7632.159 Mobile Safari/537.36 (compatible; GoogleOther)"
52.167.144.182 - - [21/Mar/2026:15:38:31 -0400] "GET /review/orders?spe_id=mm_review HTTP/1.1" 200 408476 "-" "Mozilla/5.0 AppleWebKit/537.36 (KHTML, like Gecko; compatible; bingbot/2.0; +http://www.bing.com/bingbot.htm) Chrome/116.0.1938.76 Safari/537.36"
216.73.216.183 - - [21/Mar/2026:15:38:57 -0400] "GET /goodscode/1038304879 HTTP/1.1" 404 17308 "-" "Mozilla/5.0 AppleWebKit/537.36 (KHTML, like Gecko; compatible; ClaudeBot/1.0; +claudebot@anthropic.com)"
216.73.216.183 - - [21/Mar/2026:15:39:00 -0400] "GET /goodscode/1392542993 HTTP/1.1" 404 17308 "-" "Mozilla/5.0 AppleWebKit/537.36 (KHTML, like Gecko; compatible; ClaudeBot/1.0; +claudebot@anthropic.com)"
52.167.144.182 - - [21/Mar/2026:15:39:00 -0400] "GET /event/3taro HTTP/1.1" 200 385571 "-" "Mozilla/5.0 AppleWebKit/537.36 (KHTML, like Gecko; compatible; bingbot/2.0; +http://www.bing.com/bingbot.htm) Chrome/116.0.1938.76 Safari/537.36"
216.73.216.183 - - [21/Mar/2026:15:39:05 -0400] "GET /goodscode/2445099536 HTTP/1.1" 404 17308 "-" "Mozilla/5.0 AppleWebKit/537.36 (KHTML, like Gecko; compatible; ClaudeBot/1.0; +claudebot@anthropic.com)"
66.249.66.2 - - [21/Mar/2026:15:39:13 -0400] "GET /policy/90010.php?goodscode/1540270806 HTTP/1.1" 200 404868 "-" "Mozilla/5.0 (Linux; Android 6.0.1; Nexus 5X Build/MMB29P) AppleWebKit/537.36 (KHTML, like Gecko) Chrome/145.0.7632.159 Mobile Safari/537.36 (compatible; GoogleOther)"
52.167.144.182 - - [21/Mar/2026:15:39:30 -0400] "GET /itemlist HTTP/1.1" 200 369784 "-" "Mozilla/5.0 AppleWebKit/537.36 (KHTML, like Gecko; compatible; bingbot/2.0; +http://www.bing.com/bingbot.htm) Chrome/116.0.1938.76 Safari/537.36"
66.249.66.35 - - [21/Mar/2026:15:39:50 -0400] "GET /policy/90010.php?goodscode/3292963961 HTTP/1.1" 200 389759 "-" "Mozilla/5.0 (Linux; Android 6.0.1; Nexus 5X Build/MMB29P) AppleWebKit/537.36 (KHTML, like Gecko) Chrome/145.0.7632.159 Mobile Safari/537.36 (compatible; GoogleOther)"
52.167.144.182 - - [21/Mar/2026:15:40:15 -0400] "GET /bep/m/prom90?id=915722296 HTTP/1.1" 200 401372 "-" "Mozilla/5.0 AppleWebKit/537.36 (KHTML, like Gecko; compatible; bingbot/2.0; +http://www.bing.com/bingbot.htm) Chrome/116.0.1938.76 Safari/537.36"
66.249.66.3 - - [21/Mar/2026:15:40:57 -0400] "GET /policy/90010.php?goodscode/2437115749 HTTP/1.1" 200 397494 "-" "Mozilla/5.0 (Linux; Android 6.0.1; Nexus 5X Build/MMB29P) AppleWebKit/537.36 (KHTML, like Gecko) Chrome/145.0.7632.159 Mobile Safari/537.36 (compatible; GoogleOther)"
66.249.66.65 - - [21/Mar/2026:15:42:11 -0400] "GET /policy/90010.php?goodscode/2966312115 HTTP/1.1" 200 389909 "-" "Mozilla/5.0 (Linux; Android 6.0.1; Nexus 5X Build/MMB29P) AppleWebKit/537.36 (KHTML, like Gecko) Chrome/145.0.7632.159 Mobile Safari/537.36 (compatible; GoogleOther)"
216.73.216.183 - - [21/Mar/2026:15:42:27 -0400] "GET /goodscode/1615791874 HTTP/1.1" 404 17308 "-" "Mozilla/5.0 AppleWebKit/537.36 (KHTML, like Gecko; compatible; ClaudeBot/1.0; +claudebot@anthropic.com)"
66.249.66.195 - - [21/Mar/2026:15:43:25 -0400] "GET /goodscode/4213678764 HTTP/1.1" 200 367907 "-" "Mozilla/5.0 (Linux; Android 6.0.1; Nexus 5X Build/MMB29P) AppleWebKit/537.36 (KHTML, like Gecko) Chrome/145.0.7632.159 Mobile Safari/537.36 (compatible; GoogleOther)"
43.153.73.200 - - [21/Mar/2026:15:43:31 -0400] "GET / HTTP/1.1" 301 - "http://www.reachamplification.com" "Mozilla/5.0 (iPhone; CPU iPhone OS 13_2_3 like Mac OS X) AppleWebKit/605.1.15 (KHTML, like Gecko) Version/13.0.3 Mobile/15E148 Safari/604.1"
43.153.73.200 - - [21/Mar/2026:15:43:33 -0400] "GET / HTTP/1.1" 200 26095 "https://www.reachamplification.com/" "Mozilla/5.0 (iPhone; CPU iPhone OS 13_2_3 like Mac OS X) AppleWebKit/605.1.15 (KHTML, like Gecko) Version/13.0.3 Mobile/15E148 Safari/604.1"
5.39.71.120 - - [21/Mar/2026:15:43:41 -0400] "HEAD /feed/?f4ed=1774122221 HTTP/1.1" 200 - "-" "FeedPress/1.0 (https://feedpress.com)"
5.39.71.120 - - [21/Mar/2026:15:43:42 -0400] "GET /feed/?f4ed=1774122221 HTTP/1.1" 200 50057 "-" "FeedPress/1.0 (https://feedpress.com; FeedBurner compatible)"
66.249.92.40 - - [21/Mar/2026:15:43:43 -0400] "GET /feed/ HTTP/1.1" 200 50041 "-" "FeedFetcher-Google; (+http://www.google.com/feedfetcher.html)"
204.76.203.25 - - [21/Mar/2026:15:44:13 -0400] "GET / HTTP/1.1" 301 - "-" "Mozilla/5.0 (Windows NT 10.0; Win64; x64) AppleWebKit/537.36 (KHTML, like Gecko) Chrome/134.0.0.0 Safari/537.3"
204.76.203.25 - - [21/Mar/2026:15:44:12 -0400] "GET / HTTP/1.1" 200 26095 "-" "Mozilla/5.0 (Windows NT 10.0; Win64; x64) AppleWebKit/537.36 (KHTML, like Gecko) Chrome/134.0.0.0 Safari/537.3"
204.76.203.25 - - [21/Mar/2026:15:44:13 -0400] "GET / HTTP/1.1" 200 26095 "-" "Mozilla/5.0 (Windows NT 10.0; Win64; x64) AppleWebKit/537.36 (KHTML, like Gecko) Chrome/134.0.0.0 Safari/537.3"
216.73.216.183 - - [21/Mar/2026:15:44:52 -0400] "GET /goodscode/3701777200 HTTP/1.1" 404 17308 "-" "Mozilla/5.0 AppleWebKit/537.36 (KHTML, like Gecko; compatible; ClaudeBot/1.0; +claudebot@anthropic.com)"
98.84.64.180 - - [21/Mar/2026:15:45:09 -0400] "GET /robots.txt HTTP/1.1" 200 82 "-" "Mozilla/5.0 (Macintosh; Intel Mac OS X 10_10_1) AppleWebKit/600.2.5 (KHTML, like Gecko) Version/8.0.2 Safari/600.2.5 (Gort)"
216.73.216.183 - - [21/Mar/2026:15:46:41 -0400] "GET /goodscode/1465798070 HTTP/1.1" 404 17308 "-" "Mozilla/5.0 AppleWebKit/537.36 (KHTML, like Gecko; compatible; ClaudeBot/1.0; +claudebot@anthropic.com)"
66.249.66.195 - - [21/Mar/2026:15:46:48 -0400] "GET /goodscode/2730599614 HTTP/1.1" 200 402290 "-" "Mozilla/5.0 (Linux; Android 6.0.1; Nexus 5X Build/MMB29P) AppleWebKit/537.36 (KHTML, like Gecko) Chrome/145.0.7632.159 Mobile Safari/537.36 (compatible; GoogleOther)"
66.249.66.3 - - [21/Mar/2026:15:46:50 -0400] "GET /goodscode/3741833552 HTTP/1.1" 200 380434 "-" "Mozilla/5.0 (Linux; Android 6.0.1; Nexus 5X Build/MMB29P) AppleWebKit/537.36 (KHTML, like Gecko) Chrome/145.0.7632.159 Mobile Safari/537.36 (compatible; GoogleOther)"
34.173.239.49 - - [21/Mar/2026:15:46:54 -0400] "HEAD /robots.txt HTTP/1.1" 200 - "-" "Mozilla/5.0 (X11; Linux x86_64) AppleWebKit/537.36 (KHTML, like Gecko) Chrome/136.0.0.0 Safari/537.36"
34.173.239.49 - - [21/Mar/2026:15:46:54 -0400] "GET /robots.txt HTTP/1.1" 200 82 "-" "Mozilla/5.0 (X11; Linux x86_64) AppleWebKit/537.36 (KHTML, like Gecko) Chrome/136.0.0.0 Safari/537.36"
34.56.168.230 - - [21/Mar/2026:15:46:54 -0400] "HEAD /vonage-and-microsoft-teams-integration HTTP/1.1" 301 - "-" "Mozilla/5.0 (X11; Linux x86_64) AppleWebKit/537.36 (KHTML, like Gecko) Chrome/136.0.0.0 Safari/537.36"
34.56.168.230 - - [21/Mar/2026:15:46:55 -0400] "GET /vonage-and-microsoft-teams-integration HTTP/1.1" 301 - "-" "Mozilla/5.0 (X11; Linux x86_64) AppleWebKit/537.36 (KHTML, like Gecko) Chrome/136.0.0.0 Safari/537.36"
216.73.216.183 - - [21/Mar/2026:15:47:58 -0400] "GET /goodscode/3436945660 HTTP/1.1" 404 17308 "-" "Mozilla/5.0 AppleWebKit/537.36 (KHTML, like Gecko; compatible; ClaudeBot/1.0; +claudebot@anthropic.com)"
216.73.216.183 - - [21/Mar/2026:15:48:01 -0400] "GET /goodscode/3559393739 HTTP/1.1" 404 17308 "-" "Mozilla/5.0 AppleWebKit/537.36 (KHTML, like Gecko; compatible; ClaudeBot/1.0; +claudebot@anthropic.com)"
34.173.239.49 - - [21/Mar/2026:15:48:23 -0400] "HEAD /amplification HTTP/1.1" 301 - "-" "Mozilla/5.0 (X11; Linux x86_64) AppleWebKit/537.36 (KHTML, like Gecko) Chrome/136.0.0.0 Safari/537.36"
34.173.239.49 - - [21/Mar/2026:15:48:23 -0400] "GET /amplification HTTP/1.1" 301 - "-" "Mozilla/5.0 (X11; Linux x86_64) AppleWebKit/537.36 (KHTML, like Gecko) Chrome/136.0.0.0 Safari/537.36"
216.73.216.183 - - [21/Mar/2026:15:49:16 -0400] "GET /goodscode/851217816 HTTP/1.1" 404 17305 "-" "Mozilla/5.0 AppleWebKit/537.36 (KHTML, like Gecko; compatible; ClaudeBot/1.0; +claudebot@anthropic.com)"
216.73.216.183 - - [21/Mar/2026:15:49:19 -0400] "GET /goodscode/1473024629 HTTP/1.1" 404 17308 "-" "Mozilla/5.0 AppleWebKit/537.36 (KHTML, like Gecko; compatible; ClaudeBot/1.0; +claudebot@anthropic.com)"
216.73.216.183 - - [21/Mar/2026:15:49:22 -0400] "GET /goodscode/4009569360 HTTP/1.1" 404 17308 "-" "Mozilla/5.0 AppleWebKit/537.36 (KHTML, like Gecko; compatible; ClaudeBot/1.0; +claudebot@anthropic.com)"
34.56.168.230 - - [21/Mar/2026:15:49:24 -0400] "HEAD /careers HTTP/1.1" 301 - "-" "Mozilla/5.0 (X11; Linux x86_64) AppleWebKit/537.36 (KHTML, like Gecko) Chrome/136.0.0.0 Safari/537.36"
34.56.168.230 - - [21/Mar/2026:15:49:25 -0400] "GET /careers HTTP/1.1" 301 - "-" "Mozilla/5.0 (X11; Linux x86_64) AppleWebKit/537.36 (KHTML, like Gecko) Chrome/136.0.0.0 Safari/537.36"
216.73.216.183 - - [21/Mar/2026:15:49:25 -0400] "GET /goodscode/3044587264 HTTP/1.1" 404 17308 "-" "Mozilla/5.0 AppleWebKit/537.36 (KHTML, like Gecko; compatible; ClaudeBot/1.0; +claudebot@anthropic.com)"
216.73.216.183 - - [21/Mar/2026:15:49:28 -0400] "GET /goodscode/832650663 HTTP/1.1" 404 17305 "-" "Mozilla/5.0 AppleWebKit/537.36 (KHTML, like Gecko; compatible; ClaudeBot/1.0; +claudebot@anthropic.com)"
216.73.216.183 - - [21/Mar/2026:15:49:31 -0400] "GET /goodscode/1401934142 HTTP/1.1" 404 17308 "-" "Mozilla/5.0 AppleWebKit/537.36 (KHTML, like Gecko; compatible; ClaudeBot/1.0; +claudebot@anthropic.com)"
216.73.216.183 - - [21/Mar/2026:15:49:34 -0400] "GET /goodscode/343799586 HTTP/1.1" 404 17305 "-" "Mozilla/5.0 AppleWebKit/537.36 (KHTML, like Gecko; compatible; ClaudeBot/1.0; +claudebot@anthropic.com)"
216.73.216.183 - - [21/Mar/2026:15:49:37 -0400] "GET /goodscode/3085607108 HTTP/1.1" 404 17308 "-" "Mozilla/5.0 AppleWebKit/537.36 (KHTML, like Gecko; compatible; ClaudeBot/1.0; +claudebot@anthropic.com)"
216.73.216.183 - - [21/Mar/2026:15:49:40 -0400] "GET /goodscode/297585972 HTTP/1.1" 404 17305 "-" "Mozilla/5.0 AppleWebKit/537.36 (KHTML, like Gecko; compatible; ClaudeBot/1.0; +claudebot@anthropic.com)"
216.73.216.183 - - [21/Mar/2026:15:49:43 -0400] "GET /goodscode/801595164 HTTP/1.1" 404 17305 "-" "Mozilla/5.0 AppleWebKit/537.36 (KHTML, like Gecko; compatible; ClaudeBot/1.0; +claudebot@anthropic.com)"
216.73.216.183 - - [21/Mar/2026:15:49:46 -0400] "GET /goodscode/1848435145 HTTP/1.1" 404 17308 "-" "Mozilla/5.0 AppleWebKit/537.36 (KHTML, like Gecko; compatible; ClaudeBot/1.0; +claudebot@anthropic.com)"
66.249.66.3 - - [21/Mar/2026:15:49:49 -0400] "GET /policy/90010.php?goodscode/1239240483 HTTP/1.1" 200 395810 "-" "Mozilla/5.0 (Linux; Android 6.0.1; Nexus 5X Build/MMB29P) AppleWebKit/537.36 (KHTML, like Gecko) Chrome/145.0.7632.159 Mobile Safari/537.36 (compatible; GoogleOther)"
216.73.216.183 - - [21/Mar/2026:15:49:49 -0400] "GET /goodscode/2255196624 HTTP/1.1" 404 17308 "-" "Mozilla/5.0 AppleWebKit/537.36 (KHTML, like Gecko; compatible; ClaudeBot/1.0; +claudebot@anthropic.com)"
216.73.216.183 - - [21/Mar/2026:15:49:52 -0400] "GET /goodscode/581797504 HTTP/1.1" 404 17305 "-" "Mozilla/5.0 AppleWebKit/537.36 (KHTML, like Gecko; compatible; ClaudeBot/1.0; +claudebot@anthropic.com)"
23.236.55.230 - - [21/Mar/2026:15:49:54 -0400] "HEAD /cellular-mobility HTTP/1.1" 301 - "-" "Mozilla/5.0 (X11; Linux x86_64) AppleWebKit/537.36 (KHTML, like Gecko) Chrome/136.0.0.0 Safari/537.36"
23.236.55.230 - - [21/Mar/2026:15:49:54 -0400] "GET /cellular-mobility HTTP/1.1" 301 - "-" "Mozilla/5.0 (X11; Linux x86_64) AppleWebKit/537.36 (KHTML, like Gecko) Chrome/136.0.0.0 Safari/537.36"
173.239.214.170 - - [21/Mar/2026:15:49:59 -0400] "POST /wp-login.php HTTP/1.1" 200 7509 "-" "Mozilla/5.0"
216.73.216.183 - - [21/Mar/2026:15:50:03 -0400] "GET /goodscode/3840919412 HTTP/1.1" 404 17308 "-" "Mozilla/5.0 AppleWebKit/537.36 (KHTML, like Gecko; compatible; ClaudeBot/1.0; +claudebot@anthropic.com)"
216.73.216.183 - - [21/Mar/2026:15:50:05 -0400] "GET /goodscode/3708840236 HTTP/1.1" 404 17308 "-" "Mozilla/5.0 AppleWebKit/537.36 (KHTML, like Gecko; compatible; ClaudeBot/1.0; +claudebot@anthropic.com)"
216.73.216.183 - - [21/Mar/2026:15:50:08 -0400] "GET /goodscode/1285462202 HTTP/1.1" 404 17308 "-" "Mozilla/5.0 AppleWebKit/537.36 (KHTML, like Gecko; compatible; ClaudeBot/1.0; +claudebot@anthropic.com)"
216.73.216.183 - - [21/Mar/2026:15:50:11 -0400] "GET /goodscode/2274109119 HTTP/1.1" 404 17308 "-" "Mozilla/5.0 AppleWebKit/537.36 (KHTML, like Gecko; compatible; ClaudeBot/1.0; +claudebot@anthropic.com)"
216.73.216.183 - - [21/Mar/2026:15:50:14 -0400] "GET /goodscode/1655842503 HTTP/1.1" 404 17308 "-" "Mozilla/5.0 AppleWebKit/537.36 (KHTML, like Gecko; compatible; ClaudeBot/1.0; +claudebot@anthropic.com)"
136.119.129.236 - - [21/Mar/2026:15:50:18 -0400] "HEAD /managed-services HTTP/1.1" 301 - "-" "Mozilla/5.0 (X11; Linux x86_64) AppleWebKit/537.36 (KHTML, like Gecko) Chrome/136.0.0.0 Safari/537.36"
136.119.129.236 - - [21/Mar/2026:15:50:18 -0400] "GET /managed-services HTTP/1.1" 301 - "-" "Mozilla/5.0 (X11; Linux x86_64) AppleWebKit/537.36 (KHTML, like Gecko) Chrome/136.0.0.0 Safari/537.36"
216.73.216.183 - - [21/Mar/2026:15:50:33 -0400] "GET /goodscode/2697063431 HTTP/1.1" 404 17308 "-" "Mozilla/5.0 AppleWebKit/537.36 (KHTML, like Gecko; compatible; ClaudeBot/1.0; +claudebot@anthropic.com)"
216.73.216.183 - - [21/Mar/2026:15:50:36 -0400] "GET /goodscode/1067638787 HTTP/1.1" 404 17308 "-" "Mozilla/5.0 AppleWebKit/537.36 (KHTML, like Gecko; compatible; ClaudeBot/1.0; +claudebot@anthropic.com)"
34.56.168.230 - - [21/Mar/2026:15:50:37 -0400] "HEAD /public-safety HTTP/1.1" 301 - "-" "Mozilla/5.0 (X11; Linux x86_64) AppleWebKit/537.36 (KHTML, like Gecko) Chrome/136.0.0.0 Safari/537.36"
34.56.168.230 - - [21/Mar/2026:15:50:38 -0400] "GET /public-safety HTTP/1.1" 301 - "-" "Mozilla/5.0 (X11; Linux x86_64) AppleWebKit/537.36 (KHTML, like Gecko) Chrome/136.0.0.0 Safari/537.36"
216.73.216.183 - - [21/Mar/2026:15:50:39 -0400] "GET /goodscode/186262378 HTTP/1.1" 404 17305 "-" "Mozilla/5.0 AppleWebKit/537.36 (KHTML, like Gecko; compatible; ClaudeBot/1.0; +claudebot@anthropic.com)"
216.73.216.183 - - [21/Mar/2026:15:50:42 -0400] "GET /goodscode/2137980067 HTTP/1.1" 404 17308 "-" "Mozilla/5.0 AppleWebKit/537.36 (KHTML, like Gecko; compatible; ClaudeBot/1.0; +claudebot@anthropic.com)"
216.73.216.183 - - [21/Mar/2026:15:50:45 -0400] "GET /goodscode/564442450 HTTP/1.1" 404 17305 "-" "Mozilla/5.0 AppleWebKit/537.36 (KHTML, like Gecko; compatible; ClaudeBot/1.0; +claudebot@anthropic.com)"
216.73.216.183 - - [21/Mar/2026:15:50:48 -0400] "GET /goodscode/807773774 HTTP/1.1" 404 17305 "-" "Mozilla/5.0 AppleWebKit/537.36 (KHTML, like Gecko; compatible; ClaudeBot/1.0; +claudebot@anthropic.com)"
216.73.216.183 - - [21/Mar/2026:15:50:51 -0400] "GET /goodscode/3497335099 HTTP/1.1" 404 17308 "-" "Mozilla/5.0 AppleWebKit/537.36 (KHTML, like Gecko; compatible; ClaudeBot/1.0; +claudebot@anthropic.com)"
34.173.239.49 - - [21/Mar/2026:15:50:54 -0400] "HEAD /staff HTTP/1.1" 301 - "-" "Mozilla/5.0 (X11; Linux x86_64) AppleWebKit/537.36 (KHTML, like Gecko) Chrome/136.0.0.0 Safari/537.36"
34.173.239.49 - - [21/Mar/2026:15:50:54 -0400] "GET /staff HTTP/1.1" 301 - "-" "Mozilla/5.0 (X11; Linux x86_64) AppleWebKit/537.36 (KHTML, like Gecko) Chrome/136.0.0.0 Safari/537.36"
216.73.216.183 - - [21/Mar/2026:15:50:55 -0400] "GET /goodscode/3159076417 HTTP/1.1" 404 17308 "-" "Mozilla/5.0 AppleWebKit/537.36 (KHTML, like Gecko; compatible; ClaudeBot/1.0; +claudebot@anthropic.com)"
38.75.72.103 - - [21/Mar/2026:15:50:56 -0400] "GET / HTTP/1.1" 301 - "-" "Mozilla/5.0 (Windows NT 10.0; Win64; x64) AppleWebKit/537.36 (KHTML, like Gecko) Chrome/145.0.0.0 Safari/537.36"
216.73.216.183 - - [21/Mar/2026:15:50:57 -0400] "GET /goodscode/3916371476 HTTP/1.1" 404 17308 "-" "Mozilla/5.0 AppleWebKit/537.36 (KHTML, like Gecko; compatible; ClaudeBot/1.0; +claudebot@anthropic.com)"
216.73.216.183 - - [21/Mar/2026:15:51:00 -0400] "GET /goodscode/3053717233 HTTP/1.1" 404 17308 "-" "Mozilla/5.0 AppleWebKit/537.36 (KHTML, like Gecko; compatible; ClaudeBot/1.0; +claudebot@anthropic.com)"
216.73.216.183 - - [21/Mar/2026:15:51:03 -0400] "GET /goodscode/4200886183 HTTP/1.1" 404 17308 "-" "Mozilla/5.0 AppleWebKit/537.36 (KHTML, like Gecko; compatible; ClaudeBot/1.0; +claudebot@anthropic.com)"
216.73.216.183 - - [21/Mar/2026:15:51:06 -0400] "GET /goodscode/1914546126 HTTP/1.1" 404 17308 "-" "Mozilla/5.0 AppleWebKit/537.36 (KHTML, like Gecko; compatible; ClaudeBot/1.0; +claudebot@anthropic.com)"
136.119.129.236 - - [21/Mar/2026:15:51:08 -0400] "HEAD /tech-tips HTTP/1.1" 301 - "-" "Mozilla/5.0 (X11; Linux x86_64) AppleWebKit/537.36 (KHTML, like Gecko) Chrome/136.0.0.0 Safari/537.36"
136.119.129.236 - - [21/Mar/2026:15:51:08 -0400] "GET /tech-tips HTTP/1.1" 301 - "-" "Mozilla/5.0 (X11; Linux x86_64) AppleWebKit/537.36 (KHTML, like Gecko) Chrome/136.0.0.0 Safari/537.36"
216.73.216.183 - - [21/Mar/2026:15:51:11 -0400] "GET /goodscode/271660507 HTTP/1.1" 404 17305 "-" "Mozilla/5.0 AppleWebKit/537.36 (KHTML, like Gecko; compatible; ClaudeBot/1.0; +claudebot@anthropic.com)"
216.73.216.183 - - [21/Mar/2026:15:51:14 -0400] "GET /goodscode/1996189811 HTTP/1.1" 404 17308 "-" "Mozilla/5.0 AppleWebKit/537.36 (KHTML, like Gecko; compatible; ClaudeBot/1.0; +claudebot@anthropic.com)"
216.73.216.183 - - [21/Mar/2026:15:51:21 -0400] "GET /goodscode/4003768457 HTTP/1.1" 404 17308 "-" "Mozilla/5.0 AppleWebKit/537.36 (KHTML, like Gecko; compatible; ClaudeBot/1.0; +claudebot@anthropic.com)"
216.73.216.183 - - [21/Mar/2026:15:51:22 -0400] "GET /goodscode/3038622838 HTTP/1.1" 404 17308 "-" "Mozilla/5.0 AppleWebKit/537.36 (KHTML, like Gecko; compatible; ClaudeBot/1.0; +claudebot@anthropic.com)"
216.73.216.183 - - [21/Mar/2026:15:51:26 -0400] "GET /goodscode/4057113156 HTTP/1.1" 404 17308 "-" "Mozilla/5.0 AppleWebKit/537.36 (KHTML, like Gecko; compatible; ClaudeBot/1.0; +claudebot@anthropic.com)"
216.73.216.183 - - [21/Mar/2026:15:51:28 -0400] "GET /goodscode/74542781 HTTP/1.1" 404 17302 "-" "Mozilla/5.0 AppleWebKit/537.36 (KHTML, like Gecko; compatible; ClaudeBot/1.0; +claudebot@anthropic.com)"
216.73.216.183 - - [21/Mar/2026:15:51:31 -0400] "GET /goodscode/2305164618 HTTP/1.1" 404 17308 "-" "Mozilla/5.0 AppleWebKit/537.36 (KHTML, like Gecko; compatible; ClaudeBot/1.0; +claudebot@anthropic.com)"
216.73.216.183 - - [21/Mar/2026:15:51:34 -0400] "GET /goodscode/3460478681 HTTP/1.1" 404 17308 "-" "Mozilla/5.0 AppleWebKit/537.36 (KHTML, like Gecko; compatible; ClaudeBot/1.0; +claudebot@anthropic.com)"
216.73.216.183 - - [21/Mar/2026:15:51:51 -0400] "GET /goodscode/1649878109 HTTP/1.1" 404 17308 "-" "Mozilla/5.0 AppleWebKit/537.36 (KHTML, like Gecko; compatible; ClaudeBot/1.0; +claudebot@anthropic.com)"
216.73.216.183 - - [21/Mar/2026:15:51:54 -0400] "GET /goodscode/2739295406 HTTP/1.1" 404 17308 "-" "Mozilla/5.0 AppleWebKit/537.36 (KHTML, like Gecko; compatible; ClaudeBot/1.0; +claudebot@anthropic.com)"
216.73.216.183 - - [21/Mar/2026:15:51:57 -0400] "GET /goodscode/2915745077 HTTP/1.1" 404 17308 "-" "Mozilla/5.0 AppleWebKit/537.36 (KHTML, like Gecko; compatible; ClaudeBot/1.0; +claudebot@anthropic.com)"
216.73.216.183 - - [21/Mar/2026:15:52:00 -0400] "GET /goodscode/1233447717 HTTP/1.1" 404 17308 "-" "Mozilla/5.0 AppleWebKit/537.36 (KHTML, like Gecko; compatible; ClaudeBot/1.0; +claudebot@anthropic.com)"
216.73.216.183 - - [21/Mar/2026:15:52:03 -0400] "GET /goodscode/4219798678 HTTP/1.1" 404 17308 "-" "Mozilla/5.0 AppleWebKit/537.36 (KHTML, like Gecko; compatible; ClaudeBot/1.0; +claudebot@anthropic.com)"
216.73.216.183 - - [21/Mar/2026:15:52:06 -0400] "GET /goodscode/3637913240 HTTP/1.1" 404 17308 "-" "Mozilla/5.0 AppleWebKit/537.36 (KHTML, like Gecko; compatible; ClaudeBot/1.0; +claudebot@anthropic.com)"
216.73.216.183 - - [21/Mar/2026:15:52:09 -0400] "GET /goodscode/3639125355 HTTP/1.1" 404 17308 "-" "Mozilla/5.0 AppleWebKit/537.36 (KHTML, like Gecko; compatible; ClaudeBot/1.0; +claudebot@anthropic.com)"
216.73.216.183 - - [21/Mar/2026:15:52:12 -0400] "GET /goodscode/3844459624 HTTP/1.1" 404 17308 "-" "Mozilla/5.0 AppleWebKit/537.36 (KHTML, like Gecko; compatible; ClaudeBot/1.0; +claudebot@anthropic.com)"
216.73.216.183 - - [21/Mar/2026:15:52:15 -0400] "GET /goodscode/382395248 HTTP/1.1" 404 17305 "-" "Mozilla/5.0 AppleWebKit/537.36 (KHTML, like Gecko; compatible; ClaudeBot/1.0; +claudebot@anthropic.com)"
216.73.216.183 - - [21/Mar/2026:15:52:18 -0400] "GET /goodscode/4179990917 HTTP/1.1" 404 17308 "-" "Mozilla/5.0 AppleWebKit/537.36 (KHTML, like Gecko; compatible; ClaudeBot/1.0; +claudebot@anthropic.com)"
216.73.216.183 - - [21/Mar/2026:15:52:22 -0400] "GET /goodscode/2542317332 HTTP/1.1" 404 17308 "-" "Mozilla/5.0 AppleWebKit/537.36 (KHTML, like Gecko; compatible; ClaudeBot/1.0; +claudebot@anthropic.com)"
216.73.216.183 - - [21/Mar/2026:15:52:24 -0400] "GET /goodscode/1377220744 HTTP/1.1" 404 17308 "-" "Mozilla/5.0 AppleWebKit/537.36 (KHTML, like Gecko; compatible; ClaudeBot/1.0; +claudebot@anthropic.com)"
216.73.216.183 - - [21/Mar/2026:15:52:28 -0400] "GET /goodscode/2567408437 HTTP/1.1" 404 17308 "-" "Mozilla/5.0 AppleWebKit/537.36 (KHTML, like Gecko; compatible; ClaudeBot/1.0; +claudebot@anthropic.com)"
216.73.216.183 - - [21/Mar/2026:15:52:31 -0400] "GET /goodscode/655052581 HTTP/1.1" 404 17305 "-" "Mozilla/5.0 AppleWebKit/537.36 (KHTML, like Gecko; compatible; ClaudeBot/1.0; +claudebot@anthropic.com)"
216.73.216.183 - - [21/Mar/2026:15:52:37 -0400] "GET /goodscode/1094081675 HTTP/1.1" 404 17308 "-" "Mozilla/5.0 AppleWebKit/537.36 (KHTML, like Gecko; compatible; ClaudeBot/1.0; +claudebot@anthropic.com)"
216.73.216.183 - - [21/Mar/2026:15:52:40 -0400] "GET /goodscode/1710626544 HTTP/1.1" 404 17308 "-" "Mozilla/5.0 AppleWebKit/537.36 (KHTML, like Gecko; compatible; ClaudeBot/1.0; +claudebot@anthropic.com)"
216.73.216.183 - - [21/Mar/2026:15:52:43 -0400] "GET /goodscode/1091493954 HTTP/1.1" 404 17308 "-" "Mozilla/5.0 AppleWebKit/537.36 (KHTML, like Gecko; compatible; ClaudeBot/1.0; +claudebot@anthropic.com)"
216.73.216.183 - - [21/Mar/2026:15:52:46 -0400] "GET /goodscode/2380843909 HTTP/1.1" 404 17308 "-" "Mozilla/5.0 AppleWebKit/537.36 (KHTML, like Gecko; compatible; ClaudeBot/1.0; +claudebot@anthropic.com)"
216.73.216.183 - - [21/Mar/2026:15:52:49 -0400] "GET /goodscode/1326645601 HTTP/1.1" 404 17308 "-" "Mozilla/5.0 AppleWebKit/537.36 (KHTML, like Gecko; compatible; ClaudeBot/1.0; +claudebot@anthropic.com)"
216.73.216.183 - - [21/Mar/2026:15:52:52 -0400] "GET /goodscode/3660020621 HTTP/1.1" 404 17308 "-" "Mozilla/5.0 AppleWebKit/537.36 (KHTML, like Gecko; compatible; ClaudeBot/1.0; +claudebot@anthropic.com)"
216.73.216.183 - - [21/Mar/2026:15:52:55 -0400] "GET /goodscode/3716016729 HTTP/1.1" 404 17308 "-" "Mozilla/5.0 AppleWebKit/537.36 (KHTML, like Gecko; compatible; ClaudeBot/1.0; +claudebot@anthropic.com)"
216.73.216.183 - - [21/Mar/2026:15:52:58 -0400] "GET /goodscode/2866925462 HTTP/1.1" 404 17308 "-" "Mozilla/5.0 AppleWebKit/537.36 (KHTML, like Gecko; compatible; ClaudeBot/1.0; +claudebot@anthropic.com)"
216.73.216.183 - - [21/Mar/2026:15:53:01 -0400] "GET /goodscode/1652302291 HTTP/1.1" 404 17308 "-" "Mozilla/5.0 AppleWebKit/537.36 (KHTML, like Gecko; compatible; ClaudeBot/1.0; +claudebot@anthropic.com)"
216.73.216.183 - - [21/Mar/2026:15:53:04 -0400] "GET /goodscode/4002556358 HTTP/1.1" 404 17308 "-" "Mozilla/5.0 AppleWebKit/537.36 (KHTML, like Gecko; compatible; ClaudeBot/1.0; +claudebot@anthropic.com)"
216.73.216.183 - - [21/Mar/2026:15:53:07 -0400] "GET /goodscode/1285625741 HTTP/1.1" 404 17308 "-" "Mozilla/5.0 AppleWebKit/537.36 (KHTML, like Gecko; compatible; ClaudeBot/1.0; +claudebot@anthropic.com)"
216.73.216.183 - - [21/Mar/2026:15:53:10 -0400] "GET /goodscode/2665195093 HTTP/1.1" 404 17308 "-" "Mozilla/5.0 AppleWebKit/537.36 (KHTML, like Gecko; compatible; ClaudeBot/1.0; +claudebot@anthropic.com)"
216.73.216.183 - - [21/Mar/2026:15:53:13 -0400] "GET /goodscode/833862762 HTTP/1.1" 404 17305 "-" "Mozilla/5.0 AppleWebKit/537.36 (KHTML, like Gecko; compatible; ClaudeBot/1.0; +claudebot@anthropic.com)"
216.73.216.183 - - [21/Mar/2026:15:53:16 -0400] "GET /goodscode/1432004785 HTTP/1.1" 404 17308 "-" "Mozilla/5.0 AppleWebKit/537.36 (KHTML, like Gecko; compatible; ClaudeBot/1.0; +claudebot@anthropic.com)"
216.73.216.183 - - [21/Mar/2026:15:53:19 -0400] "GET /goodscode/848793634 HTTP/1.1" 404 17305 "-" "Mozilla/5.0 AppleWebKit/537.36 (KHTML, like Gecko; compatible; ClaudeBot/1.0; +claudebot@anthropic.com)"
216.73.216.183 - - [21/Mar/2026:15:53:22 -0400] "GET /goodscode/4226975187 HTTP/1.1" 404 17308 "-" "Mozilla/5.0 AppleWebKit/537.36 (KHTML, like Gecko; compatible; ClaudeBot/1.0; +claudebot@anthropic.com)"
216.73.216.183 - - [21/Mar/2026:15:53:25 -0400] "GET /goodscode/3340025134 HTTP/1.1" 404 17308 "-" "Mozilla/5.0 AppleWebKit/537.36 (KHTML, like Gecko; compatible; ClaudeBot/1.0; +claudebot@anthropic.com)"
216.73.216.183 - - [21/Mar/2026:15:53:28 -0400] "GET /goodscode/1186067428 HTTP/1.1" 404 17308 "-" "Mozilla/5.0 AppleWebKit/537.36 (KHTML, like Gecko; compatible; ClaudeBot/1.0; +claudebot@anthropic.com)"
216.73.216.183 - - [21/Mar/2026:15:53:31 -0400] "GET /goodscode/4228369121 HTTP/1.1" 404 17308 "-" "Mozilla/5.0 AppleWebKit/537.36 (KHTML, like Gecko; compatible; ClaudeBot/1.0; +claudebot@anthropic.com)"
216.73.216.183 - - [21/Mar/2026:15:53:34 -0400] "GET /goodscode/2324847785 HTTP/1.1" 404 17308 "-" "Mozilla/5.0 AppleWebKit/537.36 (KHTML, like Gecko; compatible; ClaudeBot/1.0; +claudebot@anthropic.com)"
216.73.216.183 - - [21/Mar/2026:15:53:37 -0400] "GET /goodscode/3060893742 HTTP/1.1" 404 17308 "-" "Mozilla/5.0 AppleWebKit/537.36 (KHTML, like Gecko; compatible; ClaudeBot/1.0; +claudebot@anthropic.com)"
216.73.216.183 - - [21/Mar/2026:15:53:40 -0400] "GET /goodscode/336623061 HTTP/1.1" 404 17305 "-" "Mozilla/5.0 AppleWebKit/537.36 (KHTML, like Gecko; compatible; ClaudeBot/1.0; +claudebot@anthropic.com)"
216.73.216.183 - - [21/Mar/2026:15:53:43 -0400] "GET /goodscode/3304806161 HTTP/1.1" 404 17308 "-" "Mozilla/5.0 AppleWebKit/537.36 (KHTML, like Gecko; compatible; ClaudeBot/1.0; +claudebot@anthropic.com)"
216.73.216.183 - - [21/Mar/2026:15:53:46 -0400] "GET /goodscode/4254458125 HTTP/1.1" 404 17308 "-" "Mozilla/5.0 AppleWebKit/537.36 (KHTML, like Gecko; compatible; ClaudeBot/1.0; +claudebot@anthropic.com)"
216.73.216.183 - - [21/Mar/2026:15:54:14 -0400] "GET /goodscode/4181203016 HTTP/1.1" 404 17308 "-" "Mozilla/5.0 AppleWebKit/537.36 (KHTML, like Gecko; compatible; ClaudeBot/1.0; +claudebot@anthropic.com)"
216.73.216.183 - - [21/Mar/2026:15:54:17 -0400] "GET /goodscode/42047924 HTTP/1.1" 404 17302 "-" "Mozilla/5.0 AppleWebKit/537.36 (KHTML, like Gecko; compatible; ClaudeBot/1.0; +claudebot@anthropic.com)"
216.73.216.183 - - [21/Mar/2026:15:54:20 -0400] "GET /goodscode/4073256127 HTTP/1.1" 404 17308 "-" "Mozilla/5.0 AppleWebKit/537.36 (KHTML, like Gecko; compatible; ClaudeBot/1.0; +claudebot@anthropic.com)"
216.73.216.183 - - [21/Mar/2026:15:54:23 -0400] "GET /goodscode/2428042395 HTTP/1.1" 404 17308 "-" "Mozilla/5.0 AppleWebKit/537.36 (KHTML, like Gecko; compatible; ClaudeBot/1.0; +claudebot@anthropic.com)"
216.73.216.183 - - [21/Mar/2026:15:54:26 -0400] "GET /goodscode/3087985898 HTTP/1.1" 404 17308 "-" "Mozilla/5.0 AppleWebKit/537.36 (KHTML, like Gecko; compatible; ClaudeBot/1.0; +claudebot@anthropic.com)"
216.73.216.183 - - [21/Mar/2026:15:54:29 -0400] "GET /goodscode/2021280916 HTTP/1.1" 404 17308 "-" "Mozilla/5.0 AppleWebKit/537.36 (KHTML, like Gecko; compatible; ClaudeBot/1.0; +claudebot@anthropic.com)"
216.73.216.183 - - [21/Mar/2026:15:54:32 -0400] "GET /goodscode/187474493 HTTP/1.1" 404 17305 "-" "Mozilla/5.0 AppleWebKit/537.36 (KHTML, like Gecko; compatible; ClaudeBot/1.0; +claudebot@anthropic.com)"
216.73.216.183 - - [21/Mar/2026:15:54:35 -0400] "GET /goodscode/142818336 HTTP/1.1" 404 17305 "-" "Mozilla/5.0 AppleWebKit/537.36 (KHTML, like Gecko; compatible; ClaudeBot/1.0; +claudebot@anthropic.com)"
216.73.216.183 - - [21/Mar/2026:15:54:38 -0400] "GET /goodscode/43260023 HTTP/1.1" 404 17302 "-" "Mozilla/5.0 AppleWebKit/537.36 (KHTML, like Gecko; compatible; ClaudeBot/1.0; +claudebot@anthropic.com)"
216.73.216.183 - - [21/Mar/2026:15:54:42 -0400] "GET /goodscode/4031024152 HTTP/1.1" 404 17308 "-" "Mozilla/5.0 AppleWebKit/537.36 (KHTML, like Gecko; compatible; ClaudeBot/1.0; +claudebot@anthropic.com)"
216.73.216.183 - - [21/Mar/2026:15:54:44 -0400] "GET /goodscode/1107800432 HTTP/1.1" 404 17308 "-" "Mozilla/5.0 AppleWebKit/537.36 (KHTML, like Gecko; compatible; ClaudeBot/1.0; +claudebot@anthropic.com)"
216.73.216.183 - - [21/Mar/2026:15:54:48 -0400] "GET /goodscode/4256882307 HTTP/1.1" 404 17308 "-" "Mozilla/5.0 AppleWebKit/537.36 (KHTML, like Gecko; compatible; ClaudeBot/1.0; +claudebot@anthropic.com)"
216.73.216.183 - - [21/Mar/2026:15:54:54 -0400] "GET /goodscode/2625387332 HTTP/1.1" 404 17308 "-" "Mozilla/5.0 AppleWebKit/537.36 (KHTML, like Gecko; compatible; ClaudeBot/1.0; +claudebot@anthropic.com)"
216.73.216.183 - - [21/Mar/2026:15:54:57 -0400] "GET /goodscode/3201308360 HTTP/1.1" 404 17308 "-" "Mozilla/5.0 AppleWebKit/537.36 (KHTML, like Gecko; compatible; ClaudeBot/1.0; +claudebot@anthropic.com)"
66.249.66.4 - - [21/Mar/2026:15:55:00 -0400] "GET /goodscode/3844888478 HTTP/1.1" 200 382150 "-" "Mozilla/5.0 (Linux; Android 6.0.1; Nexus 5X Build/MMB29P) AppleWebKit/537.36 (KHTML, like Gecko) Chrome/145.0.7632.159 Mobile Safari/537.36 (compatible; GoogleOther)"
216.73.216.183 - - [21/Mar/2026:15:55:00 -0400] "GET /goodscode/1255555082 HTTP/1.1" 404 17308 "-" "Mozilla/5.0 AppleWebKit/537.36 (KHTML, like Gecko; compatible; ClaudeBot/1.0; +claudebot@anthropic.com)"
216.73.216.183 - - [21/Mar/2026:15:55:03 -0400] "GET /goodscode/1798844858 HTTP/1.1" 404 17308 "-" "Mozilla/5.0 AppleWebKit/537.36 (KHTML, like Gecko; compatible; ClaudeBot/1.0; +claudebot@anthropic.com)"
216.73.216.183 - - [21/Mar/2026:15:55:06 -0400] "GET /goodscode/3467491667 HTTP/1.1" 404 17308 "-" "Mozilla/5.0 AppleWebKit/537.36 (KHTML, like Gecko; compatible; ClaudeBot/1.0; +claudebot@anthropic.com)"
216.73.216.183 - - [21/Mar/2026:15:55:09 -0400] "GET /goodscode/2344972395 HTTP/1.1" 404 17308 "-" "Mozilla/5.0 AppleWebKit/537.36 (KHTML, like Gecko; compatible; ClaudeBot/1.0; +claudebot@anthropic.com)"
216.73.216.183 - - [21/Mar/2026:15:55:12 -0400] "GET /goodscode/1674754998 HTTP/1.1" 404 17308 "-" "Mozilla/5.0 AppleWebKit/537.36 (KHTML, like Gecko; compatible; ClaudeBot/1.0; +claudebot@anthropic.com)"
216.73.216.183 - - [21/Mar/2026:15:55:43 -0400] "GET /goodscode/3736912011 HTTP/1.1" 404 17308 "-" "Mozilla/5.0 AppleWebKit/537.36 (KHTML, like Gecko; compatible; ClaudeBot/1.0; +claudebot@anthropic.com)"
216.73.216.183 - - [21/Mar/2026:15:55:46 -0400] "GET /goodscode/3226702672 HTTP/1.1" 404 17308 "-" "Mozilla/5.0 AppleWebKit/537.36 (KHTML, like Gecko; compatible; ClaudeBot/1.0; +claudebot@anthropic.com)"
216.73.216.183 - - [21/Mar/2026:15:55:50 -0400] "GET /goodscode/2445742775 HTTP/1.1" 404 17308 "-" "Mozilla/5.0 AppleWebKit/537.36 (KHTML, like Gecko; compatible; ClaudeBot/1.0; +claudebot@anthropic.com)"
216.73.216.183 - - [21/Mar/2026:15:55:52 -0400] "GET /goodscode/1774313311 HTTP/1.1" 404 17308 "-" "Mozilla/5.0 AppleWebKit/537.36 (KHTML, like Gecko; compatible; ClaudeBot/1.0; +claudebot@anthropic.com)"
216.73.216.183 - - [21/Mar/2026:15:55:55 -0400] "GET /goodscode/2503721670 HTTP/1.1" 404 17308 "-" "Mozilla/5.0 AppleWebKit/537.36 (KHTML, like Gecko; compatible; ClaudeBot/1.0; +claudebot@anthropic.com)"
216.73.216.183 - - [21/Mar/2026:15:56:01 -0400] "GET /goodscode/3609445446 HTTP/1.1" 404 17308 "-" "Mozilla/5.0 AppleWebKit/537.36 (KHTML, like Gecko; compatible; ClaudeBot/1.0; +claudebot@anthropic.com)"
216.73.216.183 - - [21/Mar/2026:15:56:05 -0400] "GET /goodscode/2306376733 HTTP/1.1" 404 17308 "-" "Mozilla/5.0 AppleWebKit/537.36 (KHTML, like Gecko; compatible; ClaudeBot/1.0; +claudebot@anthropic.com)"
216.73.216.183 - - [21/Mar/2026:15:56:07 -0400] "GET /goodscode/3426471823 HTTP/1.1" 404 17308 "-" "Mozilla/5.0 AppleWebKit/537.36 (KHTML, like Gecko; compatible; ClaudeBot/1.0; +claudebot@anthropic.com)"
216.73.216.183 - - [21/Mar/2026:15:56:10 -0400] "GET /goodscode/3809800209 HTTP/1.1" 404 17308 "-" "Mozilla/5.0 AppleWebKit/537.36 (KHTML, like Gecko; compatible; ClaudeBot/1.0; +claudebot@anthropic.com)"
216.73.216.183 - - [21/Mar/2026:15:56:13 -0400] "GET /goodscode/2745259800 HTTP/1.1" 404 17308 "-" "Mozilla/5.0 AppleWebKit/537.36 (KHTML, like Gecko; compatible; ClaudeBot/1.0; +claudebot@anthropic.com)"
216.73.216.183 - - [21/Mar/2026:15:56:16 -0400] "GET /goodscode/2699487645 HTTP/1.1" 404 17308 "-" "Mozilla/5.0 AppleWebKit/537.36 (KHTML, like Gecko; compatible; ClaudeBot/1.0; +claudebot@anthropic.com)"
216.73.216.183 - - [21/Mar/2026:15:56:19 -0400] "GET /goodscode/3165040827 HTTP/1.1" 404 17308 "-" "Mozilla/5.0 AppleWebKit/537.36 (KHTML, like Gecko; compatible; ClaudeBot/1.0; +claudebot@anthropic.com)"
216.73.216.183 - - [21/Mar/2026:15:56:30 -0400] "GET /goodscode/2554296845 HTTP/1.1" 404 17308 "-" "Mozilla/5.0 AppleWebKit/537.36 (KHTML, like Gecko; compatible; ClaudeBot/1.0; +claudebot@anthropic.com)"
216.73.216.183 - - [21/Mar/2026:15:56:33 -0400] "GET /goodscode/3861814678 HTTP/1.1" 404 17308 "-" "Mozilla/5.0 AppleWebKit/537.36 (KHTML, like Gecko; compatible; ClaudeBot/1.0; +claudebot@anthropic.com)"
216.73.216.183 - - [21/Mar/2026:15:56:36 -0400] "GET /goodscode/1072227575 HTTP/1.1" 404 17308 "-" "Mozilla/5.0 AppleWebKit/537.36 (KHTML, like Gecko; compatible; ClaudeBot/1.0; +claudebot@anthropic.com)"
216.73.216.183 - - [21/Mar/2026:15:56:39 -0400] "GET /goodscode/3845671739 HTTP/1.1" 404 17308 "-" "Mozilla/5.0 AppleWebKit/537.36 (KHTML, like Gecko; compatible; ClaudeBot/1.0; +claudebot@anthropic.com)"
216.73.216.183 - - [21/Mar/2026:15:56:42 -0400] "GET /goodscode/2355967020 HTTP/1.1" 404 17308 "-" "Mozilla/5.0 AppleWebKit/537.36 (KHTML, like Gecko; compatible; ClaudeBot/1.0; +claudebot@anthropic.com)"
216.73.216.183 - - [21/Mar/2026:15:56:45 -0400] "GET /goodscode/3084395025 HTTP/1.1" 404 17308 "-" "Mozilla/5.0 AppleWebKit/537.36 (KHTML, like Gecko; compatible; ClaudeBot/1.0; +claudebot@anthropic.com)"
216.73.216.183 - - [21/Mar/2026:15:56:49 -0400] "GET /goodscode/2740507505 HTTP/1.1" 404 17308 "-" "Mozilla/5.0 AppleWebKit/537.36 (KHTML, like Gecko; compatible; ClaudeBot/1.0; +claudebot@anthropic.com)"
216.73.216.183 - - [21/Mar/2026:15:56:52 -0400] "GET /goodscode/3007503619 HTTP/1.1" 404 17308 "-" "Mozilla/5.0 AppleWebKit/537.36 (KHTML, like Gecko; compatible; ClaudeBot/1.0; +claudebot@anthropic.com)"
216.73.216.183 - - [21/Mar/2026:15:56:55 -0400] "GET /goodscode/2303952519 HTTP/1.1" 404 17308 "-" "Mozilla/5.0 AppleWebKit/537.36 (KHTML, like Gecko; compatible; ClaudeBot/1.0; +claudebot@anthropic.com)"
216.73.216.183 - - [21/Mar/2026:15:56:58 -0400] "GET /goodscode/3088149437 HTTP/1.1" 404 17308 "-" "Mozilla/5.0 AppleWebKit/537.36 (KHTML, like Gecko; compatible; ClaudeBot/1.0; +claudebot@anthropic.com)"
216.73.216.183 - - [21/Mar/2026:15:57:05 -0400] "GET /goodscode/4156111911 HTTP/1.1" 404 17308 "-" "Mozilla/5.0 AppleWebKit/537.36 (KHTML, like Gecko; compatible; ClaudeBot/1.0; +claudebot@anthropic.com)"
216.73.216.183 - - [21/Mar/2026:15:57:08 -0400] "GET /goodscode/2502509571 HTTP/1.1" 404 17308 "-" "Mozilla/5.0 AppleWebKit/537.36 (KHTML, like Gecko; compatible; ClaudeBot/1.0; +claudebot@anthropic.com)"
216.73.216.183 - - [21/Mar/2026:15:57:31 -0400] "GET /goodscode/2698275530 HTTP/1.1" 404 17308 "-" "Mozilla/5.0 AppleWebKit/537.36 (KHTML, like Gecko; compatible; ClaudeBot/1.0; +claudebot@anthropic.com)"
216.73.216.183 - - [21/Mar/2026:15:57:34 -0400] "GET /goodscode/926897107 HTTP/1.1" 404 17305 "-" "Mozilla/5.0 AppleWebKit/537.36 (KHTML, like Gecko; compatible; ClaudeBot/1.0; +claudebot@anthropic.com)"
216.73.216.183 - - [21/Mar/2026:15:57:37 -0400] "GET /goodscode/3468703766 HTTP/1.1" 404 17308 "-" "Mozilla/5.0 AppleWebKit/537.36 (KHTML, like Gecko; compatible; ClaudeBot/1.0; +claudebot@anthropic.com)"
216.73.216.183 - - [21/Mar/2026:15:57:40 -0400] "GET /goodscode/3522211988 HTTP/1.1" 404 17308 "-" "Mozilla/5.0 AppleWebKit/537.36 (KHTML, like Gecko; compatible; ClaudeBot/1.0; +claudebot@anthropic.com)"
216.73.216.183 - - [21/Mar/2026:15:57:44 -0400] "GET /goodscode/2395774781 HTTP/1.1" 404 17308 "-" "Mozilla/5.0 AppleWebKit/537.36 (KHTML, like Gecko; compatible; ClaudeBot/1.0; +claudebot@anthropic.com)"
216.73.216.183 - - [21/Mar/2026:15:57:49 -0400] "GET /goodscode/2773954821 HTTP/1.1" 404 17308 "-" "Mozilla/5.0 AppleWebKit/537.36 (KHTML, like Gecko; compatible; ClaudeBot/1.0; +claudebot@anthropic.com)"
216.73.216.183 - - [21/Mar/2026:15:57:52 -0400] "GET /goodscode/1133889436 HTTP/1.1" 404 17308 "-" "Mozilla/5.0 AppleWebKit/537.36 (KHTML, like Gecko; compatible; ClaudeBot/1.0; +claudebot@anthropic.com)"
216.73.216.183 - - [21/Mar/2026:15:57:55 -0400] "GET /goodscode/1953957868 HTTP/1.1" 404 17308 "-" "Mozilla/5.0 AppleWebKit/537.36 (KHTML, like Gecko; compatible; ClaudeBot/1.0; +claudebot@anthropic.com)"
216.73.216.183 - - [21/Mar/2026:15:57:59 -0400] "GET /goodscode/1204979923 HTTP/1.1" 404 17308 "-" "Mozilla/5.0 AppleWebKit/537.36 (KHTML, like Gecko; compatible; ClaudeBot/1.0; +claudebot@anthropic.com)"
216.73.216.183 - - [21/Mar/2026:15:58:01 -0400] "GET /goodscode/1477991140 HTTP/1.1" 404 17308 "-" "Mozilla/5.0 AppleWebKit/537.36 (KHTML, like Gecko; compatible; ClaudeBot/1.0; +claudebot@anthropic.com)"
216.73.216.183 - - [21/Mar/2026:15:58:04 -0400] "GET /goodscode/2891031711 HTTP/1.1" 404 17308 "-" "Mozilla/5.0 AppleWebKit/537.36 (KHTML, like Gecko; compatible; ClaudeBot/1.0; +claudebot@anthropic.com)"
216.73.216.183 - - [21/Mar/2026:15:58:07 -0400] "GET /goodscode/1326482078 HTTP/1.1" 404 17308 "-" "Mozilla/5.0 AppleWebKit/537.36 (KHTML, like Gecko; compatible; ClaudeBot/1.0; +claudebot@anthropic.com)"
216.73.216.183 - - [21/Mar/2026:15:58:10 -0400] "GET /goodscode/2402951274 HTTP/1.1" 404 17308 "-" "Mozilla/5.0 AppleWebKit/537.36 (KHTML, like Gecko; compatible; ClaudeBot/1.0; +claudebot@anthropic.com)"
216.73.216.183 - - [21/Mar/2026:15:58:13 -0400] "GET /goodscode/2588303703 HTTP/1.1" 404 17308 "-" "Mozilla/5.0 AppleWebKit/537.36 (KHTML, like Gecko; compatible; ClaudeBot/1.0; +claudebot@anthropic.com)"
216.73.216.183 - - [21/Mar/2026:15:58:16 -0400] "GET /goodscode/1378432859 HTTP/1.1" 404 17308 "-" "Mozilla/5.0 AppleWebKit/537.36 (KHTML, like Gecko; compatible; ClaudeBot/1.0; +claudebot@anthropic.com)"
216.73.216.183 - - [21/Mar/2026:15:58:19 -0400] "GET /goodscode/1633571631 HTTP/1.1" 404 17308 "-" "Mozilla/5.0 AppleWebKit/537.36 (KHTML, like Gecko; compatible; ClaudeBot/1.0; +claudebot@anthropic.com)"
216.73.216.183 - - [21/Mar/2026:15:58:22 -0400] "GET /goodscode/1213323123 HTTP/1.1" 404 17308 "-" "Mozilla/5.0 AppleWebKit/537.36 (KHTML, like Gecko; compatible; ClaudeBot/1.0; +claudebot@anthropic.com)"
216.73.216.183 - - [21/Mar/2026:15:58:28 -0400] "GET /goodscode/3009927817 HTTP/1.1" 404 17308 "-" "Mozilla/5.0 AppleWebKit/537.36 (KHTML, like Gecko; compatible; ClaudeBot/1.0; +claudebot@anthropic.com)"
216.73.216.183 - - [21/Mar/2026:15:58:32 -0400] "GET /goodscode/3516247578 HTTP/1.1" 404 17308 "-" "Mozilla/5.0 AppleWebKit/537.36 (KHTML, like Gecko; compatible; ClaudeBot/1.0; +claudebot@anthropic.com)"
216.73.216.183 - - [21/Mar/2026:15:58:34 -0400] "GET /goodscode/525561110 HTTP/1.1" 404 17305 "-" "Mozilla/5.0 AppleWebKit/537.36 (KHTML, like Gecko; compatible; ClaudeBot/1.0; +claudebot@anthropic.com)"
216.73.216.183 - - [21/Mar/2026:15:58:37 -0400] "GET /goodscode/2354754905 HTTP/1.1" 404 17308 "-" "Mozilla/5.0 AppleWebKit/537.36 (KHTML, like Gecko; compatible; ClaudeBot/1.0; +claudebot@anthropic.com)"
216.73.216.183 - - [21/Mar/2026:15:58:40 -0400] "GET /goodscode/2357179119 HTTP/1.1" 404 17308 "-" "Mozilla/5.0 AppleWebKit/537.36 (KHTML, like Gecko; compatible; ClaudeBot/1.0; +claudebot@anthropic.com)"
216.73.216.183 - - [21/Mar/2026:15:58:53 -0400] "GET /goodscode/708215461 HTTP/1.1" 404 17305 "-" "Mozilla/5.0 AppleWebKit/537.36 (KHTML, like Gecko; compatible; ClaudeBot/1.0; +claudebot@anthropic.com)"
216.73.216.183 - - [21/Mar/2026:15:58:56 -0400] "GET /goodscode/579373290 HTTP/1.1" 404 17305 "-" "Mozilla/5.0 AppleWebKit/537.36 (KHTML, like Gecko; compatible; ClaudeBot/1.0; +claudebot@anthropic.com)"
216.73.216.183 - - [21/Mar/2026:15:58:59 -0400] "GET /goodscode/28165660 HTTP/1.1" 404 17302 "-" "Mozilla/5.0 AppleWebKit/537.36 (KHTML, like Gecko; compatible; ClaudeBot/1.0; +claudebot@anthropic.com)"
152.237.186.72 - - [21/Mar/2026:15:59:16 -0400] "GET /wp-json/wp/v2/users HTTP/1.1" 200 749 "-" "Mozilla/4.0 (compatible; Win32; WinHttp.WinHttpRequest.5)"
216.73.216.183 - - [21/Mar/2026:15:59:20 -0400] "GET /goodscode/4194921789 HTTP/1.1" 404 17308 "-" "Mozilla/5.0 AppleWebKit/537.36 (KHTML, like Gecko; compatible; ClaudeBot/1.0; +claudebot@anthropic.com)"
216.73.216.183 - - [21/Mar/2026:15:59:23 -0400] "GET /goodscode/340163273 HTTP/1.1" 404 17305 "-" "Mozilla/5.0 AppleWebKit/537.36 (KHTML, like Gecko; compatible; ClaudeBot/1.0; +claudebot@anthropic.com)"
216.73.216.183 - - [21/Mar/2026:15:59:26 -0400] "GET /goodscode/707003378 HTTP/1.1" 404 17305 "-" "Mozilla/5.0 AppleWebKit/537.36 (KHTML, like Gecko; compatible; ClaudeBot/1.0; +claudebot@anthropic.com)"
216.73.216.183 - - [21/Mar/2026:15:59:40 -0400] "GET /goodscode/3966125286 HTTP/1.1" 404 17308 "-" "Mozilla/5.0 AppleWebKit/537.36 (KHTML, like Gecko; compatible; ClaudeBot/1.0; +claudebot@anthropic.com)"
216.73.216.183 - - [21/Mar/2026:15:59:43 -0400] "GET /goodscode/455682722 HTTP/1.1" 404 17305 "-" "Mozilla/5.0 AppleWebKit/537.36 (KHTML, like Gecko; compatible; ClaudeBot/1.0; +claudebot@anthropic.com)"
216.73.216.183 - - [21/Mar/2026:15:59:46 -0400] "GET /goodscode/1524975426 HTTP/1.1" 404 17308 "-" "Mozilla/5.0 AppleWebKit/537.36 (KHTML, like Gecko; compatible; ClaudeBot/1.0; +claudebot@anthropic.com)"
216.73.216.183 - - [21/Mar/2026:16:00:01 -0400] "GET /goodscode/2163374362 HTTP/1.1" 404 17308 "-" "Mozilla/5.0 AppleWebKit/537.36 (KHTML, like Gecko; compatible; ClaudeBot/1.0; +claudebot@anthropic.com)"
216.73.216.183 - - [21/Mar/2026:16:00:03 -0400] "GET /goodscode/1502868061 HTTP/1.1" 404 17308 "-" "Mozilla/5.0 AppleWebKit/537.36 (KHTML, like Gecko; compatible; ClaudeBot/1.0; +claudebot@anthropic.com)"
216.73.216.183 - - [21/Mar/2026:16:00:06 -0400] "GET /goodscode/3374293799 HTTP/1.1" 404 17308 "-" "Mozilla/5.0 AppleWebKit/537.36 (KHTML, like Gecko; compatible; ClaudeBot/1.0; +claudebot@anthropic.com)"
66.249.66.65 - - [21/Mar/2026:16:00:15 -0400] "GET /goodscode/2606909014 HTTP/1.1" 200 405655 "-" "Mozilla/5.0 (Linux; Android 6.0.1; Nexus 5X Build/MMB29P) AppleWebKit/537.36 (KHTML, like Gecko) Chrome/145.0.7632.159 Mobile Safari/537.36 (compatible; GoogleOther)"
152.237.186.72 - - [21/Mar/2026:16:00:45 -0400] "POST /xmlrpc.php HTTP/1.1" 200 403 "-" "Mozilla/5.0 (Windows NT 10.0; x86) AppleWebKit/537.36 (KHTML, like Gecko) Opera/75.0.0.0 Safari/537.36"
216.73.216.183 - - [21/Mar/2026:16:00:48 -0400] "GET /goodscode/544154333 HTTP/1.1" 404 17305 "-" "Mozilla/5.0 AppleWebKit/537.36 (KHTML, like Gecko; compatible; ClaudeBot/1.0; +claudebot@anthropic.com)"
216.73.216.183 - - [21/Mar/2026:16:00:51 -0400] "GET /goodscode/4131235022 HTTP/1.1" 404 17308 "-" "Mozilla/5.0 AppleWebKit/537.36 (KHTML, like Gecko; compatible; ClaudeBot/1.0; +claudebot@anthropic.com)"
216.73.216.183 - - [21/Mar/2026:16:00:54 -0400] "GET /goodscode/214957399 HTTP/1.1" 404 17305 "-" "Mozilla/5.0 AppleWebKit/537.36 (KHTML, like Gecko; compatible; ClaudeBot/1.0; +claudebot@anthropic.com)"
216.73.216.183 - - [21/Mar/2026:16:01:47 -0400] "GET /goodscode/1046138587 HTTP/1.1" 404 17308 "-" "Mozilla/5.0 AppleWebKit/537.36 (KHTML, like Gecko; compatible; ClaudeBot/1.0; +claudebot@anthropic.com)"
216.73.216.183 - - [21/Mar/2026:16:01:50 -0400] "GET /goodscode/1474400267 HTTP/1.1" 404 17308 "-" "Mozilla/5.0 AppleWebKit/537.36 (KHTML, like Gecko; compatible; ClaudeBot/1.0; +claudebot@anthropic.com)"
216.73.216.183 - - [21/Mar/2026:16:01:53 -0400] "GET /goodscode/260729586 HTTP/1.1" 404 17305 "-" "Mozilla/5.0 AppleWebKit/537.36 (KHTML, like Gecko; compatible; ClaudeBot/1.0; +claudebot@anthropic.com)"
152.237.186.72 - - [21/Mar/2026:16:01:59 -0400] "POST /xmlrpc.php HTTP/1.1" 200 403 "-" "Mozilla/5.0 (Linux; Android 10; x64) AppleWebKit/537.36 (KHTML, like Gecko) Edge/80.0.0.0 Safari/537.36"
216.73.216.183 - - [21/Mar/2026:16:01:59 -0400] "GET /goodscode/733092382 HTTP/1.1" 404 17305 "-" "Mozilla/5.0 AppleWebKit/537.36 (KHTML, like Gecko; compatible; ClaudeBot/1.0; +claudebot@anthropic.com)"
216.73.216.183 - - [21/Mar/2026:16:02:02 -0400] "GET /goodscode/3887903698 HTTP/1.1" 404 17308 "-" "Mozilla/5.0 AppleWebKit/537.36 (KHTML, like Gecko; compatible; ClaudeBot/1.0; +claudebot@anthropic.com)"
216.73.216.183 - - [21/Mar/2026:16:02:05 -0400] "GET /goodscode/1556094629 HTTP/1.1" 404 17308 "-" "Mozilla/5.0 AppleWebKit/537.36 (KHTML, like Gecko; compatible; ClaudeBot/1.0; +claudebot@anthropic.com)"
20.220.232.101 - - [21/Mar/2026:16:02:39 -0400] "GET /admin.php HTTP/1.1" 404 17254 "-" "Mozilla/5.0 (Windows NT 10.0; Win64; x64) AppleWebKit/537.36 (KHTML, like Gecko) Chrome/120.0.0.0 Safari/537.36"
20.220.232.101 - - [21/Mar/2026:16:02:39 -0400] "GET /wp-trackback.php HTTP/1.1" 404 135 "-" "Mozilla/5.0 (Windows NT 10.0; Win64; x64) AppleWebKit/537.36 (KHTML, like Gecko) Chrome/120.0.0.0 Safari/537.36"
20.220.232.101 - - [21/Mar/2026:16:02:39 -0400] "GET /wp-content/uploads/index.php HTTP/1.1" 301 - "-" "Mozilla/5.0 (Windows NT 10.0; Win64; x64) AppleWebKit/537.36 (KHTML, like Gecko) Chrome/120.0.0.0 Safari/537.36"
20.220.232.101 - - [21/Mar/2026:16:02:40 -0400] "GET /adminfuns.php HTTP/1.1" 404 17254 "-" "Mozilla/5.0 (Windows NT 10.0; Win64; x64) AppleWebKit/537.36 (KHTML, like Gecko) Chrome/120.0.0.0 Safari/537.36"
20.220.232.101 - - [21/Mar/2026:16:02:40 -0400] "GET /wk/index.php HTTP/1.1" 301 - "-" "Mozilla/5.0 (Windows NT 10.0; Win64; x64) AppleWebKit/537.36 (KHTML, like Gecko) Chrome/120.0.0.0 Safari/537.36"
20.220.232.101 - - [21/Mar/2026:16:02:40 -0400] "GET /inputs.php HTTP/1.1" 404 17254 "-" "Mozilla/5.0 (Windows NT 10.0; Win64; x64) AppleWebKit/537.36 (KHTML, like Gecko) Chrome/120.0.0.0 Safari/537.36"
20.220.232.101 - - [21/Mar/2026:16:02:41 -0400] "GET /wp-admin/user/index.php HTTP/1.1" 301 - "-" "Mozilla/5.0 (Windows NT 10.0; Win64; x64) AppleWebKit/537.36 (KHTML, like Gecko) Chrome/120.0.0.0 Safari/537.36"
20.220.232.101 - - [21/Mar/2026:16:02:41 -0400] "GET /404.php HTTP/1.1" 404 17254 "-" "Mozilla/5.0 (Windows NT 10.0; Win64; x64) AppleWebKit/537.36 (KHTML, like Gecko) Chrome/120.0.0.0 Safari/537.36"
20.220.232.101 - - [21/Mar/2026:16:02:41 -0400] "GET /file.php HTTP/1.1" 404 17254 "-" "Mozilla/5.0 (Windows NT 10.0; Win64; x64) AppleWebKit/537.36 (KHTML, like Gecko) Chrome/120.0.0.0 Safari/537.36"
20.220.232.101 - - [21/Mar/2026:16:02:42 -0400] "GET /wp-content/admin.php HTTP/1.1" 404 17254 "-" "Mozilla/5.0 (Windows NT 10.0; Win64; x64) AppleWebKit/537.36 (KHTML, like Gecko) Chrome/120.0.0.0 Safari/537.36"
20.220.232.101 - - [21/Mar/2026:16:02:42 -0400] "GET /wp-includes/Requests/src/Response/about.php HTTP/1.1" 404 17357 "-" "Mozilla/5.0 (Windows NT 10.0; Win64; x64) AppleWebKit/537.36 (KHTML, like Gecko) Chrome/120.0.0.0 Safari/537.36"
20.220.232.101 - - [21/Mar/2026:16:02:42 -0400] "GET /abcd.php HTTP/1.1" 404 17254 "-" "Mozilla/5.0 (Windows NT 10.0; Win64; x64) AppleWebKit/537.36 (KHTML, like Gecko) Chrome/120.0.0.0 Safari/537.36"
20.220.232.101 - - [21/Mar/2026:16:02:43 -0400] "GET /wp-includes/PHPMailer/ HTTP/1.1" 404 17254 "-" "Mozilla/5.0 (Windows NT 10.0; Win64; x64) AppleWebKit/537.36 (KHTML, like Gecko) Chrome/120.0.0.0 Safari/537.36"
20.220.232.101 - - [21/Mar/2026:16:02:43 -0400] "GET /wp-includes/ HTTP/1.1" 404 17254 "-" "Mozilla/5.0 (Windows NT 10.0; Win64; x64) AppleWebKit/537.36 (KHTML, like Gecko) Chrome/120.0.0.0 Safari/537.36"
20.220.232.101 - - [21/Mar/2026:16:02:43 -0400] "GET /wp-admin/js/ HTTP/1.1" 404 17254 "-" "Mozilla/5.0 (Windows NT 10.0; Win64; x64) AppleWebKit/537.36 (KHTML, like Gecko) Chrome/120.0.0.0 Safari/537.36"
20.220.232.101 - - [21/Mar/2026:16:02:44 -0400] "GET /wp-admin/network/index.php HTTP/1.1" 301 - "-" "Mozilla/5.0 (Windows NT 10.0; Win64; x64) AppleWebKit/537.36 (KHTML, like Gecko) Chrome/120.0.0.0 Safari/537.36"
20.220.232.101 - - [21/Mar/2026:16:02:44 -0400] "GET /222.php HTTP/1.1" 404 17254 "-" "Mozilla/5.0 (Windows NT 10.0; Win64; x64) AppleWebKit/537.36 (KHTML, like Gecko) Chrome/120.0.0.0 Safari/537.36"
20.220.232.101 - - [21/Mar/2026:16:02:44 -0400] "GET /wp-content/themes/ HTTP/1.1" 404 17254 "-" "Mozilla/5.0 (Windows NT 10.0; Win64; x64) AppleWebKit/537.36 (KHTML, like Gecko) Chrome/120.0.0.0 Safari/537.36"
20.220.232.101 - - [21/Mar/2026:16:02:45 -0400] "GET /wp-includes/ID3/?p= HTTP/1.1" 301 - "-" "Mozilla/5.0 (Windows NT 10.0; Win64; x64) AppleWebKit/537.36 (KHTML, like Gecko) Chrome/120.0.0.0 Safari/537.36"
20.220.232.101 - - [21/Mar/2026:16:02:45 -0400] "GET /test1.php HTTP/1.1" 404 17254 "-" "Mozilla/5.0 (Windows NT 10.0; Win64; x64) AppleWebKit/537.36 (KHTML, like Gecko) Chrome/120.0.0.0 Safari/537.36"
20.220.232.101 - - [21/Mar/2026:16:02:45 -0400] "GET /wp-good.php HTTP/1.1" 404 17254 "-" "Mozilla/5.0 (Windows NT 10.0; Win64; x64) AppleWebKit/537.36 (KHTML, like Gecko) Chrome/120.0.0.0 Safari/537.36"
20.220.232.101 - - [21/Mar/2026:16:02:45 -0400] "GET /wp-admin/js/widgets/ HTTP/1.1" 404 17357 "-" "Mozilla/5.0 (Windows NT 10.0; Win64; x64) AppleWebKit/537.36 (KHTML, like Gecko) Chrome/120.0.0.0 Safari/537.36"
